{"id":1062,"date":"2020-09-21T12:11:58","date_gmt":"2020-09-21T15:11:58","guid":{"rendered":"https:\/\/scemt.org\/?page_id=1062"},"modified":"2020-09-21T12:12:00","modified_gmt":"2020-09-21T15:12:00","slug":"21-de-septiembre-dia-mundial-del-alzheimer","status":"publish","type":"page","link":"https:\/\/scemt.org\/?page_id=1062","title":{"rendered":"21 de Septiembre: D\u00eda Mundial del Alzheimer"},"content":{"rendered":"\n<figure class=\"wp-block-image size-large\"><img loading=\"lazy\" decoding=\"async\" width=\"1024\" height=\"1024\" src=\"https:\/\/scemt.org\/wp-content\/uploads\/2020\/09\/efemeride-alzheimer-1024x1024.png\" alt=\"\" class=\"wp-image-1063\" srcset=\"https:\/\/scemt.org\/wp-content\/uploads\/2020\/09\/efemeride-alzheimer-1024x1024.png 1024w, https:\/\/scemt.org\/wp-content\/uploads\/2020\/09\/efemeride-alzheimer-300x300.png 300w, https:\/\/scemt.org\/wp-content\/uploads\/2020\/09\/efemeride-alzheimer-150x150.png 150w, https:\/\/scemt.org\/wp-content\/uploads\/2020\/09\/efemeride-alzheimer-768x768.png 768w, https:\/\/scemt.org\/wp-content\/uploads\/2020\/09\/efemeride-alzheimer-160x160.png 160w, https:\/\/scemt.org\/wp-content\/uploads\/2020\/09\/efemeride-alzheimer-320x320.png 320w, https:\/\/scemt.org\/wp-content\/uploads\/2020\/09\/efemeride-alzheimer.png 1440w\" sizes=\"auto, (max-width: 1024px) 100vw, 1024px\" \/><\/figure>\n\n\n<p>Este d\u00eda se conmemora para concientizar a la poblaci\u00f3n acerca de esta enfermedad. Al no tener cura, sus objetivos primordiales son la educaci\u00f3n y control de la enfermedad como as\u00ed tambi\u00e9n la creaci\u00f3n de leyes que protejan a las personas que la padecen.<\/p>\n<p>El mal de Alzheimer es la forma m\u00e1s com\u00fan de\u00a0demencia\u00a0entre las personas mayores. Suele comenzar despu\u00e9s de los 60 a\u00f1os y el riesgo de padecerla aumenta a medida que la persona envejece. Es un trastorno progresivo que hace que las c\u00e9lulas del cerebro se consuman (degeneren) y mueran.<\/p>\n<p>Comienza lentamente, primero afecta las partes del cerebro que controlan el pensamiento, la memoria y el lenguaje, llegando la persona a tener dificultades para recordar cosas que ocurrieron en forma reciente o los nombres de personas que conocen. Con el tiempo sus s\u00edntomas empeoran a tal punto de necesitar cuidados totales.<\/p>\n<p>La p\u00e9rdida de la memoria es el s\u00edntoma clave de la enfermedad de Alzheimer, manifestada por la dificultad para recordar eventos o conversaciones recientes. A medida que la enfermedad avanza, las alteraciones de la memoria empeoran y se manifiestan otros s\u00edntomas.<\/p>\n<p>Una parte fundamental de la evaluaci\u00f3n diagn\u00f3stica son los s\u00edntomas que manifiesta la propia persona, as\u00ed como la informaci\u00f3n que un familiar cercano o un amigo puede brindar. Adem\u00e1s, el m\u00e9dico realiza pruebas vinculadas a la evaluaci\u00f3n de la memoria y las capacidades cognitivas. El laboratorio y diagn\u00f3stico por im\u00e1genes pueden descartar otras causas posibles o contribuir a que el m\u00e9dico describa mejor las caracter\u00edsticas de la enfermedad que causa los s\u00edntomas de demencia. Aun as\u00ed, el Alzheimer se puede diagnosticar con total certeza luego de la muerte, momento en que el examen con microscopio del cerebro revela las placas y los ovillos caracter\u00edsticos.<\/p>\n<p>Ning\u00fan medicamento puede detener la enfermedad. Sin embargo, algunos f\u00e1rmacos pueden ayudar a impedir por un tiempo limitado que los s\u00edntomas empeoren. Parte fundamental del tratamiento es adaptar la situaci\u00f3n de vida a las necesidades de una persona con enfermedad de Alzheimer. Para estos pacientes establecer y fortalecer los h\u00e1bitos de rutina y minimizar las tareas que demandan memoria puede hacer la vida mucho m\u00e1s f\u00e1cil.<\/p>\n<p style=\"text-align: center;\"><em>&lt;&lt; La dependencia fuera de la ley. &gt;&gt;<\/em><\/p>\n<p>\u00a0<\/p>","protected":false},"excerpt":{"rendered":"<p>Este d\u00eda se conmemora para concientizar a la poblaci\u00f3n acerca de esta enfermedad. Al no tener cura, sus objetivos primordiales son la educaci\u00f3n y control de la enfermedad como as\u00ed tambi\u00e9n la creaci\u00f3n de&#46;&#46;&#46;<\/p>\n","protected":false},"author":1,"featured_media":0,"parent":0,"menu_order":0,"comment_status":"closed","ping_status":"closed","template":"","meta":{"_mc_calendar":[],"footnotes":""},"class_list":["post-1062","page","type-page","status-publish","hentry"],"yoast_head":"<!-- This site is optimized with the Yoast SEO plugin v25.2 - https:\/\/yoast.com\/wordpress\/plugins\/seo\/ -->\n<title>21 de Septiembre: D\u00eda Mundial del Alzheimer - SCEMT<\/title>\n<meta name=\"robots\" content=\"index, follow, max-snippet:-1, max-image-preview:large, max-video-preview:-1\" \/>\n<link rel=\"canonical\" href=\"https:\/\/scemt.org\/?page_id=1062\" \/>\n<meta property=\"og:locale\" content=\"es_ES\" \/>\n<meta property=\"og:type\" content=\"article\" \/>\n<meta property=\"og:title\" content=\"21 de Septiembre: D\u00eda Mundial del Alzheimer - SCEMT\" \/>\n<meta property=\"og:description\" content=\"Este d\u00eda se conmemora para concientizar a la poblaci\u00f3n acerca de esta enfermedad. Al no tener cura, sus objetivos primordiales son la educaci\u00f3n y control de la enfermedad como as\u00ed tambi\u00e9n la creaci\u00f3n de&#046;&#046;&#046;\" \/>\n<meta property=\"og:url\" content=\"https:\/\/scemt.org\/?page_id=1062\" \/>\n<meta property=\"og:site_name\" content=\"SCEMT\" \/>\n<meta property=\"article:modified_time\" content=\"2020-09-21T15:12:00+00:00\" \/>\n<meta property=\"og:image\" content=\"https:\/\/scemt.org\/wp-content\/uploads\/2020\/09\/efemeride-alzheimer.png\" \/>\n\t<meta property=\"og:image:width\" content=\"1440\" \/>\n\t<meta property=\"og:image:height\" content=\"1440\" \/>\n\t<meta property=\"og:image:type\" content=\"image\/png\" \/>\n<meta name=\"twitter:card\" content=\"summary_large_image\" \/>\n<meta name=\"twitter:label1\" content=\"Tiempo de lectura\" \/>\n\t<meta name=\"twitter:data1\" content=\"2 minutos\" \/>\n<script type=\"application\/ld+json\" class=\"yoast-schema-graph\">{\"@context\":\"https:\/\/schema.org\",\"@graph\":[{\"@type\":\"WebPage\",\"@id\":\"https:\/\/scemt.org\/?page_id=1062\",\"url\":\"https:\/\/scemt.org\/?page_id=1062\",\"name\":\"21 de Septiembre: D\u00eda Mundial del Alzheimer - SCEMT\",\"isPartOf\":{\"@id\":\"https:\/\/scemt.org\/#website\"},\"primaryImageOfPage\":{\"@id\":\"https:\/\/scemt.org\/?page_id=1062#primaryimage\"},\"image\":{\"@id\":\"https:\/\/scemt.org\/?page_id=1062#primaryimage\"},\"thumbnailUrl\":\"https:\/\/scemt.org\/wp-content\/uploads\/2020\/09\/efemeride-alzheimer-1024x1024.png\",\"datePublished\":\"2020-09-21T15:11:58+00:00\",\"dateModified\":\"2020-09-21T15:12:00+00:00\",\"breadcrumb\":{\"@id\":\"https:\/\/scemt.org\/?page_id=1062#breadcrumb\"},\"inLanguage\":\"es-AR\",\"potentialAction\":[{\"@type\":\"ReadAction\",\"target\":[\"https:\/\/scemt.org\/?page_id=1062\"]}]},{\"@type\":\"ImageObject\",\"inLanguage\":\"es-AR\",\"@id\":\"https:\/\/scemt.org\/?page_id=1062#primaryimage\",\"url\":\"https:\/\/scemt.org\/wp-content\/uploads\/2020\/09\/efemeride-alzheimer.png\",\"contentUrl\":\"https:\/\/scemt.org\/wp-content\/uploads\/2020\/09\/efemeride-alzheimer.png\",\"width\":1440,\"height\":1440},{\"@type\":\"BreadcrumbList\",\"@id\":\"https:\/\/scemt.org\/?page_id=1062#breadcrumb\",\"itemListElement\":[{\"@type\":\"ListItem\",\"position\":1,\"name\":\"Inicio\",\"item\":\"https:\/\/scemt.org\/\"},{\"@type\":\"ListItem\",\"position\":2,\"name\":\"21 de Septiembre: D\u00eda Mundial del Alzheimer\"}]},{\"@type\":\"WebSite\",\"@id\":\"https:\/\/scemt.org\/#website\",\"url\":\"https:\/\/scemt.org\/\",\"name\":\"SCEMT\",\"description\":\"Sociedad Cient\u00edfica de Estudiantes de Medicina de Tucum\u00e1n\",\"publisher\":{\"@id\":\"https:\/\/scemt.org\/#organization\"},\"potentialAction\":[{\"@type\":\"SearchAction\",\"target\":{\"@type\":\"EntryPoint\",\"urlTemplate\":\"https:\/\/scemt.org\/?s={search_term_string}\"},\"query-input\":{\"@type\":\"PropertyValueSpecification\",\"valueRequired\":true,\"valueName\":\"search_term_string\"}}],\"inLanguage\":\"es-AR\"},{\"@type\":\"Organization\",\"@id\":\"https:\/\/scemt.org\/#organization\",\"name\":\"SCEMT\",\"url\":\"https:\/\/scemt.org\/\",\"logo\":{\"@type\":\"ImageObject\",\"inLanguage\":\"es-AR\",\"@id\":\"https:\/\/scemt.org\/#\/schema\/logo\/image\/\",\"url\":\"https:\/\/scemt.org\/wp-content\/uploads\/2023\/03\/Logo-SCEMT.png\",\"contentUrl\":\"https:\/\/scemt.org\/wp-content\/uploads\/2023\/03\/Logo-SCEMT.png\",\"width\":3794,\"height\":4393,\"caption\":\"SCEMT\"},\"image\":{\"@id\":\"https:\/\/scemt.org\/#\/schema\/logo\/image\/\"}}]}<\/script>\n<!-- \/ Yoast SEO plugin. -->","yoast_head_json":{"title":"21 de Septiembre: D\u00eda Mundial del Alzheimer - SCEMT","robots":{"index":"index","follow":"follow","max-snippet":"max-snippet:-1","max-image-preview":"max-image-preview:large","max-video-preview":"max-video-preview:-1"},"canonical":"https:\/\/scemt.org\/?page_id=1062","og_locale":"es_ES","og_type":"article","og_title":"21 de Septiembre: D\u00eda Mundial del Alzheimer - SCEMT","og_description":"Este d\u00eda se conmemora para concientizar a la poblaci\u00f3n acerca de esta enfermedad. Al no tener cura, sus objetivos primordiales son la educaci\u00f3n y control de la enfermedad como as\u00ed tambi\u00e9n la creaci\u00f3n de&#46;&#46;&#46;","og_url":"https:\/\/scemt.org\/?page_id=1062","og_site_name":"SCEMT","article_modified_time":"2020-09-21T15:12:00+00:00","og_image":[{"width":1440,"height":1440,"url":"https:\/\/scemt.org\/wp-content\/uploads\/2020\/09\/efemeride-alzheimer.png","type":"image\/png"}],"twitter_card":"summary_large_image","twitter_misc":{"Tiempo de lectura":"2 minutos"},"schema":{"@context":"https:\/\/schema.org","@graph":[{"@type":"WebPage","@id":"https:\/\/scemt.org\/?page_id=1062","url":"https:\/\/scemt.org\/?page_id=1062","name":"21 de Septiembre: D\u00eda Mundial del Alzheimer - SCEMT","isPartOf":{"@id":"https:\/\/scemt.org\/#website"},"primaryImageOfPage":{"@id":"https:\/\/scemt.org\/?page_id=1062#primaryimage"},"image":{"@id":"https:\/\/scemt.org\/?page_id=1062#primaryimage"},"thumbnailUrl":"https:\/\/scemt.org\/wp-content\/uploads\/2020\/09\/efemeride-alzheimer-1024x1024.png","datePublished":"2020-09-21T15:11:58+00:00","dateModified":"2020-09-21T15:12:00+00:00","breadcrumb":{"@id":"https:\/\/scemt.org\/?page_id=1062#breadcrumb"},"inLanguage":"es-AR","potentialAction":[{"@type":"ReadAction","target":["https:\/\/scemt.org\/?page_id=1062"]}]},{"@type":"ImageObject","inLanguage":"es-AR","@id":"https:\/\/scemt.org\/?page_id=1062#primaryimage","url":"https:\/\/scemt.org\/wp-content\/uploads\/2020\/09\/efemeride-alzheimer.png","contentUrl":"https:\/\/scemt.org\/wp-content\/uploads\/2020\/09\/efemeride-alzheimer.png","width":1440,"height":1440},{"@type":"BreadcrumbList","@id":"https:\/\/scemt.org\/?page_id=1062#breadcrumb","itemListElement":[{"@type":"ListItem","position":1,"name":"Inicio","item":"https:\/\/scemt.org\/"},{"@type":"ListItem","position":2,"name":"21 de Septiembre: D\u00eda Mundial del Alzheimer"}]},{"@type":"WebSite","@id":"https:\/\/scemt.org\/#website","url":"https:\/\/scemt.org\/","name":"SCEMT","description":"Sociedad Cient\u00edfica de Estudiantes de Medicina de Tucum\u00e1n","publisher":{"@id":"https:\/\/scemt.org\/#organization"},"potentialAction":[{"@type":"SearchAction","target":{"@type":"EntryPoint","urlTemplate":"https:\/\/scemt.org\/?s={search_term_string}"},"query-input":{"@type":"PropertyValueSpecification","valueRequired":true,"valueName":"search_term_string"}}],"inLanguage":"es-AR"},{"@type":"Organization","@id":"https:\/\/scemt.org\/#organization","name":"SCEMT","url":"https:\/\/scemt.org\/","logo":{"@type":"ImageObject","inLanguage":"es-AR","@id":"https:\/\/scemt.org\/#\/schema\/logo\/image\/","url":"https:\/\/scemt.org\/wp-content\/uploads\/2023\/03\/Logo-SCEMT.png","contentUrl":"https:\/\/scemt.org\/wp-content\/uploads\/2023\/03\/Logo-SCEMT.png","width":3794,"height":4393,"caption":"SCEMT"},"image":{"@id":"https:\/\/scemt.org\/#\/schema\/logo\/image\/"}}]}},"jetpack_sharing_enabled":true,"_links":{"self":[{"href":"https:\/\/scemt.org\/index.php?rest_route=\/wp\/v2\/pages\/1062","targetHints":{"allow":["GET"]}}],"collection":[{"href":"https:\/\/scemt.org\/index.php?rest_route=\/wp\/v2\/pages"}],"about":[{"href":"https:\/\/scemt.org\/index.php?rest_route=\/wp\/v2\/types\/page"}],"author":[{"embeddable":true,"href":"https:\/\/scemt.org\/index.php?rest_route=\/wp\/v2\/users\/1"}],"replies":[{"embeddable":true,"href":"https:\/\/scemt.org\/index.php?rest_route=%2Fwp%2Fv2%2Fcomments&post=1062"}],"version-history":[{"count":1,"href":"https:\/\/scemt.org\/index.php?rest_route=\/wp\/v2\/pages\/1062\/revisions"}],"predecessor-version":[{"id":1064,"href":"https:\/\/scemt.org\/index.php?rest_route=\/wp\/v2\/pages\/1062\/revisions\/1064"}],"wp:attachment":[{"href":"https:\/\/scemt.org\/index.php?rest_route=%2Fwp%2Fv2%2Fmedia&parent=1062"}],"curies":[{"name":"wp","href":"https:\/\/api.w.org\/{rel}","templated":true}]}}

21 de Septiembre: Día Mundial del Alzheimer

<figure class="wp-block-image size-large"><img loading="lazy" decoding="async" width="1024" height="1024" src="https://scemt.org/wp-content/uploads/2020/09/efemeride-alzheimer-1024x1024.png" alt="" class="wp-image-1063" srcset="https://scemt.org/wp-content/uploads/2020/09/efemeride-alzheimer-1024x1024.png 1024w, https://scemt.org/wp-content/uploads/2020/09/efemeride-alzheimer-300x300.png 300w, https://scemt.org/wp-content/uploads/2020/09/efemeride-alzheimer-150x150.png 150w, https://scemt.org/wp-content/uploads/2020/09/efemeride-alzheimer-768x768.png 768w, https://scemt.org/wp-content/uploads/2020/09/efemeride-alzheimer-160x160.png 160w, https://scemt.org/wp-content/uploads/2020/09/efemeride-alzheimer-320x320.png 320w, https://scemt.org/wp-content/uploads/2020/09/efemeride-alzheimer.png 1440w" sizes="auto, (max-width: 1024px) 100vw, 1024px" /></figure>


<p>Este día se conmemora para concientizar a la población acerca de esta enfermedad. Al no tener cura, sus objetivos primordiales son la educación y control de la enfermedad como así también la creación de leyes que protejan a las personas que la padecen.</p>
<p>El mal de Alzheimer es la forma más común de demencia entre las personas mayores. Suele comenzar después de los 60 años y el riesgo de padecerla aumenta a medida que la persona envejece. Es un trastorno progresivo que hace que las células del cerebro se consuman (degeneren) y mueran.</p>
<p>Comienza lentamente, primero afecta las partes del cerebro que controlan el pensamiento, la memoria y el lenguaje, llegando la persona a tener dificultades para recordar cosas que ocurrieron en forma reciente o los nombres de personas que conocen. Con el tiempo sus síntomas empeoran a tal punto de necesitar cuidados totales.</p>
<p>La pérdida de la memoria es el síntoma clave de la enfermedad de Alzheimer, manifestada por la dificultad para recordar eventos o conversaciones recientes. A medida que la enfermedad avanza, las alteraciones de la memoria empeoran y se manifiestan otros síntomas.</p>
<p>Una parte fundamental de la evaluación diagnóstica son los síntomas que manifiesta la propia persona, así como la información que un familiar cercano o un amigo puede brindar. Además, el médico realiza pruebas vinculadas a la evaluación de la memoria y las capacidades cognitivas. El laboratorio y diagnóstico por imágenes pueden descartar otras causas posibles o contribuir a que el médico describa mejor las características de la enfermedad que causa los síntomas de demencia. Aun así, el Alzheimer se puede diagnosticar con total certeza luego de la muerte, momento en que el examen con microscopio del cerebro revela las placas y los ovillos característicos.</p>
<p>Ningún medicamento puede detener la enfermedad. Sin embargo, algunos fármacos pueden ayudar a impedir por un tiempo limitado que los síntomas empeoren. Parte fundamental del tratamiento es adaptar la situación de vida a las necesidades de una persona con enfermedad de Alzheimer. Para estos pacientes establecer y fortalecer los hábitos de rutina y minimizar las tareas que demandan memoria puede hacer la vida mucho más fácil.</p>
<p style="text-align: center;"><em>&lt;&lt; La dependencia fuera de la ley. &gt;&gt;</em></p>
<p> </p>

<p>Este día se conmemora para concientizar a la población acerca de esta enfermedad. Al no tener cura, sus objetivos primordiales son la educación y control de la enfermedad como así también la creación de&#46;&#46;&#46;</p>

<!-- This site is optimized with the Yoast SEO plugin v25.2 - https://yoast.com/wordpress/plugins/seo/ -->
<title>21 de Septiembre: Día Mundial del Alzheimer - SCEMT</title>
<meta name="robots" content="index, follow, max-snippet:-1, max-image-preview:large, max-video-preview:-1" />
<link rel="canonical" href="https://scemt.org/?page_id=1062" />
<meta property="og:locale" content="es_ES" />
<meta property="og:type" content="article" />
<meta property="og:title" content="21 de Septiembre: Día Mundial del Alzheimer - SCEMT" />
<meta property="og:description" content="Este día se conmemora para concientizar a la población acerca de esta enfermedad. Al no tener cura, sus objetivos primordiales son la educación y control de la enfermedad como así también la creación de&#046;&#046;&#046;" />
<meta property="og:url" content="https://scemt.org/?page_id=1062" />
<meta property="og:site_name" content="SCEMT" />
<meta property="article:modified_time" content="2020-09-21T15:12:00+00:00" />
<meta property="og:image" content="https://scemt.org/wp-content/uploads/2020/09/efemeride-alzheimer.png" />
	<meta property="og:image:width" content="1440" />
	<meta property="og:image:height" content="1440" />
	<meta property="og:image:type" content="image/png" />
<meta name="twitter:card" content="summary_large_image" />
<meta name="twitter:label1" content="Tiempo de lectura" />
	<meta name="twitter:data1" content="2 minutos" />
<script type="application/ld+json" class="yoast-schema-graph">{"@context":"https://schema.org","@graph":[{"@type":"WebPage","@id":"https://scemt.org/?page_id=1062","url":"https://scemt.org/?page_id=1062","name":"21 de Septiembre: Día Mundial del Alzheimer - SCEMT","isPartOf":{"@id":"https://scemt.org/#website"},"primaryImageOfPage":{"@id":"https://scemt.org/?page_id=1062#primaryimage"},"image":{"@id":"https://scemt.org/?page_id=1062#primaryimage"},"thumbnailUrl":"https://scemt.org/wp-content/uploads/2020/09/efemeride-alzheimer-1024x1024.png","datePublished":"2020-09-21T15:11:58+00:00","dateModified":"2020-09-21T15:12:00+00:00","breadcrumb":{"@id":"https://scemt.org/?page_id=1062#breadcrumb"},"inLanguage":"es-AR","potentialAction":[{"@type":"ReadAction","target":["https://scemt.org/?page_id=1062"]}]},{"@type":"ImageObject","inLanguage":"es-AR","@id":"https://scemt.org/?page_id=1062#primaryimage","url":"https://scemt.org/wp-content/uploads/2020/09/efemeride-alzheimer.png","contentUrl":"https://scemt.org/wp-content/uploads/2020/09/efemeride-alzheimer.png","width":1440,"height":1440},{"@type":"BreadcrumbList","@id":"https://scemt.org/?page_id=1062#breadcrumb","itemListElement":[{"@type":"ListItem","position":1,"name":"Inicio","item":"https://scemt.org/"},{"@type":"ListItem","position":2,"name":"21 de Septiembre: Día Mundial del Alzheimer"}]},{"@type":"WebSite","@id":"https://scemt.org/#website","url":"https://scemt.org/","name":"SCEMT","description":"Sociedad Científica de Estudiantes de Medicina de Tucumán","publisher":{"@id":"https://scemt.org/#organization"},"potentialAction":[{"@type":"SearchAction","target":{"@type":"EntryPoint","urlTemplate":"https://scemt.org/?s={search_term_string}"},"query-input":{"@type":"PropertyValueSpecification","valueRequired":true,"valueName":"search_term_string"}}],"inLanguage":"es-AR"},{"@type":"Organization","@id":"https://scemt.org/#organization","name":"SCEMT","url":"https://scemt.org/","logo":{"@type":"ImageObject","inLanguage":"es-AR","@id":"https://scemt.org/#/schema/logo/image/","url":"https://scemt.org/wp-content/uploads/2023/03/Logo-SCEMT.png","contentUrl":"https://scemt.org/wp-content/uploads/2023/03/Logo-SCEMT.png","width":3794,"height":4393,"caption":"SCEMT"},"image":{"@id":"https://scemt.org/#/schema/logo/image/"}}]}</script>
<!-- / Yoast SEO plugin. -->

21 de Septiembre: Día Mundial del Alzheimer - SCEMT

Este día se conmemora para concientizar a la población acerca de esta enfermedad. Al no tener cura, sus objetivos primordiales son la educación y control de la enfermedad como así también la creación de&#46;&#46;&#46;

Sociedad Científica de Estudiantes de Medicina de Tucumán
