{"id":1098,"date":"2020-10-24T13:48:18","date_gmt":"2020-10-24T16:48:18","guid":{"rendered":"https:\/\/scemt.org\/?page_id=1098"},"modified":"2020-10-24T13:48:20","modified_gmt":"2020-10-24T16:48:20","slug":"24-de-octubre-dia-mundial-de-la-lucha-contra-la-poliomielitis","status":"publish","type":"page","link":"https:\/\/scemt.org\/?page_id=1098","title":{"rendered":"24 de Octubre: D\u00eda Mundial de la Lucha contra la Poliomielitis"},"content":{"rendered":"\n<figure class=\"wp-block-image size-large\"><img loading=\"lazy\" decoding=\"async\" width=\"1024\" height=\"858\" src=\"https:\/\/scemt.org\/wp-content\/uploads\/2020\/10\/20201022_231454_0000-1024x858.png\" alt=\"\" class=\"wp-image-1099\" srcset=\"https:\/\/scemt.org\/wp-content\/uploads\/2020\/10\/20201022_231454_0000-1024x858.png 1024w, https:\/\/scemt.org\/wp-content\/uploads\/2020\/10\/20201022_231454_0000-300x251.png 300w, https:\/\/scemt.org\/wp-content\/uploads\/2020\/10\/20201022_231454_0000-768x644.png 768w, https:\/\/scemt.org\/wp-content\/uploads\/2020\/10\/20201022_231454_0000-1536x1288.png 1536w, https:\/\/scemt.org\/wp-content\/uploads\/2020\/10\/20201022_231454_0000.png 1880w\" sizes=\"auto, (max-width: 1024px) 100vw, 1024px\" \/><\/figure>\n\n\n<p>Este d\u00eda fue establecido por el Rotary International hace m\u00e1s de una d\u00e9cada para conmemorar el nacimiento de Jonas Salk, quien dirigi\u00f3 el primer equipo para desarrollar una vacuna contra la poliomielitis.<\/p>\n<p>La poliomielitis es una enfermedad muy contagiosa causada por el Virus Polio (Picornaviridae, Enterovirus) que invade el sistema nervioso y puede causar par\u00e1lisis en cuesti\u00f3n de horas. Uno de cada 200 infectados desarrollar\u00e1 par\u00e1lisis fl\u00e1cida aguda (PFA) irreversible, afectando principalmente a los miembros inferiores y un 5-10% fallece por par\u00e1lisis de los m\u00fasculos respiratorios.<\/p>\n<p>El virus se transmite de persona a persona, principalmente por v\u00eda fecal-oral y, con menos frecuencia, a trav\u00e9s de un veh\u00edculo como el agua o los alimentos contaminados. La mayor\u00eda de los infectados son asintom\u00e1ticos (72%) y en los que se presentan s\u00edntomas se observa fiebre, cansancio, cefalea, v\u00f3mitos, rigidez del cuello y dolores en los miembros. Afecta sobre todo a los menores de 5 a\u00f1os.<\/p>\n<p>Es una enfermedad que NO TIENE CURA, PERO ES PREVENIBLE CON VACUNAS. La aplicaci\u00f3n de la vacuna antipoliomiel\u00edtica (oral e inactivada) redujo dram\u00e1ticamente la poliomielitis paral\u00edtica, transform\u00e1ndose en uno de los programas de salud p\u00fablica m\u00e1s exitoso.<\/p>\n<p>Para lograr la erradicaci\u00f3n, es necesario que no existan casos por el poliovirus salvaje y tampoco casos asociados o derivados de la vacuna, para lo cual se debe reemplazar el uso de la vacuna SABIN oral (OPV por sus siglas en ingl\u00e9s), que contiene el virus atenuado, por la inactivada o SALK (IPV).<\/p>\n<p>Es por esto que a partir de este a\u00f1o se cambi\u00f3 el esquema de vacunaci\u00f3n que de un esquema secuencial actual de vacuna antipoliomilitica a un esquema completo con IPV o SALK, acerc\u00e1ndonos un poco m\u00e1s a la erradicaci\u00f3n completa del virus.<\/p>\n<p style=\"text-align: center;\"><em>&lt;&lt; La vacunaci\u00f3n es la mejor opci\u00f3n. &gt;&gt;<\/em><\/p>","protected":false},"excerpt":{"rendered":"<p>Este d\u00eda fue establecido por el Rotary International hace m\u00e1s de una d\u00e9cada para conmemorar el nacimiento de Jonas Salk, quien dirigi\u00f3 el primer equipo para desarrollar una vacuna contra la poliomielitis. La poliomielitis&#46;&#46;&#46;<\/p>\n","protected":false},"author":1,"featured_media":0,"parent":0,"menu_order":0,"comment_status":"closed","ping_status":"closed","template":"","meta":{"_mc_calendar":[],"footnotes":""},"class_list":["post-1098","page","type-page","status-publish","hentry"],"yoast_head":"<!-- This site is optimized with the Yoast SEO plugin v25.2 - https:\/\/yoast.com\/wordpress\/plugins\/seo\/ -->\n<title>24 de Octubre: D\u00eda Mundial de la Lucha contra la Poliomielitis - SCEMT<\/title>\n<meta name=\"robots\" content=\"index, follow, max-snippet:-1, max-image-preview:large, max-video-preview:-1\" \/>\n<link rel=\"canonical\" href=\"https:\/\/scemt.org\/?page_id=1098\" \/>\n<meta property=\"og:locale\" content=\"es_ES\" \/>\n<meta property=\"og:type\" content=\"article\" \/>\n<meta property=\"og:title\" content=\"24 de Octubre: D\u00eda Mundial de la Lucha contra la Poliomielitis - SCEMT\" \/>\n<meta property=\"og:description\" content=\"Este d\u00eda fue establecido por el Rotary International hace m\u00e1s de una d\u00e9cada para conmemorar el nacimiento de Jonas Salk, quien dirigi\u00f3 el primer equipo para desarrollar una vacuna contra la poliomielitis. La poliomielitis&#046;&#046;&#046;\" \/>\n<meta property=\"og:url\" content=\"https:\/\/scemt.org\/?page_id=1098\" \/>\n<meta property=\"og:site_name\" content=\"SCEMT\" \/>\n<meta property=\"article:modified_time\" content=\"2020-10-24T16:48:20+00:00\" \/>\n<meta property=\"og:image\" content=\"https:\/\/scemt.org\/wp-content\/uploads\/2020\/10\/20201022_231454_0000.png\" \/>\n\t<meta property=\"og:image:width\" content=\"1880\" \/>\n\t<meta property=\"og:image:height\" content=\"1576\" \/>\n\t<meta property=\"og:image:type\" content=\"image\/png\" \/>\n<meta name=\"twitter:card\" content=\"summary_large_image\" \/>\n<meta name=\"twitter:label1\" content=\"Tiempo de lectura\" \/>\n\t<meta name=\"twitter:data1\" content=\"2 minutos\" \/>\n<script type=\"application\/ld+json\" class=\"yoast-schema-graph\">{\"@context\":\"https:\/\/schema.org\",\"@graph\":[{\"@type\":\"WebPage\",\"@id\":\"https:\/\/scemt.org\/?page_id=1098\",\"url\":\"https:\/\/scemt.org\/?page_id=1098\",\"name\":\"24 de Octubre: D\u00eda Mundial de la Lucha contra la Poliomielitis - SCEMT\",\"isPartOf\":{\"@id\":\"https:\/\/scemt.org\/#website\"},\"primaryImageOfPage\":{\"@id\":\"https:\/\/scemt.org\/?page_id=1098#primaryimage\"},\"image\":{\"@id\":\"https:\/\/scemt.org\/?page_id=1098#primaryimage\"},\"thumbnailUrl\":\"https:\/\/scemt.org\/wp-content\/uploads\/2020\/10\/20201022_231454_0000-1024x858.png\",\"datePublished\":\"2020-10-24T16:48:18+00:00\",\"dateModified\":\"2020-10-24T16:48:20+00:00\",\"breadcrumb\":{\"@id\":\"https:\/\/scemt.org\/?page_id=1098#breadcrumb\"},\"inLanguage\":\"es-AR\",\"potentialAction\":[{\"@type\":\"ReadAction\",\"target\":[\"https:\/\/scemt.org\/?page_id=1098\"]}]},{\"@type\":\"ImageObject\",\"inLanguage\":\"es-AR\",\"@id\":\"https:\/\/scemt.org\/?page_id=1098#primaryimage\",\"url\":\"https:\/\/scemt.org\/wp-content\/uploads\/2020\/10\/20201022_231454_0000.png\",\"contentUrl\":\"https:\/\/scemt.org\/wp-content\/uploads\/2020\/10\/20201022_231454_0000.png\",\"width\":1880,\"height\":1576},{\"@type\":\"BreadcrumbList\",\"@id\":\"https:\/\/scemt.org\/?page_id=1098#breadcrumb\",\"itemListElement\":[{\"@type\":\"ListItem\",\"position\":1,\"name\":\"Inicio\",\"item\":\"https:\/\/scemt.org\/\"},{\"@type\":\"ListItem\",\"position\":2,\"name\":\"24 de Octubre: D\u00eda Mundial de la Lucha contra la Poliomielitis\"}]},{\"@type\":\"WebSite\",\"@id\":\"https:\/\/scemt.org\/#website\",\"url\":\"https:\/\/scemt.org\/\",\"name\":\"SCEMT\",\"description\":\"Sociedad Cient\u00edfica de Estudiantes de Medicina de Tucum\u00e1n\",\"publisher\":{\"@id\":\"https:\/\/scemt.org\/#organization\"},\"potentialAction\":[{\"@type\":\"SearchAction\",\"target\":{\"@type\":\"EntryPoint\",\"urlTemplate\":\"https:\/\/scemt.org\/?s={search_term_string}\"},\"query-input\":{\"@type\":\"PropertyValueSpecification\",\"valueRequired\":true,\"valueName\":\"search_term_string\"}}],\"inLanguage\":\"es-AR\"},{\"@type\":\"Organization\",\"@id\":\"https:\/\/scemt.org\/#organization\",\"name\":\"SCEMT\",\"url\":\"https:\/\/scemt.org\/\",\"logo\":{\"@type\":\"ImageObject\",\"inLanguage\":\"es-AR\",\"@id\":\"https:\/\/scemt.org\/#\/schema\/logo\/image\/\",\"url\":\"https:\/\/scemt.org\/wp-content\/uploads\/2023\/03\/Logo-SCEMT.png\",\"contentUrl\":\"https:\/\/scemt.org\/wp-content\/uploads\/2023\/03\/Logo-SCEMT.png\",\"width\":3794,\"height\":4393,\"caption\":\"SCEMT\"},\"image\":{\"@id\":\"https:\/\/scemt.org\/#\/schema\/logo\/image\/\"}}]}<\/script>\n<!-- \/ Yoast SEO plugin. -->","yoast_head_json":{"title":"24 de Octubre: D\u00eda Mundial de la Lucha contra la Poliomielitis - SCEMT","robots":{"index":"index","follow":"follow","max-snippet":"max-snippet:-1","max-image-preview":"max-image-preview:large","max-video-preview":"max-video-preview:-1"},"canonical":"https:\/\/scemt.org\/?page_id=1098","og_locale":"es_ES","og_type":"article","og_title":"24 de Octubre: D\u00eda Mundial de la Lucha contra la Poliomielitis - SCEMT","og_description":"Este d\u00eda fue establecido por el Rotary International hace m\u00e1s de una d\u00e9cada para conmemorar el nacimiento de Jonas Salk, quien dirigi\u00f3 el primer equipo para desarrollar una vacuna contra la poliomielitis. La poliomielitis&#46;&#46;&#46;","og_url":"https:\/\/scemt.org\/?page_id=1098","og_site_name":"SCEMT","article_modified_time":"2020-10-24T16:48:20+00:00","og_image":[{"width":1880,"height":1576,"url":"https:\/\/scemt.org\/wp-content\/uploads\/2020\/10\/20201022_231454_0000.png","type":"image\/png"}],"twitter_card":"summary_large_image","twitter_misc":{"Tiempo de lectura":"2 minutos"},"schema":{"@context":"https:\/\/schema.org","@graph":[{"@type":"WebPage","@id":"https:\/\/scemt.org\/?page_id=1098","url":"https:\/\/scemt.org\/?page_id=1098","name":"24 de Octubre: D\u00eda Mundial de la Lucha contra la Poliomielitis - SCEMT","isPartOf":{"@id":"https:\/\/scemt.org\/#website"},"primaryImageOfPage":{"@id":"https:\/\/scemt.org\/?page_id=1098#primaryimage"},"image":{"@id":"https:\/\/scemt.org\/?page_id=1098#primaryimage"},"thumbnailUrl":"https:\/\/scemt.org\/wp-content\/uploads\/2020\/10\/20201022_231454_0000-1024x858.png","datePublished":"2020-10-24T16:48:18+00:00","dateModified":"2020-10-24T16:48:20+00:00","breadcrumb":{"@id":"https:\/\/scemt.org\/?page_id=1098#breadcrumb"},"inLanguage":"es-AR","potentialAction":[{"@type":"ReadAction","target":["https:\/\/scemt.org\/?page_id=1098"]}]},{"@type":"ImageObject","inLanguage":"es-AR","@id":"https:\/\/scemt.org\/?page_id=1098#primaryimage","url":"https:\/\/scemt.org\/wp-content\/uploads\/2020\/10\/20201022_231454_0000.png","contentUrl":"https:\/\/scemt.org\/wp-content\/uploads\/2020\/10\/20201022_231454_0000.png","width":1880,"height":1576},{"@type":"BreadcrumbList","@id":"https:\/\/scemt.org\/?page_id=1098#breadcrumb","itemListElement":[{"@type":"ListItem","position":1,"name":"Inicio","item":"https:\/\/scemt.org\/"},{"@type":"ListItem","position":2,"name":"24 de Octubre: D\u00eda Mundial de la Lucha contra la Poliomielitis"}]},{"@type":"WebSite","@id":"https:\/\/scemt.org\/#website","url":"https:\/\/scemt.org\/","name":"SCEMT","description":"Sociedad Cient\u00edfica de Estudiantes de Medicina de Tucum\u00e1n","publisher":{"@id":"https:\/\/scemt.org\/#organization"},"potentialAction":[{"@type":"SearchAction","target":{"@type":"EntryPoint","urlTemplate":"https:\/\/scemt.org\/?s={search_term_string}"},"query-input":{"@type":"PropertyValueSpecification","valueRequired":true,"valueName":"search_term_string"}}],"inLanguage":"es-AR"},{"@type":"Organization","@id":"https:\/\/scemt.org\/#organization","name":"SCEMT","url":"https:\/\/scemt.org\/","logo":{"@type":"ImageObject","inLanguage":"es-AR","@id":"https:\/\/scemt.org\/#\/schema\/logo\/image\/","url":"https:\/\/scemt.org\/wp-content\/uploads\/2023\/03\/Logo-SCEMT.png","contentUrl":"https:\/\/scemt.org\/wp-content\/uploads\/2023\/03\/Logo-SCEMT.png","width":3794,"height":4393,"caption":"SCEMT"},"image":{"@id":"https:\/\/scemt.org\/#\/schema\/logo\/image\/"}}]}},"jetpack_sharing_enabled":true,"_links":{"self":[{"href":"https:\/\/scemt.org\/index.php?rest_route=\/wp\/v2\/pages\/1098","targetHints":{"allow":["GET"]}}],"collection":[{"href":"https:\/\/scemt.org\/index.php?rest_route=\/wp\/v2\/pages"}],"about":[{"href":"https:\/\/scemt.org\/index.php?rest_route=\/wp\/v2\/types\/page"}],"author":[{"embeddable":true,"href":"https:\/\/scemt.org\/index.php?rest_route=\/wp\/v2\/users\/1"}],"replies":[{"embeddable":true,"href":"https:\/\/scemt.org\/index.php?rest_route=%2Fwp%2Fv2%2Fcomments&post=1098"}],"version-history":[{"count":1,"href":"https:\/\/scemt.org\/index.php?rest_route=\/wp\/v2\/pages\/1098\/revisions"}],"predecessor-version":[{"id":1100,"href":"https:\/\/scemt.org\/index.php?rest_route=\/wp\/v2\/pages\/1098\/revisions\/1100"}],"wp:attachment":[{"href":"https:\/\/scemt.org\/index.php?rest_route=%2Fwp%2Fv2%2Fmedia&parent=1098"}],"curies":[{"name":"wp","href":"https:\/\/api.w.org\/{rel}","templated":true}]}}