{"id":1107,"date":"2020-11-14T14:04:47","date_gmt":"2020-11-14T17:04:47","guid":{"rendered":"https:\/\/scemt.org\/?page_id=1107"},"modified":"2020-11-14T14:04:48","modified_gmt":"2020-11-14T17:04:48","slug":"14-de-noviembre-dia-mundial-de-la-diabetes","status":"publish","type":"page","link":"https:\/\/scemt.org\/?page_id=1107","title":{"rendered":"14 de Noviembre: D\u00eda Mundial de la Diabetes"},"content":{"rendered":"\n<figure class=\"wp-block-image size-large\"><img loading=\"lazy\" decoding=\"async\" width=\"1024\" height=\"1024\" src=\"https:\/\/scemt.org\/wp-content\/uploads\/2020\/11\/Diabetes22-1024x1024.png\" alt=\"\" class=\"wp-image-1109\" srcset=\"https:\/\/scemt.org\/wp-content\/uploads\/2020\/11\/Diabetes22-1024x1024.png 1024w, https:\/\/scemt.org\/wp-content\/uploads\/2020\/11\/Diabetes22-300x300.png 300w, https:\/\/scemt.org\/wp-content\/uploads\/2020\/11\/Diabetes22-150x150.png 150w, https:\/\/scemt.org\/wp-content\/uploads\/2020\/11\/Diabetes22-768x768.png 768w, https:\/\/scemt.org\/wp-content\/uploads\/2020\/11\/Diabetes22-160x160.png 160w, https:\/\/scemt.org\/wp-content\/uploads\/2020\/11\/Diabetes22-320x320.png 320w, https:\/\/scemt.org\/wp-content\/uploads\/2020\/11\/Diabetes22.png 1440w\" sizes=\"auto, (max-width: 1024px) 100vw, 1024px\" \/><\/figure>\n\n\n<p>Esta fecha fue instaurada por la Federaci\u00f3n Internacional de Diabetes (FID) y la Organizaci\u00f3n Mundial de la Salud (OMS) en 1991 como medio para aumentar la concienciaci\u00f3n global sobre esta enfermedad, en respuesta al alarmante aumento de los casos de diabetes en el mundo. Su prop\u00f3sito es dar a conocer las causas, los s\u00edntomas, el tratamiento y las complicaciones asociadas a la enfermedad.<\/p>\n<p>La diabetes es un desorden metab\u00f3lico que se caracteriza por elevados niveles de glucosa en sangre cuyos s\u00edntomas son sed, orinar en gran cantidad de veces, hambre y p\u00e9rdida de peso, aunque a veces pueden estar ausentes.<\/p>\n<p>Se conocen varios tipos de diabetes m\u00e1s all\u00e1 de las conocidas diabetes tipo 1 (o de comienzo juvenil) y diabetes tipo 2 (o de inicio en la edad adulta), como la diabetes gestacional (la alteraci\u00f3n de la glucosa se da durante el embarazo) y otros tipos espec\u00edficos producidos por enfermedades gen\u00e9ticas, endocrinopat\u00edas, infecciones, enfermedades del p\u00e1ncreas, etc.<\/p>\n<p>El diagn\u00f3stico se establece no solo por la presencia de los s\u00edntomas ya mencionados sino tambi\u00e9n por medici\u00f3n de los niveles de glucosa en sangre en ayunas, mediante la prueba de tolerancia oral a la glucosa, y por dosaje de hemoglobina glucosilada.<\/p>\n<p>El tratamiento de la diabetes est\u00e1 destinado a evitar las complicaciones propias de esta enfermedad, corregir conductas de riesgo y mejorar la calidad de vida del paciente. Todo ello mediante cambios en la dieta, administraci\u00f3n de medicamentos cuyo fin es descender el nivel de glucosa en sangre (hipoglucemiantes) como metformina o insulina, y otros cambios en el estilo de vida como revisar los pies diariamente, medirse los niveles de glucosa siempre que sea necesario, etc. El tratamiento a seguir ser\u00e1 seg\u00fan el tipo de diabetes que padezca el paciente.<\/p>\n<p style=\"text-align: center;\"><em>&lt;&lt; Come y vive sano. &gt;&gt;<\/em><\/p>","protected":false},"excerpt":{"rendered":"<p>Esta fecha fue instaurada por la Federaci\u00f3n Internacional de Diabetes (FID) y la Organizaci\u00f3n Mundial de la Salud (OMS) en 1991 como medio para aumentar la concienciaci\u00f3n global sobre esta enfermedad, en respuesta al&#46;&#46;&#46;<\/p>\n","protected":false},"author":1,"featured_media":0,"parent":0,"menu_order":0,"comment_status":"closed","ping_status":"closed","template":"","meta":{"_mc_calendar":[],"footnotes":""},"class_list":["post-1107","page","type-page","status-publish","hentry"],"yoast_head":"<!-- This site is optimized with the Yoast SEO plugin v25.2 - https:\/\/yoast.com\/wordpress\/plugins\/seo\/ -->\n<title>14 de Noviembre: D\u00eda Mundial de la Diabetes - SCEMT<\/title>\n<meta name=\"robots\" content=\"index, follow, max-snippet:-1, max-image-preview:large, max-video-preview:-1\" \/>\n<link rel=\"canonical\" href=\"https:\/\/scemt.org\/?page_id=1107\" \/>\n<meta property=\"og:locale\" content=\"es_ES\" \/>\n<meta property=\"og:type\" content=\"article\" \/>\n<meta property=\"og:title\" content=\"14 de Noviembre: D\u00eda Mundial de la Diabetes - SCEMT\" \/>\n<meta property=\"og:description\" content=\"Esta fecha fue instaurada por la Federaci\u00f3n Internacional de Diabetes (FID) y la Organizaci\u00f3n Mundial de la Salud (OMS) en 1991 como medio para aumentar la concienciaci\u00f3n global sobre esta enfermedad, en respuesta al&#046;&#046;&#046;\" \/>\n<meta property=\"og:url\" content=\"https:\/\/scemt.org\/?page_id=1107\" \/>\n<meta property=\"og:site_name\" content=\"SCEMT\" \/>\n<meta property=\"article:modified_time\" content=\"2020-11-14T17:04:48+00:00\" \/>\n<meta property=\"og:image\" content=\"https:\/\/scemt.org\/wp-content\/uploads\/2020\/11\/Diabetes22.png\" \/>\n\t<meta property=\"og:image:width\" content=\"1440\" \/>\n\t<meta property=\"og:image:height\" content=\"1440\" \/>\n\t<meta property=\"og:image:type\" content=\"image\/png\" \/>\n<meta name=\"twitter:card\" content=\"summary_large_image\" \/>\n<meta name=\"twitter:label1\" content=\"Tiempo de lectura\" \/>\n\t<meta name=\"twitter:data1\" content=\"2 minutos\" \/>\n<script type=\"application\/ld+json\" class=\"yoast-schema-graph\">{\"@context\":\"https:\/\/schema.org\",\"@graph\":[{\"@type\":\"WebPage\",\"@id\":\"https:\/\/scemt.org\/?page_id=1107\",\"url\":\"https:\/\/scemt.org\/?page_id=1107\",\"name\":\"14 de Noviembre: D\u00eda Mundial de la Diabetes - SCEMT\",\"isPartOf\":{\"@id\":\"https:\/\/scemt.org\/#website\"},\"primaryImageOfPage\":{\"@id\":\"https:\/\/scemt.org\/?page_id=1107#primaryimage\"},\"image\":{\"@id\":\"https:\/\/scemt.org\/?page_id=1107#primaryimage\"},\"thumbnailUrl\":\"https:\/\/scemt.org\/wp-content\/uploads\/2020\/11\/Diabetes22-1024x1024.png\",\"datePublished\":\"2020-11-14T17:04:47+00:00\",\"dateModified\":\"2020-11-14T17:04:48+00:00\",\"breadcrumb\":{\"@id\":\"https:\/\/scemt.org\/?page_id=1107#breadcrumb\"},\"inLanguage\":\"es-AR\",\"potentialAction\":[{\"@type\":\"ReadAction\",\"target\":[\"https:\/\/scemt.org\/?page_id=1107\"]}]},{\"@type\":\"ImageObject\",\"inLanguage\":\"es-AR\",\"@id\":\"https:\/\/scemt.org\/?page_id=1107#primaryimage\",\"url\":\"https:\/\/scemt.org\/wp-content\/uploads\/2020\/11\/Diabetes22.png\",\"contentUrl\":\"https:\/\/scemt.org\/wp-content\/uploads\/2020\/11\/Diabetes22.png\",\"width\":1440,\"height\":1440},{\"@type\":\"BreadcrumbList\",\"@id\":\"https:\/\/scemt.org\/?page_id=1107#breadcrumb\",\"itemListElement\":[{\"@type\":\"ListItem\",\"position\":1,\"name\":\"Inicio\",\"item\":\"https:\/\/scemt.org\/\"},{\"@type\":\"ListItem\",\"position\":2,\"name\":\"14 de Noviembre: D\u00eda Mundial de la Diabetes\"}]},{\"@type\":\"WebSite\",\"@id\":\"https:\/\/scemt.org\/#website\",\"url\":\"https:\/\/scemt.org\/\",\"name\":\"SCEMT\",\"description\":\"Sociedad Cient\u00edfica de Estudiantes de Medicina de Tucum\u00e1n\",\"publisher\":{\"@id\":\"https:\/\/scemt.org\/#organization\"},\"potentialAction\":[{\"@type\":\"SearchAction\",\"target\":{\"@type\":\"EntryPoint\",\"urlTemplate\":\"https:\/\/scemt.org\/?s={search_term_string}\"},\"query-input\":{\"@type\":\"PropertyValueSpecification\",\"valueRequired\":true,\"valueName\":\"search_term_string\"}}],\"inLanguage\":\"es-AR\"},{\"@type\":\"Organization\",\"@id\":\"https:\/\/scemt.org\/#organization\",\"name\":\"SCEMT\",\"url\":\"https:\/\/scemt.org\/\",\"logo\":{\"@type\":\"ImageObject\",\"inLanguage\":\"es-AR\",\"@id\":\"https:\/\/scemt.org\/#\/schema\/logo\/image\/\",\"url\":\"https:\/\/scemt.org\/wp-content\/uploads\/2023\/03\/Logo-SCEMT.png\",\"contentUrl\":\"https:\/\/scemt.org\/wp-content\/uploads\/2023\/03\/Logo-SCEMT.png\",\"width\":3794,\"height\":4393,\"caption\":\"SCEMT\"},\"image\":{\"@id\":\"https:\/\/scemt.org\/#\/schema\/logo\/image\/\"}}]}<\/script>\n<!-- \/ Yoast SEO plugin. -->","yoast_head_json":{"title":"14 de Noviembre: D\u00eda Mundial de la Diabetes - SCEMT","robots":{"index":"index","follow":"follow","max-snippet":"max-snippet:-1","max-image-preview":"max-image-preview:large","max-video-preview":"max-video-preview:-1"},"canonical":"https:\/\/scemt.org\/?page_id=1107","og_locale":"es_ES","og_type":"article","og_title":"14 de Noviembre: D\u00eda Mundial de la Diabetes - SCEMT","og_description":"Esta fecha fue instaurada por la Federaci\u00f3n Internacional de Diabetes (FID) y la Organizaci\u00f3n Mundial de la Salud (OMS) en 1991 como medio para aumentar la concienciaci\u00f3n global sobre esta enfermedad, en respuesta al&#46;&#46;&#46;","og_url":"https:\/\/scemt.org\/?page_id=1107","og_site_name":"SCEMT","article_modified_time":"2020-11-14T17:04:48+00:00","og_image":[{"width":1440,"height":1440,"url":"https:\/\/scemt.org\/wp-content\/uploads\/2020\/11\/Diabetes22.png","type":"image\/png"}],"twitter_card":"summary_large_image","twitter_misc":{"Tiempo de lectura":"2 minutos"},"schema":{"@context":"https:\/\/schema.org","@graph":[{"@type":"WebPage","@id":"https:\/\/scemt.org\/?page_id=1107","url":"https:\/\/scemt.org\/?page_id=1107","name":"14 de Noviembre: D\u00eda Mundial de la Diabetes - SCEMT","isPartOf":{"@id":"https:\/\/scemt.org\/#website"},"primaryImageOfPage":{"@id":"https:\/\/scemt.org\/?page_id=1107#primaryimage"},"image":{"@id":"https:\/\/scemt.org\/?page_id=1107#primaryimage"},"thumbnailUrl":"https:\/\/scemt.org\/wp-content\/uploads\/2020\/11\/Diabetes22-1024x1024.png","datePublished":"2020-11-14T17:04:47+00:00","dateModified":"2020-11-14T17:04:48+00:00","breadcrumb":{"@id":"https:\/\/scemt.org\/?page_id=1107#breadcrumb"},"inLanguage":"es-AR","potentialAction":[{"@type":"ReadAction","target":["https:\/\/scemt.org\/?page_id=1107"]}]},{"@type":"ImageObject","inLanguage":"es-AR","@id":"https:\/\/scemt.org\/?page_id=1107#primaryimage","url":"https:\/\/scemt.org\/wp-content\/uploads\/2020\/11\/Diabetes22.png","contentUrl":"https:\/\/scemt.org\/wp-content\/uploads\/2020\/11\/Diabetes22.png","width":1440,"height":1440},{"@type":"BreadcrumbList","@id":"https:\/\/scemt.org\/?page_id=1107#breadcrumb","itemListElement":[{"@type":"ListItem","position":1,"name":"Inicio","item":"https:\/\/scemt.org\/"},{"@type":"ListItem","position":2,"name":"14 de Noviembre: D\u00eda Mundial de la Diabetes"}]},{"@type":"WebSite","@id":"https:\/\/scemt.org\/#website","url":"https:\/\/scemt.org\/","name":"SCEMT","description":"Sociedad Cient\u00edfica de Estudiantes de Medicina de Tucum\u00e1n","publisher":{"@id":"https:\/\/scemt.org\/#organization"},"potentialAction":[{"@type":"SearchAction","target":{"@type":"EntryPoint","urlTemplate":"https:\/\/scemt.org\/?s={search_term_string}"},"query-input":{"@type":"PropertyValueSpecification","valueRequired":true,"valueName":"search_term_string"}}],"inLanguage":"es-AR"},{"@type":"Organization","@id":"https:\/\/scemt.org\/#organization","name":"SCEMT","url":"https:\/\/scemt.org\/","logo":{"@type":"ImageObject","inLanguage":"es-AR","@id":"https:\/\/scemt.org\/#\/schema\/logo\/image\/","url":"https:\/\/scemt.org\/wp-content\/uploads\/2023\/03\/Logo-SCEMT.png","contentUrl":"https:\/\/scemt.org\/wp-content\/uploads\/2023\/03\/Logo-SCEMT.png","width":3794,"height":4393,"caption":"SCEMT"},"image":{"@id":"https:\/\/scemt.org\/#\/schema\/logo\/image\/"}}]}},"jetpack_sharing_enabled":true,"_links":{"self":[{"href":"https:\/\/scemt.org\/index.php?rest_route=\/wp\/v2\/pages\/1107","targetHints":{"allow":["GET"]}}],"collection":[{"href":"https:\/\/scemt.org\/index.php?rest_route=\/wp\/v2\/pages"}],"about":[{"href":"https:\/\/scemt.org\/index.php?rest_route=\/wp\/v2\/types\/page"}],"author":[{"embeddable":true,"href":"https:\/\/scemt.org\/index.php?rest_route=\/wp\/v2\/users\/1"}],"replies":[{"embeddable":true,"href":"https:\/\/scemt.org\/index.php?rest_route=%2Fwp%2Fv2%2Fcomments&post=1107"}],"version-history":[{"count":1,"href":"https:\/\/scemt.org\/index.php?rest_route=\/wp\/v2\/pages\/1107\/revisions"}],"predecessor-version":[{"id":1110,"href":"https:\/\/scemt.org\/index.php?rest_route=\/wp\/v2\/pages\/1107\/revisions\/1110"}],"wp:attachment":[{"href":"https:\/\/scemt.org\/index.php?rest_route=%2Fwp%2Fv2%2Fmedia&parent=1107"}],"curies":[{"name":"wp","href":"https:\/\/api.w.org\/{rel}","templated":true}]}}

14 de Noviembre: Día Mundial de la Diabetes

<figure class="wp-block-image size-large"><img loading="lazy" decoding="async" width="1024" height="1024" src="https://scemt.org/wp-content/uploads/2020/11/Diabetes22-1024x1024.png" alt="" class="wp-image-1109" srcset="https://scemt.org/wp-content/uploads/2020/11/Diabetes22-1024x1024.png 1024w, https://scemt.org/wp-content/uploads/2020/11/Diabetes22-300x300.png 300w, https://scemt.org/wp-content/uploads/2020/11/Diabetes22-150x150.png 150w, https://scemt.org/wp-content/uploads/2020/11/Diabetes22-768x768.png 768w, https://scemt.org/wp-content/uploads/2020/11/Diabetes22-160x160.png 160w, https://scemt.org/wp-content/uploads/2020/11/Diabetes22-320x320.png 320w, https://scemt.org/wp-content/uploads/2020/11/Diabetes22.png 1440w" sizes="auto, (max-width: 1024px) 100vw, 1024px" /></figure>


<p>Esta fecha fue instaurada por la Federación Internacional de Diabetes (FID) y la Organización Mundial de la Salud (OMS) en 1991 como medio para aumentar la concienciación global sobre esta enfermedad, en respuesta al alarmante aumento de los casos de diabetes en el mundo. Su propósito es dar a conocer las causas, los síntomas, el tratamiento y las complicaciones asociadas a la enfermedad.</p>
<p>La diabetes es un desorden metabólico que se caracteriza por elevados niveles de glucosa en sangre cuyos síntomas son sed, orinar en gran cantidad de veces, hambre y pérdida de peso, aunque a veces pueden estar ausentes.</p>
<p>Se conocen varios tipos de diabetes más allá de las conocidas diabetes tipo 1 (o de comienzo juvenil) y diabetes tipo 2 (o de inicio en la edad adulta), como la diabetes gestacional (la alteración de la glucosa se da durante el embarazo) y otros tipos específicos producidos por enfermedades genéticas, endocrinopatías, infecciones, enfermedades del páncreas, etc.</p>
<p>El diagnóstico se establece no solo por la presencia de los síntomas ya mencionados sino también por medición de los niveles de glucosa en sangre en ayunas, mediante la prueba de tolerancia oral a la glucosa, y por dosaje de hemoglobina glucosilada.</p>
<p>El tratamiento de la diabetes está destinado a evitar las complicaciones propias de esta enfermedad, corregir conductas de riesgo y mejorar la calidad de vida del paciente. Todo ello mediante cambios en la dieta, administración de medicamentos cuyo fin es descender el nivel de glucosa en sangre (hipoglucemiantes) como metformina o insulina, y otros cambios en el estilo de vida como revisar los pies diariamente, medirse los niveles de glucosa siempre que sea necesario, etc. El tratamiento a seguir será según el tipo de diabetes que padezca el paciente.</p>
<p style="text-align: center;"><em>&lt;&lt; Come y vive sano. &gt;&gt;</em></p>

<p>Esta fecha fue instaurada por la Federación Internacional de Diabetes (FID) y la Organización Mundial de la Salud (OMS) en 1991 como medio para aumentar la concienciación global sobre esta enfermedad, en respuesta al&#46;&#46;&#46;</p>

<!-- This site is optimized with the Yoast SEO plugin v25.2 - https://yoast.com/wordpress/plugins/seo/ -->
<title>14 de Noviembre: Día Mundial de la Diabetes - SCEMT</title>
<meta name="robots" content="index, follow, max-snippet:-1, max-image-preview:large, max-video-preview:-1" />
<link rel="canonical" href="https://scemt.org/?page_id=1107" />
<meta property="og:locale" content="es_ES" />
<meta property="og:type" content="article" />
<meta property="og:title" content="14 de Noviembre: Día Mundial de la Diabetes - SCEMT" />
<meta property="og:description" content="Esta fecha fue instaurada por la Federación Internacional de Diabetes (FID) y la Organización Mundial de la Salud (OMS) en 1991 como medio para aumentar la concienciación global sobre esta enfermedad, en respuesta al&#046;&#046;&#046;" />
<meta property="og:url" content="https://scemt.org/?page_id=1107" />
<meta property="og:site_name" content="SCEMT" />
<meta property="article:modified_time" content="2020-11-14T17:04:48+00:00" />
<meta property="og:image" content="https://scemt.org/wp-content/uploads/2020/11/Diabetes22.png" />
	<meta property="og:image:width" content="1440" />
	<meta property="og:image:height" content="1440" />
	<meta property="og:image:type" content="image/png" />
<meta name="twitter:card" content="summary_large_image" />
<meta name="twitter:label1" content="Tiempo de lectura" />
	<meta name="twitter:data1" content="2 minutos" />
<script type="application/ld+json" class="yoast-schema-graph">{"@context":"https://schema.org","@graph":[{"@type":"WebPage","@id":"https://scemt.org/?page_id=1107","url":"https://scemt.org/?page_id=1107","name":"14 de Noviembre: Día Mundial de la Diabetes - SCEMT","isPartOf":{"@id":"https://scemt.org/#website"},"primaryImageOfPage":{"@id":"https://scemt.org/?page_id=1107#primaryimage"},"image":{"@id":"https://scemt.org/?page_id=1107#primaryimage"},"thumbnailUrl":"https://scemt.org/wp-content/uploads/2020/11/Diabetes22-1024x1024.png","datePublished":"2020-11-14T17:04:47+00:00","dateModified":"2020-11-14T17:04:48+00:00","breadcrumb":{"@id":"https://scemt.org/?page_id=1107#breadcrumb"},"inLanguage":"es-AR","potentialAction":[{"@type":"ReadAction","target":["https://scemt.org/?page_id=1107"]}]},{"@type":"ImageObject","inLanguage":"es-AR","@id":"https://scemt.org/?page_id=1107#primaryimage","url":"https://scemt.org/wp-content/uploads/2020/11/Diabetes22.png","contentUrl":"https://scemt.org/wp-content/uploads/2020/11/Diabetes22.png","width":1440,"height":1440},{"@type":"BreadcrumbList","@id":"https://scemt.org/?page_id=1107#breadcrumb","itemListElement":[{"@type":"ListItem","position":1,"name":"Inicio","item":"https://scemt.org/"},{"@type":"ListItem","position":2,"name":"14 de Noviembre: Día Mundial de la Diabetes"}]},{"@type":"WebSite","@id":"https://scemt.org/#website","url":"https://scemt.org/","name":"SCEMT","description":"Sociedad Científica de Estudiantes de Medicina de Tucumán","publisher":{"@id":"https://scemt.org/#organization"},"potentialAction":[{"@type":"SearchAction","target":{"@type":"EntryPoint","urlTemplate":"https://scemt.org/?s={search_term_string}"},"query-input":{"@type":"PropertyValueSpecification","valueRequired":true,"valueName":"search_term_string"}}],"inLanguage":"es-AR"},{"@type":"Organization","@id":"https://scemt.org/#organization","name":"SCEMT","url":"https://scemt.org/","logo":{"@type":"ImageObject","inLanguage":"es-AR","@id":"https://scemt.org/#/schema/logo/image/","url":"https://scemt.org/wp-content/uploads/2023/03/Logo-SCEMT.png","contentUrl":"https://scemt.org/wp-content/uploads/2023/03/Logo-SCEMT.png","width":3794,"height":4393,"caption":"SCEMT"},"image":{"@id":"https://scemt.org/#/schema/logo/image/"}}]}</script>
<!-- / Yoast SEO plugin. -->

14 de Noviembre: Día Mundial de la Diabetes - SCEMT

Esta fecha fue instaurada por la Federación Internacional de Diabetes (FID) y la Organización Mundial de la Salud (OMS) en 1991 como medio para aumentar la concienciación global sobre esta enfermedad, en respuesta al&#46;&#46;&#46;

Sociedad Científica de Estudiantes de Medicina de Tucumán
