{"id":533,"date":"2020-05-05T10:40:13","date_gmt":"2020-05-05T13:40:13","guid":{"rendered":"https:\/\/scemt.org\/?page_id=533"},"modified":"2020-05-05T10:40:15","modified_gmt":"2020-05-05T13:40:15","slug":"3-de-marzo-dia-internacional-de-la-audicion","status":"publish","type":"page","link":"https:\/\/scemt.org\/?page_id=533","title":{"rendered":"3 de Marzo: D\u00eda Internacional de la Audici\u00f3n"},"content":{"rendered":"\n<figure class=\"wp-block-image size-large\"><img loading=\"lazy\" decoding=\"async\" width=\"960\" height=\"720\" src=\"https:\/\/scemt.org\/wp-content\/uploads\/2020\/03\/Audici\u00f3n-3-de-Marzo.png\" alt=\"\" class=\"wp-image-324\" srcset=\"https:\/\/scemt.org\/wp-content\/uploads\/2020\/03\/Audici\u00f3n-3-de-Marzo.png 960w, https:\/\/scemt.org\/wp-content\/uploads\/2020\/03\/Audici\u00f3n-3-de-Marzo-300x225.png 300w, https:\/\/scemt.org\/wp-content\/uploads\/2020\/03\/Audici\u00f3n-3-de-Marzo-768x576.png 768w\" sizes=\"auto, (max-width: 960px) 100vw, 960px\" \/><\/figure>\n\n\n<p>Impulsado por la Organizaci\u00f3n Mundial de la Salud, este d\u00eda se conmemora con el objetivo de impulsar la detecci\u00f3n temprana de cualquier tipo de problema o deterioro auditivo que se pueda presentar en las personas de todo el mundo.<\/p>\n<p>En la mayor\u00eda de los casos, los pacientes con problemas en la audici\u00f3n no notan los cambios hasta que ya es demasiado tarde y el problema est\u00e1 muy avanzado. Por esto, se busca incentivar a la comunidad a que se realicen, dentro de su chequeo anual, un estudio de los niveles auditivos.<\/p>\n<p>La p\u00e9rdida de audici\u00f3n constituye en la actualidad la\u00a0discapacidad sensorial m\u00e1s prevalente<strong>\u00a0<\/strong>en todo el mundo, sin embargo,\u00a0se puede prevenir. Para ello, se debe prestar atenci\u00f3n a la exposici\u00f3n a\u00a0ruidos intensos, a las\u00a0infecciones \u00f3ticas\u00a0y de otro tipo, como la parotiditis o el sarampi\u00f3n; y a los\u00a0medicamentos\u00a0otot\u00f3xicos.<\/p>\n<p>Quienes deber\u00edan someterse a pruebas peri\u00f3dicas son aquellas personas con\u00a0mayor riesgo\u00a0de p\u00e9rdida auditiva como mayores de\u00a050 a\u00f1os\u00a0y quienes trabajan en lugares\u00a0ruidosos, que escuchan\u00a0m\u00fasica a un volumen elevado durante largos per\u00edodos de tiempo, o que ya experimenten\u00a0problemas de audici\u00f3n.<\/p>\n<p style=\"text-align: center;\"><em>&lt;&lt; Escucha de por vida. &gt;&gt;<\/em><\/p>","protected":false},"excerpt":{"rendered":"<p>Impulsado por la Organizaci\u00f3n Mundial de la Salud, este d\u00eda se conmemora con el objetivo de impulsar la detecci\u00f3n temprana de cualquier tipo de problema o deterioro auditivo que se pueda presentar en las&#46;&#46;&#46;<\/p>\n","protected":false},"author":1,"featured_media":0,"parent":0,"menu_order":0,"comment_status":"closed","ping_status":"closed","template":"","meta":{"_mc_calendar":[],"footnotes":""},"class_list":["post-533","page","type-page","status-publish","hentry"],"yoast_head":"<!-- This site is optimized with the Yoast SEO plugin v25.2 - https:\/\/yoast.com\/wordpress\/plugins\/seo\/ -->\n<title>3 de Marzo: D\u00eda Internacional de la Audici\u00f3n - SCEMT<\/title>\n<meta name=\"robots\" content=\"index, follow, max-snippet:-1, max-image-preview:large, max-video-preview:-1\" \/>\n<link rel=\"canonical\" href=\"https:\/\/scemt.org\/?page_id=533\" \/>\n<meta property=\"og:locale\" content=\"es_ES\" \/>\n<meta property=\"og:type\" content=\"article\" \/>\n<meta property=\"og:title\" content=\"3 de Marzo: D\u00eda Internacional de la Audici\u00f3n - SCEMT\" \/>\n<meta property=\"og:description\" content=\"Impulsado por la Organizaci\u00f3n Mundial de la Salud, este d\u00eda se conmemora con el objetivo de impulsar la detecci\u00f3n temprana de cualquier tipo de problema o deterioro auditivo que se pueda presentar en las&#046;&#046;&#046;\" \/>\n<meta property=\"og:url\" content=\"https:\/\/scemt.org\/?page_id=533\" \/>\n<meta property=\"og:site_name\" content=\"SCEMT\" \/>\n<meta property=\"article:modified_time\" content=\"2020-05-05T13:40:15+00:00\" \/>\n<meta name=\"twitter:card\" content=\"summary_large_image\" \/>\n<meta name=\"twitter:label1\" content=\"Tiempo de lectura\" \/>\n\t<meta name=\"twitter:data1\" content=\"1 minuto\" \/>\n<script type=\"application\/ld+json\" class=\"yoast-schema-graph\">{\"@context\":\"https:\/\/schema.org\",\"@graph\":[{\"@type\":\"WebPage\",\"@id\":\"https:\/\/scemt.org\/?page_id=533\",\"url\":\"https:\/\/scemt.org\/?page_id=533\",\"name\":\"3 de Marzo: D\u00eda Internacional de la Audici\u00f3n - SCEMT\",\"isPartOf\":{\"@id\":\"https:\/\/scemt.org\/#website\"},\"datePublished\":\"2020-05-05T13:40:13+00:00\",\"dateModified\":\"2020-05-05T13:40:15+00:00\",\"breadcrumb\":{\"@id\":\"https:\/\/scemt.org\/?page_id=533#breadcrumb\"},\"inLanguage\":\"es-AR\",\"potentialAction\":[{\"@type\":\"ReadAction\",\"target\":[\"https:\/\/scemt.org\/?page_id=533\"]}]},{\"@type\":\"BreadcrumbList\",\"@id\":\"https:\/\/scemt.org\/?page_id=533#breadcrumb\",\"itemListElement\":[{\"@type\":\"ListItem\",\"position\":1,\"name\":\"Inicio\",\"item\":\"https:\/\/scemt.org\/\"},{\"@type\":\"ListItem\",\"position\":2,\"name\":\"3 de Marzo: D\u00eda Internacional de la Audici\u00f3n\"}]},{\"@type\":\"WebSite\",\"@id\":\"https:\/\/scemt.org\/#website\",\"url\":\"https:\/\/scemt.org\/\",\"name\":\"SCEMT\",\"description\":\"Sociedad Cient\u00edfica de Estudiantes de Medicina de Tucum\u00e1n\",\"publisher\":{\"@id\":\"https:\/\/scemt.org\/#organization\"},\"potentialAction\":[{\"@type\":\"SearchAction\",\"target\":{\"@type\":\"EntryPoint\",\"urlTemplate\":\"https:\/\/scemt.org\/?s={search_term_string}\"},\"query-input\":{\"@type\":\"PropertyValueSpecification\",\"valueRequired\":true,\"valueName\":\"search_term_string\"}}],\"inLanguage\":\"es-AR\"},{\"@type\":\"Organization\",\"@id\":\"https:\/\/scemt.org\/#organization\",\"name\":\"SCEMT\",\"url\":\"https:\/\/scemt.org\/\",\"logo\":{\"@type\":\"ImageObject\",\"inLanguage\":\"es-AR\",\"@id\":\"https:\/\/scemt.org\/#\/schema\/logo\/image\/\",\"url\":\"https:\/\/scemt.org\/wp-content\/uploads\/2023\/03\/Logo-SCEMT.png\",\"contentUrl\":\"https:\/\/scemt.org\/wp-content\/uploads\/2023\/03\/Logo-SCEMT.png\",\"width\":3794,\"height\":4393,\"caption\":\"SCEMT\"},\"image\":{\"@id\":\"https:\/\/scemt.org\/#\/schema\/logo\/image\/\"}}]}<\/script>\n<!-- \/ Yoast SEO plugin. -->","yoast_head_json":{"title":"3 de Marzo: D\u00eda Internacional de la Audici\u00f3n - SCEMT","robots":{"index":"index","follow":"follow","max-snippet":"max-snippet:-1","max-image-preview":"max-image-preview:large","max-video-preview":"max-video-preview:-1"},"canonical":"https:\/\/scemt.org\/?page_id=533","og_locale":"es_ES","og_type":"article","og_title":"3 de Marzo: D\u00eda Internacional de la Audici\u00f3n - SCEMT","og_description":"Impulsado por la Organizaci\u00f3n Mundial de la Salud, este d\u00eda se conmemora con el objetivo de impulsar la detecci\u00f3n temprana de cualquier tipo de problema o deterioro auditivo que se pueda presentar en las&#46;&#46;&#46;","og_url":"https:\/\/scemt.org\/?page_id=533","og_site_name":"SCEMT","article_modified_time":"2020-05-05T13:40:15+00:00","twitter_card":"summary_large_image","twitter_misc":{"Tiempo de lectura":"1 minuto"},"schema":{"@context":"https:\/\/schema.org","@graph":[{"@type":"WebPage","@id":"https:\/\/scemt.org\/?page_id=533","url":"https:\/\/scemt.org\/?page_id=533","name":"3 de Marzo: D\u00eda Internacional de la Audici\u00f3n - SCEMT","isPartOf":{"@id":"https:\/\/scemt.org\/#website"},"datePublished":"2020-05-05T13:40:13+00:00","dateModified":"2020-05-05T13:40:15+00:00","breadcrumb":{"@id":"https:\/\/scemt.org\/?page_id=533#breadcrumb"},"inLanguage":"es-AR","potentialAction":[{"@type":"ReadAction","target":["https:\/\/scemt.org\/?page_id=533"]}]},{"@type":"BreadcrumbList","@id":"https:\/\/scemt.org\/?page_id=533#breadcrumb","itemListElement":[{"@type":"ListItem","position":1,"name":"Inicio","item":"https:\/\/scemt.org\/"},{"@type":"ListItem","position":2,"name":"3 de Marzo: D\u00eda Internacional de la Audici\u00f3n"}]},{"@type":"WebSite","@id":"https:\/\/scemt.org\/#website","url":"https:\/\/scemt.org\/","name":"SCEMT","description":"Sociedad Cient\u00edfica de Estudiantes de Medicina de Tucum\u00e1n","publisher":{"@id":"https:\/\/scemt.org\/#organization"},"potentialAction":[{"@type":"SearchAction","target":{"@type":"EntryPoint","urlTemplate":"https:\/\/scemt.org\/?s={search_term_string}"},"query-input":{"@type":"PropertyValueSpecification","valueRequired":true,"valueName":"search_term_string"}}],"inLanguage":"es-AR"},{"@type":"Organization","@id":"https:\/\/scemt.org\/#organization","name":"SCEMT","url":"https:\/\/scemt.org\/","logo":{"@type":"ImageObject","inLanguage":"es-AR","@id":"https:\/\/scemt.org\/#\/schema\/logo\/image\/","url":"https:\/\/scemt.org\/wp-content\/uploads\/2023\/03\/Logo-SCEMT.png","contentUrl":"https:\/\/scemt.org\/wp-content\/uploads\/2023\/03\/Logo-SCEMT.png","width":3794,"height":4393,"caption":"SCEMT"},"image":{"@id":"https:\/\/scemt.org\/#\/schema\/logo\/image\/"}}]}},"jetpack_sharing_enabled":true,"_links":{"self":[{"href":"https:\/\/scemt.org\/index.php?rest_route=\/wp\/v2\/pages\/533","targetHints":{"allow":["GET"]}}],"collection":[{"href":"https:\/\/scemt.org\/index.php?rest_route=\/wp\/v2\/pages"}],"about":[{"href":"https:\/\/scemt.org\/index.php?rest_route=\/wp\/v2\/types\/page"}],"author":[{"embeddable":true,"href":"https:\/\/scemt.org\/index.php?rest_route=\/wp\/v2\/users\/1"}],"replies":[{"embeddable":true,"href":"https:\/\/scemt.org\/index.php?rest_route=%2Fwp%2Fv2%2Fcomments&post=533"}],"version-history":[{"count":1,"href":"https:\/\/scemt.org\/index.php?rest_route=\/wp\/v2\/pages\/533\/revisions"}],"predecessor-version":[{"id":534,"href":"https:\/\/scemt.org\/index.php?rest_route=\/wp\/v2\/pages\/533\/revisions\/534"}],"wp:attachment":[{"href":"https:\/\/scemt.org\/index.php?rest_route=%2Fwp%2Fv2%2Fmedia&parent=533"}],"curies":[{"name":"wp","href":"https:\/\/api.w.org\/{rel}","templated":true}]}}

3 de Marzo: Día Internacional de la Audición

<figure class="wp-block-image size-large"><img loading="lazy" decoding="async" width="960" height="720" src="https://scemt.org/wp-content/uploads/2020/03/Audición-3-de-Marzo.png" alt="" class="wp-image-324" srcset="https://scemt.org/wp-content/uploads/2020/03/Audición-3-de-Marzo.png 960w, https://scemt.org/wp-content/uploads/2020/03/Audición-3-de-Marzo-300x225.png 300w, https://scemt.org/wp-content/uploads/2020/03/Audición-3-de-Marzo-768x576.png 768w" sizes="auto, (max-width: 960px) 100vw, 960px" /></figure>


<p>Impulsado por la Organización Mundial de la Salud, este día se conmemora con el objetivo de impulsar la detección temprana de cualquier tipo de problema o deterioro auditivo que se pueda presentar en las personas de todo el mundo.</p>
<p>En la mayoría de los casos, los pacientes con problemas en la audición no notan los cambios hasta que ya es demasiado tarde y el problema está muy avanzado. Por esto, se busca incentivar a la comunidad a que se realicen, dentro de su chequeo anual, un estudio de los niveles auditivos.</p>
<p>La pérdida de audición constituye en la actualidad la discapacidad sensorial más prevalente<strong> </strong>en todo el mundo, sin embargo, se puede prevenir. Para ello, se debe prestar atención a la exposición a ruidos intensos, a las infecciones óticas y de otro tipo, como la parotiditis o el sarampión; y a los medicamentos ototóxicos.</p>
<p>Quienes deberían someterse a pruebas periódicas son aquellas personas con mayor riesgo de pérdida auditiva como mayores de 50 años y quienes trabajan en lugares ruidosos, que escuchan música a un volumen elevado durante largos períodos de tiempo, o que ya experimenten problemas de audición.</p>
<p style="text-align: center;"><em>&lt;&lt; Escucha de por vida. &gt;&gt;</em></p>

<p>Impulsado por la Organización Mundial de la Salud, este día se conmemora con el objetivo de impulsar la detección temprana de cualquier tipo de problema o deterioro auditivo que se pueda presentar en las&#46;&#46;&#46;</p>

<!-- This site is optimized with the Yoast SEO plugin v25.2 - https://yoast.com/wordpress/plugins/seo/ -->
<title>3 de Marzo: Día Internacional de la Audición - SCEMT</title>
<meta name="robots" content="index, follow, max-snippet:-1, max-image-preview:large, max-video-preview:-1" />
<link rel="canonical" href="https://scemt.org/?page_id=533" />
<meta property="og:locale" content="es_ES" />
<meta property="og:type" content="article" />
<meta property="og:title" content="3 de Marzo: Día Internacional de la Audición - SCEMT" />
<meta property="og:description" content="Impulsado por la Organización Mundial de la Salud, este día se conmemora con el objetivo de impulsar la detección temprana de cualquier tipo de problema o deterioro auditivo que se pueda presentar en las&#046;&#046;&#046;" />
<meta property="og:url" content="https://scemt.org/?page_id=533" />
<meta property="og:site_name" content="SCEMT" />
<meta property="article:modified_time" content="2020-05-05T13:40:15+00:00" />
<meta name="twitter:card" content="summary_large_image" />
<meta name="twitter:label1" content="Tiempo de lectura" />
	<meta name="twitter:data1" content="1 minuto" />
<script type="application/ld+json" class="yoast-schema-graph">{"@context":"https://schema.org","@graph":[{"@type":"WebPage","@id":"https://scemt.org/?page_id=533","url":"https://scemt.org/?page_id=533","name":"3 de Marzo: Día Internacional de la Audición - SCEMT","isPartOf":{"@id":"https://scemt.org/#website"},"datePublished":"2020-05-05T13:40:13+00:00","dateModified":"2020-05-05T13:40:15+00:00","breadcrumb":{"@id":"https://scemt.org/?page_id=533#breadcrumb"},"inLanguage":"es-AR","potentialAction":[{"@type":"ReadAction","target":["https://scemt.org/?page_id=533"]}]},{"@type":"BreadcrumbList","@id":"https://scemt.org/?page_id=533#breadcrumb","itemListElement":[{"@type":"ListItem","position":1,"name":"Inicio","item":"https://scemt.org/"},{"@type":"ListItem","position":2,"name":"3 de Marzo: Día Internacional de la Audición"}]},{"@type":"WebSite","@id":"https://scemt.org/#website","url":"https://scemt.org/","name":"SCEMT","description":"Sociedad Científica de Estudiantes de Medicina de Tucumán","publisher":{"@id":"https://scemt.org/#organization"},"potentialAction":[{"@type":"SearchAction","target":{"@type":"EntryPoint","urlTemplate":"https://scemt.org/?s={search_term_string}"},"query-input":{"@type":"PropertyValueSpecification","valueRequired":true,"valueName":"search_term_string"}}],"inLanguage":"es-AR"},{"@type":"Organization","@id":"https://scemt.org/#organization","name":"SCEMT","url":"https://scemt.org/","logo":{"@type":"ImageObject","inLanguage":"es-AR","@id":"https://scemt.org/#/schema/logo/image/","url":"https://scemt.org/wp-content/uploads/2023/03/Logo-SCEMT.png","contentUrl":"https://scemt.org/wp-content/uploads/2023/03/Logo-SCEMT.png","width":3794,"height":4393,"caption":"SCEMT"},"image":{"@id":"https://scemt.org/#/schema/logo/image/"}}]}</script>
<!-- / Yoast SEO plugin. -->

3 de Marzo: Día Internacional de la Audición - SCEMT

Impulsado por la Organización Mundial de la Salud, este día se conmemora con el objetivo de impulsar la detección temprana de cualquier tipo de problema o deterioro auditivo que se pueda presentar en las&#46;&#46;&#46;

Sociedad Científica de Estudiantes de Medicina de Tucumán
