{"id":535,"date":"2020-05-05T10:42:12","date_gmt":"2020-05-05T13:42:12","guid":{"rendered":"https:\/\/scemt.org\/?page_id=535"},"modified":"2020-05-05T10:42:14","modified_gmt":"2020-05-05T13:42:14","slug":"3-de-marzo-dia-mundial-de-los-defectos-congenitos","status":"publish","type":"page","link":"https:\/\/scemt.org\/?page_id=535","title":{"rendered":"3 de Marzo: D\u00eda Mundial de los Defectos Cong\u00e9nitos"},"content":{"rendered":"\n<figure class=\"wp-block-image size-large\"><img loading=\"lazy\" decoding=\"async\" width=\"960\" height=\"720\" src=\"https:\/\/scemt.org\/wp-content\/uploads\/2020\/03\/Diapositiva2.png\" alt=\"\" class=\"wp-image-320\" srcset=\"https:\/\/scemt.org\/wp-content\/uploads\/2020\/03\/Diapositiva2.png 960w, https:\/\/scemt.org\/wp-content\/uploads\/2020\/03\/Diapositiva2-300x225.png 300w, https:\/\/scemt.org\/wp-content\/uploads\/2020\/03\/Diapositiva2-768x576.png 768w\" sizes=\"auto, (max-width: 960px) 100vw, 960px\" \/><\/figure>\n\n\n<p>Este d\u00eda se conmemora con el fin de generar conciencia sobre el impacto de los defectos cong\u00e9nitos, alteraciones estructurales o funcionales, visibles o no, que est\u00e1n presentes desde que el ni\u00f1o nace, pero pueden no ser hereditarias.<\/p>\n<p>Estos pueden tener un origen gen\u00e9tico, infeccioso o ambiental, aunque en la mayor\u00eda de los casos resulta dif\u00edcil identificar su causa. Los defectos cong\u00e9nitos m\u00e1s frecuentes son las malformaciones card\u00edacas, los defectos del tubo neural y el s\u00edndrome de Down.<\/p>\n<p>Los defectos al nacer son la segunda causa de muerte en los ni\u00f1os menores de 28 d\u00edas y de menos de 5 a\u00f1os en las Am\u00e9ricas. Para los beb\u00e9s que sobreviven y viven con estas condiciones, los defectos de nacimiento aumentan su riesgo de discapacidades a largo plazo.<\/p>\n<p>Muchos se pueden prevenir o tratar. La ingesta suficiente de \u00e1cido f\u00f3lico y yodo durante el embarazo, la vacunaci\u00f3n contra la rub\u00e9ola a las mujeres (que pueden transmitirlo a sus hijos durante el parto) y los cuidados prenatales adecuados constituyen algunas medidas clave en este sentido.<\/p>\n<p style=\"text-align: center;\"><em>&lt;&lt; Un diagn\u00f3stico oportuno nos da la posibilidad de no dejar a nadie atr\u00e1s. &gt;&gt;<\/em><\/p>","protected":false},"excerpt":{"rendered":"<p>Este d\u00eda se conmemora con el fin de generar conciencia sobre el impacto de los defectos cong\u00e9nitos, alteraciones estructurales o funcionales, visibles o no, que est\u00e1n presentes desde que el ni\u00f1o nace, pero pueden&#46;&#46;&#46;<\/p>\n","protected":false},"author":1,"featured_media":0,"parent":0,"menu_order":0,"comment_status":"closed","ping_status":"closed","template":"","meta":{"_mc_calendar":[],"footnotes":""},"class_list":["post-535","page","type-page","status-publish","hentry"],"yoast_head":"<!-- This site is optimized with the Yoast SEO plugin v25.2 - https:\/\/yoast.com\/wordpress\/plugins\/seo\/ -->\n<title>3 de Marzo: D\u00eda Mundial de los Defectos Cong\u00e9nitos - SCEMT<\/title>\n<meta name=\"robots\" content=\"index, follow, max-snippet:-1, max-image-preview:large, max-video-preview:-1\" \/>\n<link rel=\"canonical\" href=\"https:\/\/scemt.org\/?page_id=535\" \/>\n<meta property=\"og:locale\" content=\"es_ES\" \/>\n<meta property=\"og:type\" content=\"article\" \/>\n<meta property=\"og:title\" content=\"3 de Marzo: D\u00eda Mundial de los Defectos Cong\u00e9nitos - SCEMT\" \/>\n<meta property=\"og:description\" content=\"Este d\u00eda se conmemora con el fin de generar conciencia sobre el impacto de los defectos cong\u00e9nitos, alteraciones estructurales o funcionales, visibles o no, que est\u00e1n presentes desde que el ni\u00f1o nace, pero pueden&#046;&#046;&#046;\" \/>\n<meta property=\"og:url\" content=\"https:\/\/scemt.org\/?page_id=535\" \/>\n<meta property=\"og:site_name\" content=\"SCEMT\" \/>\n<meta property=\"article:modified_time\" content=\"2020-05-05T13:42:14+00:00\" \/>\n<meta property=\"og:image\" content=\"https:\/\/scemt.org\/wp-content\/uploads\/2020\/03\/Diapositiva2.png\" \/>\n\t<meta property=\"og:image:width\" content=\"960\" \/>\n\t<meta property=\"og:image:height\" content=\"720\" \/>\n\t<meta property=\"og:image:type\" content=\"image\/png\" \/>\n<meta name=\"twitter:card\" content=\"summary_large_image\" \/>\n<meta name=\"twitter:label1\" content=\"Tiempo de lectura\" \/>\n\t<meta name=\"twitter:data1\" content=\"1 minuto\" \/>\n<script type=\"application\/ld+json\" class=\"yoast-schema-graph\">{\"@context\":\"https:\/\/schema.org\",\"@graph\":[{\"@type\":\"WebPage\",\"@id\":\"https:\/\/scemt.org\/?page_id=535\",\"url\":\"https:\/\/scemt.org\/?page_id=535\",\"name\":\"3 de Marzo: D\u00eda Mundial de los Defectos Cong\u00e9nitos - SCEMT\",\"isPartOf\":{\"@id\":\"https:\/\/scemt.org\/#website\"},\"primaryImageOfPage\":{\"@id\":\"https:\/\/scemt.org\/?page_id=535#primaryimage\"},\"image\":{\"@id\":\"https:\/\/scemt.org\/?page_id=535#primaryimage\"},\"thumbnailUrl\":\"https:\/\/scemt.org\/wp-content\/uploads\/2020\/03\/Diapositiva2.png\",\"datePublished\":\"2020-05-05T13:42:12+00:00\",\"dateModified\":\"2020-05-05T13:42:14+00:00\",\"breadcrumb\":{\"@id\":\"https:\/\/scemt.org\/?page_id=535#breadcrumb\"},\"inLanguage\":\"es-AR\",\"potentialAction\":[{\"@type\":\"ReadAction\",\"target\":[\"https:\/\/scemt.org\/?page_id=535\"]}]},{\"@type\":\"ImageObject\",\"inLanguage\":\"es-AR\",\"@id\":\"https:\/\/scemt.org\/?page_id=535#primaryimage\",\"url\":\"https:\/\/scemt.org\/wp-content\/uploads\/2020\/03\/Diapositiva2.png\",\"contentUrl\":\"https:\/\/scemt.org\/wp-content\/uploads\/2020\/03\/Diapositiva2.png\",\"width\":960,\"height\":720},{\"@type\":\"BreadcrumbList\",\"@id\":\"https:\/\/scemt.org\/?page_id=535#breadcrumb\",\"itemListElement\":[{\"@type\":\"ListItem\",\"position\":1,\"name\":\"Inicio\",\"item\":\"https:\/\/scemt.org\/\"},{\"@type\":\"ListItem\",\"position\":2,\"name\":\"3 de Marzo: D\u00eda Mundial de los Defectos Cong\u00e9nitos\"}]},{\"@type\":\"WebSite\",\"@id\":\"https:\/\/scemt.org\/#website\",\"url\":\"https:\/\/scemt.org\/\",\"name\":\"SCEMT\",\"description\":\"Sociedad Cient\u00edfica de Estudiantes de Medicina de Tucum\u00e1n\",\"publisher\":{\"@id\":\"https:\/\/scemt.org\/#organization\"},\"potentialAction\":[{\"@type\":\"SearchAction\",\"target\":{\"@type\":\"EntryPoint\",\"urlTemplate\":\"https:\/\/scemt.org\/?s={search_term_string}\"},\"query-input\":{\"@type\":\"PropertyValueSpecification\",\"valueRequired\":true,\"valueName\":\"search_term_string\"}}],\"inLanguage\":\"es-AR\"},{\"@type\":\"Organization\",\"@id\":\"https:\/\/scemt.org\/#organization\",\"name\":\"SCEMT\",\"url\":\"https:\/\/scemt.org\/\",\"logo\":{\"@type\":\"ImageObject\",\"inLanguage\":\"es-AR\",\"@id\":\"https:\/\/scemt.org\/#\/schema\/logo\/image\/\",\"url\":\"https:\/\/scemt.org\/wp-content\/uploads\/2023\/03\/Logo-SCEMT.png\",\"contentUrl\":\"https:\/\/scemt.org\/wp-content\/uploads\/2023\/03\/Logo-SCEMT.png\",\"width\":3794,\"height\":4393,\"caption\":\"SCEMT\"},\"image\":{\"@id\":\"https:\/\/scemt.org\/#\/schema\/logo\/image\/\"}}]}<\/script>\n<!-- \/ Yoast SEO plugin. -->","yoast_head_json":{"title":"3 de Marzo: D\u00eda Mundial de los Defectos Cong\u00e9nitos - SCEMT","robots":{"index":"index","follow":"follow","max-snippet":"max-snippet:-1","max-image-preview":"max-image-preview:large","max-video-preview":"max-video-preview:-1"},"canonical":"https:\/\/scemt.org\/?page_id=535","og_locale":"es_ES","og_type":"article","og_title":"3 de Marzo: D\u00eda Mundial de los Defectos Cong\u00e9nitos - SCEMT","og_description":"Este d\u00eda se conmemora con el fin de generar conciencia sobre el impacto de los defectos cong\u00e9nitos, alteraciones estructurales o funcionales, visibles o no, que est\u00e1n presentes desde que el ni\u00f1o nace, pero pueden&#46;&#46;&#46;","og_url":"https:\/\/scemt.org\/?page_id=535","og_site_name":"SCEMT","article_modified_time":"2020-05-05T13:42:14+00:00","og_image":[{"width":960,"height":720,"url":"https:\/\/scemt.org\/wp-content\/uploads\/2020\/03\/Diapositiva2.png","type":"image\/png"}],"twitter_card":"summary_large_image","twitter_misc":{"Tiempo de lectura":"1 minuto"},"schema":{"@context":"https:\/\/schema.org","@graph":[{"@type":"WebPage","@id":"https:\/\/scemt.org\/?page_id=535","url":"https:\/\/scemt.org\/?page_id=535","name":"3 de Marzo: D\u00eda Mundial de los Defectos Cong\u00e9nitos - SCEMT","isPartOf":{"@id":"https:\/\/scemt.org\/#website"},"primaryImageOfPage":{"@id":"https:\/\/scemt.org\/?page_id=535#primaryimage"},"image":{"@id":"https:\/\/scemt.org\/?page_id=535#primaryimage"},"thumbnailUrl":"https:\/\/scemt.org\/wp-content\/uploads\/2020\/03\/Diapositiva2.png","datePublished":"2020-05-05T13:42:12+00:00","dateModified":"2020-05-05T13:42:14+00:00","breadcrumb":{"@id":"https:\/\/scemt.org\/?page_id=535#breadcrumb"},"inLanguage":"es-AR","potentialAction":[{"@type":"ReadAction","target":["https:\/\/scemt.org\/?page_id=535"]}]},{"@type":"ImageObject","inLanguage":"es-AR","@id":"https:\/\/scemt.org\/?page_id=535#primaryimage","url":"https:\/\/scemt.org\/wp-content\/uploads\/2020\/03\/Diapositiva2.png","contentUrl":"https:\/\/scemt.org\/wp-content\/uploads\/2020\/03\/Diapositiva2.png","width":960,"height":720},{"@type":"BreadcrumbList","@id":"https:\/\/scemt.org\/?page_id=535#breadcrumb","itemListElement":[{"@type":"ListItem","position":1,"name":"Inicio","item":"https:\/\/scemt.org\/"},{"@type":"ListItem","position":2,"name":"3 de Marzo: D\u00eda Mundial de los Defectos Cong\u00e9nitos"}]},{"@type":"WebSite","@id":"https:\/\/scemt.org\/#website","url":"https:\/\/scemt.org\/","name":"SCEMT","description":"Sociedad Cient\u00edfica de Estudiantes de Medicina de Tucum\u00e1n","publisher":{"@id":"https:\/\/scemt.org\/#organization"},"potentialAction":[{"@type":"SearchAction","target":{"@type":"EntryPoint","urlTemplate":"https:\/\/scemt.org\/?s={search_term_string}"},"query-input":{"@type":"PropertyValueSpecification","valueRequired":true,"valueName":"search_term_string"}}],"inLanguage":"es-AR"},{"@type":"Organization","@id":"https:\/\/scemt.org\/#organization","name":"SCEMT","url":"https:\/\/scemt.org\/","logo":{"@type":"ImageObject","inLanguage":"es-AR","@id":"https:\/\/scemt.org\/#\/schema\/logo\/image\/","url":"https:\/\/scemt.org\/wp-content\/uploads\/2023\/03\/Logo-SCEMT.png","contentUrl":"https:\/\/scemt.org\/wp-content\/uploads\/2023\/03\/Logo-SCEMT.png","width":3794,"height":4393,"caption":"SCEMT"},"image":{"@id":"https:\/\/scemt.org\/#\/schema\/logo\/image\/"}}]}},"jetpack_sharing_enabled":true,"_links":{"self":[{"href":"https:\/\/scemt.org\/index.php?rest_route=\/wp\/v2\/pages\/535","targetHints":{"allow":["GET"]}}],"collection":[{"href":"https:\/\/scemt.org\/index.php?rest_route=\/wp\/v2\/pages"}],"about":[{"href":"https:\/\/scemt.org\/index.php?rest_route=\/wp\/v2\/types\/page"}],"author":[{"embeddable":true,"href":"https:\/\/scemt.org\/index.php?rest_route=\/wp\/v2\/users\/1"}],"replies":[{"embeddable":true,"href":"https:\/\/scemt.org\/index.php?rest_route=%2Fwp%2Fv2%2Fcomments&post=535"}],"version-history":[{"count":1,"href":"https:\/\/scemt.org\/index.php?rest_route=\/wp\/v2\/pages\/535\/revisions"}],"predecessor-version":[{"id":536,"href":"https:\/\/scemt.org\/index.php?rest_route=\/wp\/v2\/pages\/535\/revisions\/536"}],"wp:attachment":[{"href":"https:\/\/scemt.org\/index.php?rest_route=%2Fwp%2Fv2%2Fmedia&parent=535"}],"curies":[{"name":"wp","href":"https:\/\/api.w.org\/{rel}","templated":true}]}}

3 de Marzo: Día Mundial de los Defectos Congénitos

<figure class="wp-block-image size-large"><img loading="lazy" decoding="async" width="960" height="720" src="https://scemt.org/wp-content/uploads/2020/03/Diapositiva2.png" alt="" class="wp-image-320" srcset="https://scemt.org/wp-content/uploads/2020/03/Diapositiva2.png 960w, https://scemt.org/wp-content/uploads/2020/03/Diapositiva2-300x225.png 300w, https://scemt.org/wp-content/uploads/2020/03/Diapositiva2-768x576.png 768w" sizes="auto, (max-width: 960px) 100vw, 960px" /></figure>


<p>Este día se conmemora con el fin de generar conciencia sobre el impacto de los defectos congénitos, alteraciones estructurales o funcionales, visibles o no, que están presentes desde que el niño nace, pero pueden no ser hereditarias.</p>
<p>Estos pueden tener un origen genético, infeccioso o ambiental, aunque en la mayoría de los casos resulta difícil identificar su causa. Los defectos congénitos más frecuentes son las malformaciones cardíacas, los defectos del tubo neural y el síndrome de Down.</p>
<p>Los defectos al nacer son la segunda causa de muerte en los niños menores de 28 días y de menos de 5 años en las Américas. Para los bebés que sobreviven y viven con estas condiciones, los defectos de nacimiento aumentan su riesgo de discapacidades a largo plazo.</p>
<p>Muchos se pueden prevenir o tratar. La ingesta suficiente de ácido fólico y yodo durante el embarazo, la vacunación contra la rubéola a las mujeres (que pueden transmitirlo a sus hijos durante el parto) y los cuidados prenatales adecuados constituyen algunas medidas clave en este sentido.</p>
<p style="text-align: center;"><em>&lt;&lt; Un diagnóstico oportuno nos da la posibilidad de no dejar a nadie atrás. &gt;&gt;</em></p>

<p>Este día se conmemora con el fin de generar conciencia sobre el impacto de los defectos congénitos, alteraciones estructurales o funcionales, visibles o no, que están presentes desde que el niño nace, pero pueden&#46;&#46;&#46;</p>

<!-- This site is optimized with the Yoast SEO plugin v25.2 - https://yoast.com/wordpress/plugins/seo/ -->
<title>3 de Marzo: Día Mundial de los Defectos Congénitos - SCEMT</title>
<meta name="robots" content="index, follow, max-snippet:-1, max-image-preview:large, max-video-preview:-1" />
<link rel="canonical" href="https://scemt.org/?page_id=535" />
<meta property="og:locale" content="es_ES" />
<meta property="og:type" content="article" />
<meta property="og:title" content="3 de Marzo: Día Mundial de los Defectos Congénitos - SCEMT" />
<meta property="og:description" content="Este día se conmemora con el fin de generar conciencia sobre el impacto de los defectos congénitos, alteraciones estructurales o funcionales, visibles o no, que están presentes desde que el niño nace, pero pueden&#046;&#046;&#046;" />
<meta property="og:url" content="https://scemt.org/?page_id=535" />
<meta property="og:site_name" content="SCEMT" />
<meta property="article:modified_time" content="2020-05-05T13:42:14+00:00" />
<meta property="og:image" content="https://scemt.org/wp-content/uploads/2020/03/Diapositiva2.png" />
	<meta property="og:image:width" content="960" />
	<meta property="og:image:height" content="720" />
	<meta property="og:image:type" content="image/png" />
<meta name="twitter:card" content="summary_large_image" />
<meta name="twitter:label1" content="Tiempo de lectura" />
	<meta name="twitter:data1" content="1 minuto" />
<script type="application/ld+json" class="yoast-schema-graph">{"@context":"https://schema.org","@graph":[{"@type":"WebPage","@id":"https://scemt.org/?page_id=535","url":"https://scemt.org/?page_id=535","name":"3 de Marzo: Día Mundial de los Defectos Congénitos - SCEMT","isPartOf":{"@id":"https://scemt.org/#website"},"primaryImageOfPage":{"@id":"https://scemt.org/?page_id=535#primaryimage"},"image":{"@id":"https://scemt.org/?page_id=535#primaryimage"},"thumbnailUrl":"https://scemt.org/wp-content/uploads/2020/03/Diapositiva2.png","datePublished":"2020-05-05T13:42:12+00:00","dateModified":"2020-05-05T13:42:14+00:00","breadcrumb":{"@id":"https://scemt.org/?page_id=535#breadcrumb"},"inLanguage":"es-AR","potentialAction":[{"@type":"ReadAction","target":["https://scemt.org/?page_id=535"]}]},{"@type":"ImageObject","inLanguage":"es-AR","@id":"https://scemt.org/?page_id=535#primaryimage","url":"https://scemt.org/wp-content/uploads/2020/03/Diapositiva2.png","contentUrl":"https://scemt.org/wp-content/uploads/2020/03/Diapositiva2.png","width":960,"height":720},{"@type":"BreadcrumbList","@id":"https://scemt.org/?page_id=535#breadcrumb","itemListElement":[{"@type":"ListItem","position":1,"name":"Inicio","item":"https://scemt.org/"},{"@type":"ListItem","position":2,"name":"3 de Marzo: Día Mundial de los Defectos Congénitos"}]},{"@type":"WebSite","@id":"https://scemt.org/#website","url":"https://scemt.org/","name":"SCEMT","description":"Sociedad Científica de Estudiantes de Medicina de Tucumán","publisher":{"@id":"https://scemt.org/#organization"},"potentialAction":[{"@type":"SearchAction","target":{"@type":"EntryPoint","urlTemplate":"https://scemt.org/?s={search_term_string}"},"query-input":{"@type":"PropertyValueSpecification","valueRequired":true,"valueName":"search_term_string"}}],"inLanguage":"es-AR"},{"@type":"Organization","@id":"https://scemt.org/#organization","name":"SCEMT","url":"https://scemt.org/","logo":{"@type":"ImageObject","inLanguage":"es-AR","@id":"https://scemt.org/#/schema/logo/image/","url":"https://scemt.org/wp-content/uploads/2023/03/Logo-SCEMT.png","contentUrl":"https://scemt.org/wp-content/uploads/2023/03/Logo-SCEMT.png","width":3794,"height":4393,"caption":"SCEMT"},"image":{"@id":"https://scemt.org/#/schema/logo/image/"}}]}</script>
<!-- / Yoast SEO plugin. -->

3 de Marzo: Día Mundial de los Defectos Congénitos - SCEMT

Este día se conmemora con el fin de generar conciencia sobre el impacto de los defectos congénitos, alteraciones estructurales o funcionales, visibles o no, que están presentes desde que el niño nace, pero pueden&#46;&#46;&#46;

Sociedad Científica de Estudiantes de Medicina de Tucumán
