{"id":537,"date":"2020-05-05T10:44:29","date_gmt":"2020-05-05T13:44:29","guid":{"rendered":"https:\/\/scemt.org\/?page_id=537"},"modified":"2020-05-05T10:44:31","modified_gmt":"2020-05-05T13:44:31","slug":"semana-mundial-del-glaucoma","status":"publish","type":"page","link":"https:\/\/scemt.org\/?page_id=537","title":{"rendered":"Semana Mundial del Glaucoma"},"content":{"rendered":"\n<figure class=\"wp-block-image size-large\"><img loading=\"lazy\" decoding=\"async\" width=\"960\" height=\"720\" src=\"https:\/\/scemt.org\/wp-content\/uploads\/2020\/03\/Glaucoma-12-de-Marzo.png\" alt=\"\" class=\"wp-image-332\" srcset=\"https:\/\/scemt.org\/wp-content\/uploads\/2020\/03\/Glaucoma-12-de-Marzo.png 960w, https:\/\/scemt.org\/wp-content\/uploads\/2020\/03\/Glaucoma-12-de-Marzo-300x225.png 300w, https:\/\/scemt.org\/wp-content\/uploads\/2020\/03\/Glaucoma-12-de-Marzo-768x576.png 768w\" sizes=\"auto, (max-width: 960px) 100vw, 960px\" \/><\/figure>\n\n\n<p>Esta semana pretende llamar la atenci\u00f3n sobre una enfermedad cr\u00f3nica que puede afectar muy gravemente a la visi\u00f3n, record\u00e1ndonos la importancia de revisar y controlar nuestra presi\u00f3n intraocular para prevenir el glaucoma.<\/p>\n<p>El\u00a0glaucoma\u00a0es una enfermedad del nervio \u00f3ptico (neuropat\u00eda) causada, en la mayor\u00eda de los casos pero no \u00fanicamente, por el incremento de la presi\u00f3n intraocular. Se caracteriza por p\u00e9rdida de visi\u00f3n progresiva, generalmente perif\u00e9rica, que avanza sin ning\u00fan tipo de s\u00edntoma ni de dolor al inicio de la enfermedad. Es\u00a0irreversible, aunque se puede frenar su evoluci\u00f3n mediante el diagn\u00f3stico precoz y el tratamiento adecuado.<\/p>\n<p>Sin una revisi\u00f3n no es posible detectar esta enfermedad en su fase inicial. De hecho, el glaucoma no genera s\u00edntomas perceptibles en el paciente al principio, lo cual es un inconveniente para la detecci\u00f3n temprana.<\/p>\n<p>Para poder realizar un diagn\u00f3stico precoz del glaucoma, se debe realizar una toma de presi\u00f3n intraocular al menos una vez al a\u00f1o.<\/p>\n<p style=\"text-align: center;\"><em>&lt;&lt; Ver el mundo es maravilloso. &gt;&gt;<\/em><\/p>","protected":false},"excerpt":{"rendered":"<p>Esta semana pretende llamar la atenci\u00f3n sobre una enfermedad cr\u00f3nica que puede afectar muy gravemente a la visi\u00f3n, record\u00e1ndonos la importancia de revisar y controlar nuestra presi\u00f3n intraocular para prevenir el glaucoma. El\u00a0glaucoma\u00a0es una&#46;&#46;&#46;<\/p>\n","protected":false},"author":1,"featured_media":0,"parent":0,"menu_order":0,"comment_status":"closed","ping_status":"closed","template":"","meta":{"_mc_calendar":[],"footnotes":""},"class_list":["post-537","page","type-page","status-publish","hentry"],"yoast_head":"<!-- This site is optimized with the Yoast SEO plugin v25.2 - https:\/\/yoast.com\/wordpress\/plugins\/seo\/ -->\n<title>Semana Mundial del Glaucoma - SCEMT<\/title>\n<meta name=\"robots\" content=\"index, follow, max-snippet:-1, max-image-preview:large, max-video-preview:-1\" \/>\n<link rel=\"canonical\" href=\"https:\/\/scemt.org\/?page_id=537\" \/>\n<meta property=\"og:locale\" content=\"es_ES\" \/>\n<meta property=\"og:type\" content=\"article\" \/>\n<meta property=\"og:title\" content=\"Semana Mundial del Glaucoma - SCEMT\" \/>\n<meta property=\"og:description\" content=\"Esta semana pretende llamar la atenci\u00f3n sobre una enfermedad cr\u00f3nica que puede afectar muy gravemente a la visi\u00f3n, record\u00e1ndonos la importancia de revisar y controlar nuestra presi\u00f3n intraocular para prevenir el glaucoma. El\u00a0glaucoma\u00a0es una&#046;&#046;&#046;\" \/>\n<meta property=\"og:url\" content=\"https:\/\/scemt.org\/?page_id=537\" \/>\n<meta property=\"og:site_name\" content=\"SCEMT\" \/>\n<meta property=\"article:modified_time\" content=\"2020-05-05T13:44:31+00:00\" \/>\n<meta property=\"og:image\" content=\"https:\/\/scemt.org\/wp-content\/uploads\/2020\/03\/Glaucoma-12-de-Marzo.png\" \/>\n\t<meta property=\"og:image:width\" content=\"960\" \/>\n\t<meta property=\"og:image:height\" content=\"720\" \/>\n\t<meta property=\"og:image:type\" content=\"image\/png\" \/>\n<meta name=\"twitter:card\" content=\"summary_large_image\" \/>\n<meta name=\"twitter:label1\" content=\"Tiempo de lectura\" \/>\n\t<meta name=\"twitter:data1\" content=\"1 minuto\" \/>\n<script type=\"application\/ld+json\" class=\"yoast-schema-graph\">{\"@context\":\"https:\/\/schema.org\",\"@graph\":[{\"@type\":\"WebPage\",\"@id\":\"https:\/\/scemt.org\/?page_id=537\",\"url\":\"https:\/\/scemt.org\/?page_id=537\",\"name\":\"Semana Mundial del Glaucoma - SCEMT\",\"isPartOf\":{\"@id\":\"https:\/\/scemt.org\/#website\"},\"primaryImageOfPage\":{\"@id\":\"https:\/\/scemt.org\/?page_id=537#primaryimage\"},\"image\":{\"@id\":\"https:\/\/scemt.org\/?page_id=537#primaryimage\"},\"thumbnailUrl\":\"https:\/\/scemt.org\/wp-content\/uploads\/2020\/03\/Glaucoma-12-de-Marzo.png\",\"datePublished\":\"2020-05-05T13:44:29+00:00\",\"dateModified\":\"2020-05-05T13:44:31+00:00\",\"breadcrumb\":{\"@id\":\"https:\/\/scemt.org\/?page_id=537#breadcrumb\"},\"inLanguage\":\"es-AR\",\"potentialAction\":[{\"@type\":\"ReadAction\",\"target\":[\"https:\/\/scemt.org\/?page_id=537\"]}]},{\"@type\":\"ImageObject\",\"inLanguage\":\"es-AR\",\"@id\":\"https:\/\/scemt.org\/?page_id=537#primaryimage\",\"url\":\"https:\/\/scemt.org\/wp-content\/uploads\/2020\/03\/Glaucoma-12-de-Marzo.png\",\"contentUrl\":\"https:\/\/scemt.org\/wp-content\/uploads\/2020\/03\/Glaucoma-12-de-Marzo.png\",\"width\":960,\"height\":720},{\"@type\":\"BreadcrumbList\",\"@id\":\"https:\/\/scemt.org\/?page_id=537#breadcrumb\",\"itemListElement\":[{\"@type\":\"ListItem\",\"position\":1,\"name\":\"Inicio\",\"item\":\"https:\/\/scemt.org\/\"},{\"@type\":\"ListItem\",\"position\":2,\"name\":\"Semana Mundial del Glaucoma\"}]},{\"@type\":\"WebSite\",\"@id\":\"https:\/\/scemt.org\/#website\",\"url\":\"https:\/\/scemt.org\/\",\"name\":\"SCEMT\",\"description\":\"Sociedad Cient\u00edfica de Estudiantes de Medicina de Tucum\u00e1n\",\"publisher\":{\"@id\":\"https:\/\/scemt.org\/#organization\"},\"potentialAction\":[{\"@type\":\"SearchAction\",\"target\":{\"@type\":\"EntryPoint\",\"urlTemplate\":\"https:\/\/scemt.org\/?s={search_term_string}\"},\"query-input\":{\"@type\":\"PropertyValueSpecification\",\"valueRequired\":true,\"valueName\":\"search_term_string\"}}],\"inLanguage\":\"es-AR\"},{\"@type\":\"Organization\",\"@id\":\"https:\/\/scemt.org\/#organization\",\"name\":\"SCEMT\",\"url\":\"https:\/\/scemt.org\/\",\"logo\":{\"@type\":\"ImageObject\",\"inLanguage\":\"es-AR\",\"@id\":\"https:\/\/scemt.org\/#\/schema\/logo\/image\/\",\"url\":\"https:\/\/scemt.org\/wp-content\/uploads\/2023\/03\/Logo-SCEMT.png\",\"contentUrl\":\"https:\/\/scemt.org\/wp-content\/uploads\/2023\/03\/Logo-SCEMT.png\",\"width\":3794,\"height\":4393,\"caption\":\"SCEMT\"},\"image\":{\"@id\":\"https:\/\/scemt.org\/#\/schema\/logo\/image\/\"}}]}<\/script>\n<!-- \/ Yoast SEO plugin. -->","yoast_head_json":{"title":"Semana Mundial del Glaucoma - SCEMT","robots":{"index":"index","follow":"follow","max-snippet":"max-snippet:-1","max-image-preview":"max-image-preview:large","max-video-preview":"max-video-preview:-1"},"canonical":"https:\/\/scemt.org\/?page_id=537","og_locale":"es_ES","og_type":"article","og_title":"Semana Mundial del Glaucoma - SCEMT","og_description":"Esta semana pretende llamar la atenci\u00f3n sobre una enfermedad cr\u00f3nica que puede afectar muy gravemente a la visi\u00f3n, record\u00e1ndonos la importancia de revisar y controlar nuestra presi\u00f3n intraocular para prevenir el glaucoma. El\u00a0glaucoma\u00a0es una&#46;&#46;&#46;","og_url":"https:\/\/scemt.org\/?page_id=537","og_site_name":"SCEMT","article_modified_time":"2020-05-05T13:44:31+00:00","og_image":[{"width":960,"height":720,"url":"https:\/\/scemt.org\/wp-content\/uploads\/2020\/03\/Glaucoma-12-de-Marzo.png","type":"image\/png"}],"twitter_card":"summary_large_image","twitter_misc":{"Tiempo de lectura":"1 minuto"},"schema":{"@context":"https:\/\/schema.org","@graph":[{"@type":"WebPage","@id":"https:\/\/scemt.org\/?page_id=537","url":"https:\/\/scemt.org\/?page_id=537","name":"Semana Mundial del Glaucoma - SCEMT","isPartOf":{"@id":"https:\/\/scemt.org\/#website"},"primaryImageOfPage":{"@id":"https:\/\/scemt.org\/?page_id=537#primaryimage"},"image":{"@id":"https:\/\/scemt.org\/?page_id=537#primaryimage"},"thumbnailUrl":"https:\/\/scemt.org\/wp-content\/uploads\/2020\/03\/Glaucoma-12-de-Marzo.png","datePublished":"2020-05-05T13:44:29+00:00","dateModified":"2020-05-05T13:44:31+00:00","breadcrumb":{"@id":"https:\/\/scemt.org\/?page_id=537#breadcrumb"},"inLanguage":"es-AR","potentialAction":[{"@type":"ReadAction","target":["https:\/\/scemt.org\/?page_id=537"]}]},{"@type":"ImageObject","inLanguage":"es-AR","@id":"https:\/\/scemt.org\/?page_id=537#primaryimage","url":"https:\/\/scemt.org\/wp-content\/uploads\/2020\/03\/Glaucoma-12-de-Marzo.png","contentUrl":"https:\/\/scemt.org\/wp-content\/uploads\/2020\/03\/Glaucoma-12-de-Marzo.png","width":960,"height":720},{"@type":"BreadcrumbList","@id":"https:\/\/scemt.org\/?page_id=537#breadcrumb","itemListElement":[{"@type":"ListItem","position":1,"name":"Inicio","item":"https:\/\/scemt.org\/"},{"@type":"ListItem","position":2,"name":"Semana Mundial del Glaucoma"}]},{"@type":"WebSite","@id":"https:\/\/scemt.org\/#website","url":"https:\/\/scemt.org\/","name":"SCEMT","description":"Sociedad Cient\u00edfica de Estudiantes de Medicina de Tucum\u00e1n","publisher":{"@id":"https:\/\/scemt.org\/#organization"},"potentialAction":[{"@type":"SearchAction","target":{"@type":"EntryPoint","urlTemplate":"https:\/\/scemt.org\/?s={search_term_string}"},"query-input":{"@type":"PropertyValueSpecification","valueRequired":true,"valueName":"search_term_string"}}],"inLanguage":"es-AR"},{"@type":"Organization","@id":"https:\/\/scemt.org\/#organization","name":"SCEMT","url":"https:\/\/scemt.org\/","logo":{"@type":"ImageObject","inLanguage":"es-AR","@id":"https:\/\/scemt.org\/#\/schema\/logo\/image\/","url":"https:\/\/scemt.org\/wp-content\/uploads\/2023\/03\/Logo-SCEMT.png","contentUrl":"https:\/\/scemt.org\/wp-content\/uploads\/2023\/03\/Logo-SCEMT.png","width":3794,"height":4393,"caption":"SCEMT"},"image":{"@id":"https:\/\/scemt.org\/#\/schema\/logo\/image\/"}}]}},"jetpack_sharing_enabled":true,"_links":{"self":[{"href":"https:\/\/scemt.org\/index.php?rest_route=\/wp\/v2\/pages\/537","targetHints":{"allow":["GET"]}}],"collection":[{"href":"https:\/\/scemt.org\/index.php?rest_route=\/wp\/v2\/pages"}],"about":[{"href":"https:\/\/scemt.org\/index.php?rest_route=\/wp\/v2\/types\/page"}],"author":[{"embeddable":true,"href":"https:\/\/scemt.org\/index.php?rest_route=\/wp\/v2\/users\/1"}],"replies":[{"embeddable":true,"href":"https:\/\/scemt.org\/index.php?rest_route=%2Fwp%2Fv2%2Fcomments&post=537"}],"version-history":[{"count":1,"href":"https:\/\/scemt.org\/index.php?rest_route=\/wp\/v2\/pages\/537\/revisions"}],"predecessor-version":[{"id":538,"href":"https:\/\/scemt.org\/index.php?rest_route=\/wp\/v2\/pages\/537\/revisions\/538"}],"wp:attachment":[{"href":"https:\/\/scemt.org\/index.php?rest_route=%2Fwp%2Fv2%2Fmedia&parent=537"}],"curies":[{"name":"wp","href":"https:\/\/api.w.org\/{rel}","templated":true}]}}

<figure class="wp-block-image size-large"><img loading="lazy" decoding="async" width="960" height="720" src="https://scemt.org/wp-content/uploads/2020/03/Glaucoma-12-de-Marzo.png" alt="" class="wp-image-332" srcset="https://scemt.org/wp-content/uploads/2020/03/Glaucoma-12-de-Marzo.png 960w, https://scemt.org/wp-content/uploads/2020/03/Glaucoma-12-de-Marzo-300x225.png 300w, https://scemt.org/wp-content/uploads/2020/03/Glaucoma-12-de-Marzo-768x576.png 768w" sizes="auto, (max-width: 960px) 100vw, 960px" /></figure>


<p>Esta semana pretende llamar la atención sobre una enfermedad crónica que puede afectar muy gravemente a la visión, recordándonos la importancia de revisar y controlar nuestra presión intraocular para prevenir el glaucoma.</p>
<p>El glaucoma es una enfermedad del nervio óptico (neuropatía) causada, en la mayoría de los casos pero no únicamente, por el incremento de la presión intraocular. Se caracteriza por pérdida de visión progresiva, generalmente periférica, que avanza sin ningún tipo de síntoma ni de dolor al inicio de la enfermedad. Es irreversible, aunque se puede frenar su evolución mediante el diagnóstico precoz y el tratamiento adecuado.</p>
<p>Sin una revisión no es posible detectar esta enfermedad en su fase inicial. De hecho, el glaucoma no genera síntomas perceptibles en el paciente al principio, lo cual es un inconveniente para la detección temprana.</p>
<p>Para poder realizar un diagnóstico precoz del glaucoma, se debe realizar una toma de presión intraocular al menos una vez al año.</p>
<p style="text-align: center;"><em>&lt;&lt; Ver el mundo es maravilloso. &gt;&gt;</em></p>

<p>Esta semana pretende llamar la atención sobre una enfermedad crónica que puede afectar muy gravemente a la visión, recordándonos la importancia de revisar y controlar nuestra presión intraocular para prevenir el glaucoma. El glaucoma es una&#46;&#46;&#46;</p>

<!-- This site is optimized with the Yoast SEO plugin v25.2 - https://yoast.com/wordpress/plugins/seo/ -->
<title>Semana Mundial del Glaucoma - SCEMT</title>
<meta name="robots" content="index, follow, max-snippet:-1, max-image-preview:large, max-video-preview:-1" />
<link rel="canonical" href="https://scemt.org/?page_id=537" />
<meta property="og:locale" content="es_ES" />
<meta property="og:type" content="article" />
<meta property="og:title" content="Semana Mundial del Glaucoma - SCEMT" />
<meta property="og:description" content="Esta semana pretende llamar la atención sobre una enfermedad crónica que puede afectar muy gravemente a la visión, recordándonos la importancia de revisar y controlar nuestra presión intraocular para prevenir el glaucoma. El glaucoma es una&#046;&#046;&#046;" />
<meta property="og:url" content="https://scemt.org/?page_id=537" />
<meta property="og:site_name" content="SCEMT" />
<meta property="article:modified_time" content="2020-05-05T13:44:31+00:00" />
<meta property="og:image" content="https://scemt.org/wp-content/uploads/2020/03/Glaucoma-12-de-Marzo.png" />
	<meta property="og:image:width" content="960" />
	<meta property="og:image:height" content="720" />
	<meta property="og:image:type" content="image/png" />
<meta name="twitter:card" content="summary_large_image" />
<meta name="twitter:label1" content="Tiempo de lectura" />
	<meta name="twitter:data1" content="1 minuto" />
<script type="application/ld+json" class="yoast-schema-graph">{"@context":"https://schema.org","@graph":[{"@type":"WebPage","@id":"https://scemt.org/?page_id=537","url":"https://scemt.org/?page_id=537","name":"Semana Mundial del Glaucoma - SCEMT","isPartOf":{"@id":"https://scemt.org/#website"},"primaryImageOfPage":{"@id":"https://scemt.org/?page_id=537#primaryimage"},"image":{"@id":"https://scemt.org/?page_id=537#primaryimage"},"thumbnailUrl":"https://scemt.org/wp-content/uploads/2020/03/Glaucoma-12-de-Marzo.png","datePublished":"2020-05-05T13:44:29+00:00","dateModified":"2020-05-05T13:44:31+00:00","breadcrumb":{"@id":"https://scemt.org/?page_id=537#breadcrumb"},"inLanguage":"es-AR","potentialAction":[{"@type":"ReadAction","target":["https://scemt.org/?page_id=537"]}]},{"@type":"ImageObject","inLanguage":"es-AR","@id":"https://scemt.org/?page_id=537#primaryimage","url":"https://scemt.org/wp-content/uploads/2020/03/Glaucoma-12-de-Marzo.png","contentUrl":"https://scemt.org/wp-content/uploads/2020/03/Glaucoma-12-de-Marzo.png","width":960,"height":720},{"@type":"BreadcrumbList","@id":"https://scemt.org/?page_id=537#breadcrumb","itemListElement":[{"@type":"ListItem","position":1,"name":"Inicio","item":"https://scemt.org/"},{"@type":"ListItem","position":2,"name":"Semana Mundial del Glaucoma"}]},{"@type":"WebSite","@id":"https://scemt.org/#website","url":"https://scemt.org/","name":"SCEMT","description":"Sociedad Científica de Estudiantes de Medicina de Tucumán","publisher":{"@id":"https://scemt.org/#organization"},"potentialAction":[{"@type":"SearchAction","target":{"@type":"EntryPoint","urlTemplate":"https://scemt.org/?s={search_term_string}"},"query-input":{"@type":"PropertyValueSpecification","valueRequired":true,"valueName":"search_term_string"}}],"inLanguage":"es-AR"},{"@type":"Organization","@id":"https://scemt.org/#organization","name":"SCEMT","url":"https://scemt.org/","logo":{"@type":"ImageObject","inLanguage":"es-AR","@id":"https://scemt.org/#/schema/logo/image/","url":"https://scemt.org/wp-content/uploads/2023/03/Logo-SCEMT.png","contentUrl":"https://scemt.org/wp-content/uploads/2023/03/Logo-SCEMT.png","width":3794,"height":4393,"caption":"SCEMT"},"image":{"@id":"https://scemt.org/#/schema/logo/image/"}}]}</script>
<!-- / Yoast SEO plugin. -->

Esta semana pretende llamar la atención sobre una enfermedad crónica que puede afectar muy gravemente a la visión, recordándonos la importancia de revisar y controlar nuestra presión intraocular para prevenir el glaucoma. El glaucoma es una&#46;&#46;&#46;

Sociedad Científica de Estudiantes de Medicina de Tucumán
