{"id":539,"date":"2020-05-05T10:46:11","date_gmt":"2020-05-05T13:46:11","guid":{"rendered":"https:\/\/scemt.org\/?page_id=539"},"modified":"2020-05-05T10:46:13","modified_gmt":"2020-05-05T13:46:13","slug":"12-de-marzo-dia-mundial-del-rinon","status":"publish","type":"page","link":"https:\/\/scemt.org\/?page_id=539","title":{"rendered":"12 de Marzo: D\u00eda Mundial del Ri\u00f1\u00f3n"},"content":{"rendered":"\n<figure class=\"wp-block-image size-large\"><img loading=\"lazy\" decoding=\"async\" width=\"960\" height=\"720\" src=\"https:\/\/scemt.org\/wp-content\/uploads\/2020\/03\/Ri\u00f1\u00f3n-12-de-Marzo.png\" alt=\"\" class=\"wp-image-329\" srcset=\"https:\/\/scemt.org\/wp-content\/uploads\/2020\/03\/Ri\u00f1\u00f3n-12-de-Marzo.png 960w, https:\/\/scemt.org\/wp-content\/uploads\/2020\/03\/Ri\u00f1\u00f3n-12-de-Marzo-300x225.png 300w, https:\/\/scemt.org\/wp-content\/uploads\/2020\/03\/Ri\u00f1\u00f3n-12-de-Marzo-768x576.png 768w\" sizes=\"auto, (max-width: 960px) 100vw, 960px\" \/><\/figure>\n\n\n<p>Celebrado cada a\u00f1o el segundo jueves de marzo, este d\u00eda representa una campa\u00f1a global cuyo objetivo es crear conciencia sobre la importancia de nuestros ri\u00f1ones y reducir el impacto de la enfermedad renal, pudiendo detectar cualquier padecimiento en los ri\u00f1ones de forma precoz y sus problemas de salud asociados en todo el mundo.<\/p>\n<p>Los ri\u00f1ones son el gran filtro del cuerpo que ayuda a desechar toxinas, que producimos o ingerimos, por medio de la orina. Si este filtro no funciona o se obstruye, se producen intoxicaciones a niveles que pueden llegar a ser letales. Por otro lado, unos ri\u00f1ones enfermos aumenta las posibilidades de sufrir infartos de miocardio y accidentes cerebro vasculares, dado que la sangre permanecer\u00e1 \u201csucia\u201d.<\/p>\n<p>La evaluaci\u00f3n del funcionamiento de los ri\u00f1ones para poder detectar alguna patolog\u00eda se realiza por medio de ex\u00e1menes de laboratorio de sangre y orina.<\/p>\n<p style=\"text-align: center;\"><em>&lt;&lt; Salud renal para todos en todas partes. &gt;&gt;<\/em><\/p>","protected":false},"excerpt":{"rendered":"<p>Celebrado cada a\u00f1o el segundo jueves de marzo, este d\u00eda representa una campa\u00f1a global cuyo objetivo es crear conciencia sobre la importancia de nuestros ri\u00f1ones y reducir el impacto de la enfermedad renal, pudiendo&#46;&#46;&#46;<\/p>\n","protected":false},"author":1,"featured_media":0,"parent":0,"menu_order":0,"comment_status":"closed","ping_status":"closed","template":"","meta":{"_mc_calendar":[],"footnotes":""},"class_list":["post-539","page","type-page","status-publish","hentry"],"yoast_head":"<!-- This site is optimized with the Yoast SEO plugin v25.2 - https:\/\/yoast.com\/wordpress\/plugins\/seo\/ -->\n<title>12 de Marzo: D\u00eda Mundial del Ri\u00f1\u00f3n - SCEMT<\/title>\n<meta name=\"robots\" content=\"index, follow, max-snippet:-1, max-image-preview:large, max-video-preview:-1\" \/>\n<link rel=\"canonical\" href=\"https:\/\/scemt.org\/?page_id=539\" \/>\n<meta property=\"og:locale\" content=\"es_ES\" \/>\n<meta property=\"og:type\" content=\"article\" \/>\n<meta property=\"og:title\" content=\"12 de Marzo: D\u00eda Mundial del Ri\u00f1\u00f3n - SCEMT\" \/>\n<meta property=\"og:description\" content=\"Celebrado cada a\u00f1o el segundo jueves de marzo, este d\u00eda representa una campa\u00f1a global cuyo objetivo es crear conciencia sobre la importancia de nuestros ri\u00f1ones y reducir el impacto de la enfermedad renal, pudiendo&#046;&#046;&#046;\" \/>\n<meta property=\"og:url\" content=\"https:\/\/scemt.org\/?page_id=539\" \/>\n<meta property=\"og:site_name\" content=\"SCEMT\" \/>\n<meta property=\"article:modified_time\" content=\"2020-05-05T13:46:13+00:00\" \/>\n<meta name=\"twitter:card\" content=\"summary_large_image\" \/>\n<meta name=\"twitter:label1\" content=\"Tiempo de lectura\" \/>\n\t<meta name=\"twitter:data1\" content=\"1 minuto\" \/>\n<script type=\"application\/ld+json\" class=\"yoast-schema-graph\">{\"@context\":\"https:\/\/schema.org\",\"@graph\":[{\"@type\":\"WebPage\",\"@id\":\"https:\/\/scemt.org\/?page_id=539\",\"url\":\"https:\/\/scemt.org\/?page_id=539\",\"name\":\"12 de Marzo: D\u00eda Mundial del Ri\u00f1\u00f3n - SCEMT\",\"isPartOf\":{\"@id\":\"https:\/\/scemt.org\/#website\"},\"datePublished\":\"2020-05-05T13:46:11+00:00\",\"dateModified\":\"2020-05-05T13:46:13+00:00\",\"breadcrumb\":{\"@id\":\"https:\/\/scemt.org\/?page_id=539#breadcrumb\"},\"inLanguage\":\"es-AR\",\"potentialAction\":[{\"@type\":\"ReadAction\",\"target\":[\"https:\/\/scemt.org\/?page_id=539\"]}]},{\"@type\":\"BreadcrumbList\",\"@id\":\"https:\/\/scemt.org\/?page_id=539#breadcrumb\",\"itemListElement\":[{\"@type\":\"ListItem\",\"position\":1,\"name\":\"Inicio\",\"item\":\"https:\/\/scemt.org\/\"},{\"@type\":\"ListItem\",\"position\":2,\"name\":\"12 de Marzo: D\u00eda Mundial del Ri\u00f1\u00f3n\"}]},{\"@type\":\"WebSite\",\"@id\":\"https:\/\/scemt.org\/#website\",\"url\":\"https:\/\/scemt.org\/\",\"name\":\"SCEMT\",\"description\":\"Sociedad Cient\u00edfica de Estudiantes de Medicina de Tucum\u00e1n\",\"publisher\":{\"@id\":\"https:\/\/scemt.org\/#organization\"},\"potentialAction\":[{\"@type\":\"SearchAction\",\"target\":{\"@type\":\"EntryPoint\",\"urlTemplate\":\"https:\/\/scemt.org\/?s={search_term_string}\"},\"query-input\":{\"@type\":\"PropertyValueSpecification\",\"valueRequired\":true,\"valueName\":\"search_term_string\"}}],\"inLanguage\":\"es-AR\"},{\"@type\":\"Organization\",\"@id\":\"https:\/\/scemt.org\/#organization\",\"name\":\"SCEMT\",\"url\":\"https:\/\/scemt.org\/\",\"logo\":{\"@type\":\"ImageObject\",\"inLanguage\":\"es-AR\",\"@id\":\"https:\/\/scemt.org\/#\/schema\/logo\/image\/\",\"url\":\"https:\/\/scemt.org\/wp-content\/uploads\/2023\/03\/Logo-SCEMT.png\",\"contentUrl\":\"https:\/\/scemt.org\/wp-content\/uploads\/2023\/03\/Logo-SCEMT.png\",\"width\":3794,\"height\":4393,\"caption\":\"SCEMT\"},\"image\":{\"@id\":\"https:\/\/scemt.org\/#\/schema\/logo\/image\/\"}}]}<\/script>\n<!-- \/ Yoast SEO plugin. -->","yoast_head_json":{"title":"12 de Marzo: D\u00eda Mundial del Ri\u00f1\u00f3n - SCEMT","robots":{"index":"index","follow":"follow","max-snippet":"max-snippet:-1","max-image-preview":"max-image-preview:large","max-video-preview":"max-video-preview:-1"},"canonical":"https:\/\/scemt.org\/?page_id=539","og_locale":"es_ES","og_type":"article","og_title":"12 de Marzo: D\u00eda Mundial del Ri\u00f1\u00f3n - SCEMT","og_description":"Celebrado cada a\u00f1o el segundo jueves de marzo, este d\u00eda representa una campa\u00f1a global cuyo objetivo es crear conciencia sobre la importancia de nuestros ri\u00f1ones y reducir el impacto de la enfermedad renal, pudiendo&#46;&#46;&#46;","og_url":"https:\/\/scemt.org\/?page_id=539","og_site_name":"SCEMT","article_modified_time":"2020-05-05T13:46:13+00:00","twitter_card":"summary_large_image","twitter_misc":{"Tiempo de lectura":"1 minuto"},"schema":{"@context":"https:\/\/schema.org","@graph":[{"@type":"WebPage","@id":"https:\/\/scemt.org\/?page_id=539","url":"https:\/\/scemt.org\/?page_id=539","name":"12 de Marzo: D\u00eda Mundial del Ri\u00f1\u00f3n - SCEMT","isPartOf":{"@id":"https:\/\/scemt.org\/#website"},"datePublished":"2020-05-05T13:46:11+00:00","dateModified":"2020-05-05T13:46:13+00:00","breadcrumb":{"@id":"https:\/\/scemt.org\/?page_id=539#breadcrumb"},"inLanguage":"es-AR","potentialAction":[{"@type":"ReadAction","target":["https:\/\/scemt.org\/?page_id=539"]}]},{"@type":"BreadcrumbList","@id":"https:\/\/scemt.org\/?page_id=539#breadcrumb","itemListElement":[{"@type":"ListItem","position":1,"name":"Inicio","item":"https:\/\/scemt.org\/"},{"@type":"ListItem","position":2,"name":"12 de Marzo: D\u00eda Mundial del Ri\u00f1\u00f3n"}]},{"@type":"WebSite","@id":"https:\/\/scemt.org\/#website","url":"https:\/\/scemt.org\/","name":"SCEMT","description":"Sociedad Cient\u00edfica de Estudiantes de Medicina de Tucum\u00e1n","publisher":{"@id":"https:\/\/scemt.org\/#organization"},"potentialAction":[{"@type":"SearchAction","target":{"@type":"EntryPoint","urlTemplate":"https:\/\/scemt.org\/?s={search_term_string}"},"query-input":{"@type":"PropertyValueSpecification","valueRequired":true,"valueName":"search_term_string"}}],"inLanguage":"es-AR"},{"@type":"Organization","@id":"https:\/\/scemt.org\/#organization","name":"SCEMT","url":"https:\/\/scemt.org\/","logo":{"@type":"ImageObject","inLanguage":"es-AR","@id":"https:\/\/scemt.org\/#\/schema\/logo\/image\/","url":"https:\/\/scemt.org\/wp-content\/uploads\/2023\/03\/Logo-SCEMT.png","contentUrl":"https:\/\/scemt.org\/wp-content\/uploads\/2023\/03\/Logo-SCEMT.png","width":3794,"height":4393,"caption":"SCEMT"},"image":{"@id":"https:\/\/scemt.org\/#\/schema\/logo\/image\/"}}]}},"jetpack_sharing_enabled":true,"_links":{"self":[{"href":"https:\/\/scemt.org\/index.php?rest_route=\/wp\/v2\/pages\/539","targetHints":{"allow":["GET"]}}],"collection":[{"href":"https:\/\/scemt.org\/index.php?rest_route=\/wp\/v2\/pages"}],"about":[{"href":"https:\/\/scemt.org\/index.php?rest_route=\/wp\/v2\/types\/page"}],"author":[{"embeddable":true,"href":"https:\/\/scemt.org\/index.php?rest_route=\/wp\/v2\/users\/1"}],"replies":[{"embeddable":true,"href":"https:\/\/scemt.org\/index.php?rest_route=%2Fwp%2Fv2%2Fcomments&post=539"}],"version-history":[{"count":1,"href":"https:\/\/scemt.org\/index.php?rest_route=\/wp\/v2\/pages\/539\/revisions"}],"predecessor-version":[{"id":540,"href":"https:\/\/scemt.org\/index.php?rest_route=\/wp\/v2\/pages\/539\/revisions\/540"}],"wp:attachment":[{"href":"https:\/\/scemt.org\/index.php?rest_route=%2Fwp%2Fv2%2Fmedia&parent=539"}],"curies":[{"name":"wp","href":"https:\/\/api.w.org\/{rel}","templated":true}]}}