{"id":543,"date":"2020-05-05T10:50:03","date_gmt":"2020-05-05T13:50:03","guid":{"rendered":"https:\/\/scemt.org\/?page_id=543"},"modified":"2020-05-05T10:50:05","modified_gmt":"2020-05-05T13:50:05","slug":"24-de-marzo-dia-mundial-de-la-tuberculosis","status":"publish","type":"page","link":"https:\/\/scemt.org\/?page_id=543","title":{"rendered":"24 de Marzo: D\u00eda Mundial de la Tuberculosis"},"content":{"rendered":"\n<figure class=\"wp-block-image size-large\"><img loading=\"lazy\" decoding=\"async\" width=\"960\" height=\"720\" src=\"https:\/\/scemt.org\/wp-content\/uploads\/2020\/03\/Tuberculosis-24-de-Marzo.png\" alt=\"\" class=\"wp-image-338\" srcset=\"https:\/\/scemt.org\/wp-content\/uploads\/2020\/03\/Tuberculosis-24-de-Marzo.png 960w, https:\/\/scemt.org\/wp-content\/uploads\/2020\/03\/Tuberculosis-24-de-Marzo-300x225.png 300w, https:\/\/scemt.org\/wp-content\/uploads\/2020\/03\/Tuberculosis-24-de-Marzo-768x576.png 768w\" sizes=\"auto, (max-width: 960px) 100vw, 960px\" \/><\/figure>\n\n\n<p>La Organizaci\u00f3n Mundial de la Salud defini\u00f3 esta fecha conmemorando el d\u00eda en que, en 1882, el Dr. Robert Koch present\u00f3 su descubrimiento del bacilo de la tuberculosis, para incrementar la concientizaci\u00f3n p\u00fablica sobre las devastadoras consecuencias, sociales y econ\u00f3micas de esta enfermedad en quienes la padecen, siendo prevenible y curable.<\/p>\n<p>La tuberculosis es una enfermedad bacteriana infecciosa, potencialmente grave, que afecta principalmente a los pulmones. La bacteria que la ocasiona se propaga cuando una persona infectada tose o estornuda. La mayor\u00eda de las personas infectadas no tienen s\u00edntomas gracias a que un buen sistema inmunol\u00f3gico mantiene las bacterias controladas. Sin embargo, cuando este falla, hay s\u00edntomas como tos (algunas veces con sangre), p\u00e9rdida de peso, sudores nocturnos y fiebre.<\/p>\n<p>Existe la necesidad de que los pa\u00edses act\u00faen y se hagan cargo de la prevenci\u00f3n y acceso al tratamiento, garantizar una financiaci\u00f3n adecuada para la investigaci\u00f3n, poner fin a la discriminaci\u00f3n por esta enfermedad y a la estigmatizaci\u00f3n que sufren los enfermos, detecci\u00f3n oportuna y su debido tratamiento, educar a la poblaci\u00f3n sobre el tema, generar programas e ingresos destinados para atacar este mal, entre otras medidas sanitarias.<\/p>\n<p style=\"text-align: center;\"><em>&lt;&lt; Es hora de actuar. Pon fin a la Tuberculosis. &gt;&gt;<\/em><\/p>","protected":false},"excerpt":{"rendered":"<p>La Organizaci\u00f3n Mundial de la Salud defini\u00f3 esta fecha conmemorando el d\u00eda en que, en 1882, el Dr. Robert Koch present\u00f3 su descubrimiento del bacilo de la tuberculosis, para incrementar la concientizaci\u00f3n p\u00fablica sobre&#46;&#46;&#46;<\/p>\n","protected":false},"author":1,"featured_media":0,"parent":0,"menu_order":0,"comment_status":"closed","ping_status":"closed","template":"","meta":{"_mc_calendar":[],"footnotes":""},"class_list":["post-543","page","type-page","status-publish","hentry"],"yoast_head":"<!-- This site is optimized with the Yoast SEO plugin v25.2 - https:\/\/yoast.com\/wordpress\/plugins\/seo\/ -->\n<title>24 de Marzo: D\u00eda Mundial de la Tuberculosis - SCEMT<\/title>\n<meta name=\"robots\" content=\"index, follow, max-snippet:-1, max-image-preview:large, max-video-preview:-1\" \/>\n<link rel=\"canonical\" href=\"https:\/\/scemt.org\/?page_id=543\" \/>\n<meta property=\"og:locale\" content=\"es_ES\" \/>\n<meta property=\"og:type\" content=\"article\" \/>\n<meta property=\"og:title\" content=\"24 de Marzo: D\u00eda Mundial de la Tuberculosis - SCEMT\" \/>\n<meta property=\"og:description\" content=\"La Organizaci\u00f3n Mundial de la Salud defini\u00f3 esta fecha conmemorando el d\u00eda en que, en 1882, el Dr. Robert Koch present\u00f3 su descubrimiento del bacilo de la tuberculosis, para incrementar la concientizaci\u00f3n p\u00fablica sobre&#046;&#046;&#046;\" \/>\n<meta property=\"og:url\" content=\"https:\/\/scemt.org\/?page_id=543\" \/>\n<meta property=\"og:site_name\" content=\"SCEMT\" \/>\n<meta property=\"article:modified_time\" content=\"2020-05-05T13:50:05+00:00\" \/>\n<meta property=\"og:image\" content=\"https:\/\/scemt.org\/wp-content\/uploads\/2020\/03\/Tuberculosis-24-de-Marzo.png\" \/>\n\t<meta property=\"og:image:width\" content=\"960\" \/>\n\t<meta property=\"og:image:height\" content=\"720\" \/>\n\t<meta property=\"og:image:type\" content=\"image\/png\" \/>\n<meta name=\"twitter:card\" content=\"summary_large_image\" \/>\n<meta name=\"twitter:label1\" content=\"Tiempo de lectura\" \/>\n\t<meta name=\"twitter:data1\" content=\"1 minuto\" \/>\n<script type=\"application\/ld+json\" class=\"yoast-schema-graph\">{\"@context\":\"https:\/\/schema.org\",\"@graph\":[{\"@type\":\"WebPage\",\"@id\":\"https:\/\/scemt.org\/?page_id=543\",\"url\":\"https:\/\/scemt.org\/?page_id=543\",\"name\":\"24 de Marzo: D\u00eda Mundial de la Tuberculosis - SCEMT\",\"isPartOf\":{\"@id\":\"https:\/\/scemt.org\/#website\"},\"primaryImageOfPage\":{\"@id\":\"https:\/\/scemt.org\/?page_id=543#primaryimage\"},\"image\":{\"@id\":\"https:\/\/scemt.org\/?page_id=543#primaryimage\"},\"thumbnailUrl\":\"https:\/\/scemt.org\/wp-content\/uploads\/2020\/03\/Tuberculosis-24-de-Marzo.png\",\"datePublished\":\"2020-05-05T13:50:03+00:00\",\"dateModified\":\"2020-05-05T13:50:05+00:00\",\"breadcrumb\":{\"@id\":\"https:\/\/scemt.org\/?page_id=543#breadcrumb\"},\"inLanguage\":\"es-AR\",\"potentialAction\":[{\"@type\":\"ReadAction\",\"target\":[\"https:\/\/scemt.org\/?page_id=543\"]}]},{\"@type\":\"ImageObject\",\"inLanguage\":\"es-AR\",\"@id\":\"https:\/\/scemt.org\/?page_id=543#primaryimage\",\"url\":\"https:\/\/scemt.org\/wp-content\/uploads\/2020\/03\/Tuberculosis-24-de-Marzo.png\",\"contentUrl\":\"https:\/\/scemt.org\/wp-content\/uploads\/2020\/03\/Tuberculosis-24-de-Marzo.png\",\"width\":960,\"height\":720},{\"@type\":\"BreadcrumbList\",\"@id\":\"https:\/\/scemt.org\/?page_id=543#breadcrumb\",\"itemListElement\":[{\"@type\":\"ListItem\",\"position\":1,\"name\":\"Inicio\",\"item\":\"https:\/\/scemt.org\/\"},{\"@type\":\"ListItem\",\"position\":2,\"name\":\"24 de Marzo: D\u00eda Mundial de la Tuberculosis\"}]},{\"@type\":\"WebSite\",\"@id\":\"https:\/\/scemt.org\/#website\",\"url\":\"https:\/\/scemt.org\/\",\"name\":\"SCEMT\",\"description\":\"Sociedad Cient\u00edfica de Estudiantes de Medicina de Tucum\u00e1n\",\"publisher\":{\"@id\":\"https:\/\/scemt.org\/#organization\"},\"potentialAction\":[{\"@type\":\"SearchAction\",\"target\":{\"@type\":\"EntryPoint\",\"urlTemplate\":\"https:\/\/scemt.org\/?s={search_term_string}\"},\"query-input\":{\"@type\":\"PropertyValueSpecification\",\"valueRequired\":true,\"valueName\":\"search_term_string\"}}],\"inLanguage\":\"es-AR\"},{\"@type\":\"Organization\",\"@id\":\"https:\/\/scemt.org\/#organization\",\"name\":\"SCEMT\",\"url\":\"https:\/\/scemt.org\/\",\"logo\":{\"@type\":\"ImageObject\",\"inLanguage\":\"es-AR\",\"@id\":\"https:\/\/scemt.org\/#\/schema\/logo\/image\/\",\"url\":\"https:\/\/scemt.org\/wp-content\/uploads\/2023\/03\/Logo-SCEMT.png\",\"contentUrl\":\"https:\/\/scemt.org\/wp-content\/uploads\/2023\/03\/Logo-SCEMT.png\",\"width\":3794,\"height\":4393,\"caption\":\"SCEMT\"},\"image\":{\"@id\":\"https:\/\/scemt.org\/#\/schema\/logo\/image\/\"}}]}<\/script>\n<!-- \/ Yoast SEO plugin. -->","yoast_head_json":{"title":"24 de Marzo: D\u00eda Mundial de la Tuberculosis - SCEMT","robots":{"index":"index","follow":"follow","max-snippet":"max-snippet:-1","max-image-preview":"max-image-preview:large","max-video-preview":"max-video-preview:-1"},"canonical":"https:\/\/scemt.org\/?page_id=543","og_locale":"es_ES","og_type":"article","og_title":"24 de Marzo: D\u00eda Mundial de la Tuberculosis - SCEMT","og_description":"La Organizaci\u00f3n Mundial de la Salud defini\u00f3 esta fecha conmemorando el d\u00eda en que, en 1882, el Dr. Robert Koch present\u00f3 su descubrimiento del bacilo de la tuberculosis, para incrementar la concientizaci\u00f3n p\u00fablica sobre&#46;&#46;&#46;","og_url":"https:\/\/scemt.org\/?page_id=543","og_site_name":"SCEMT","article_modified_time":"2020-05-05T13:50:05+00:00","og_image":[{"width":960,"height":720,"url":"https:\/\/scemt.org\/wp-content\/uploads\/2020\/03\/Tuberculosis-24-de-Marzo.png","type":"image\/png"}],"twitter_card":"summary_large_image","twitter_misc":{"Tiempo de lectura":"1 minuto"},"schema":{"@context":"https:\/\/schema.org","@graph":[{"@type":"WebPage","@id":"https:\/\/scemt.org\/?page_id=543","url":"https:\/\/scemt.org\/?page_id=543","name":"24 de Marzo: D\u00eda Mundial de la Tuberculosis - SCEMT","isPartOf":{"@id":"https:\/\/scemt.org\/#website"},"primaryImageOfPage":{"@id":"https:\/\/scemt.org\/?page_id=543#primaryimage"},"image":{"@id":"https:\/\/scemt.org\/?page_id=543#primaryimage"},"thumbnailUrl":"https:\/\/scemt.org\/wp-content\/uploads\/2020\/03\/Tuberculosis-24-de-Marzo.png","datePublished":"2020-05-05T13:50:03+00:00","dateModified":"2020-05-05T13:50:05+00:00","breadcrumb":{"@id":"https:\/\/scemt.org\/?page_id=543#breadcrumb"},"inLanguage":"es-AR","potentialAction":[{"@type":"ReadAction","target":["https:\/\/scemt.org\/?page_id=543"]}]},{"@type":"ImageObject","inLanguage":"es-AR","@id":"https:\/\/scemt.org\/?page_id=543#primaryimage","url":"https:\/\/scemt.org\/wp-content\/uploads\/2020\/03\/Tuberculosis-24-de-Marzo.png","contentUrl":"https:\/\/scemt.org\/wp-content\/uploads\/2020\/03\/Tuberculosis-24-de-Marzo.png","width":960,"height":720},{"@type":"BreadcrumbList","@id":"https:\/\/scemt.org\/?page_id=543#breadcrumb","itemListElement":[{"@type":"ListItem","position":1,"name":"Inicio","item":"https:\/\/scemt.org\/"},{"@type":"ListItem","position":2,"name":"24 de Marzo: D\u00eda Mundial de la Tuberculosis"}]},{"@type":"WebSite","@id":"https:\/\/scemt.org\/#website","url":"https:\/\/scemt.org\/","name":"SCEMT","description":"Sociedad Cient\u00edfica de Estudiantes de Medicina de Tucum\u00e1n","publisher":{"@id":"https:\/\/scemt.org\/#organization"},"potentialAction":[{"@type":"SearchAction","target":{"@type":"EntryPoint","urlTemplate":"https:\/\/scemt.org\/?s={search_term_string}"},"query-input":{"@type":"PropertyValueSpecification","valueRequired":true,"valueName":"search_term_string"}}],"inLanguage":"es-AR"},{"@type":"Organization","@id":"https:\/\/scemt.org\/#organization","name":"SCEMT","url":"https:\/\/scemt.org\/","logo":{"@type":"ImageObject","inLanguage":"es-AR","@id":"https:\/\/scemt.org\/#\/schema\/logo\/image\/","url":"https:\/\/scemt.org\/wp-content\/uploads\/2023\/03\/Logo-SCEMT.png","contentUrl":"https:\/\/scemt.org\/wp-content\/uploads\/2023\/03\/Logo-SCEMT.png","width":3794,"height":4393,"caption":"SCEMT"},"image":{"@id":"https:\/\/scemt.org\/#\/schema\/logo\/image\/"}}]}},"jetpack_sharing_enabled":true,"_links":{"self":[{"href":"https:\/\/scemt.org\/index.php?rest_route=\/wp\/v2\/pages\/543","targetHints":{"allow":["GET"]}}],"collection":[{"href":"https:\/\/scemt.org\/index.php?rest_route=\/wp\/v2\/pages"}],"about":[{"href":"https:\/\/scemt.org\/index.php?rest_route=\/wp\/v2\/types\/page"}],"author":[{"embeddable":true,"href":"https:\/\/scemt.org\/index.php?rest_route=\/wp\/v2\/users\/1"}],"replies":[{"embeddable":true,"href":"https:\/\/scemt.org\/index.php?rest_route=%2Fwp%2Fv2%2Fcomments&post=543"}],"version-history":[{"count":1,"href":"https:\/\/scemt.org\/index.php?rest_route=\/wp\/v2\/pages\/543\/revisions"}],"predecessor-version":[{"id":544,"href":"https:\/\/scemt.org\/index.php?rest_route=\/wp\/v2\/pages\/543\/revisions\/544"}],"wp:attachment":[{"href":"https:\/\/scemt.org\/index.php?rest_route=%2Fwp%2Fv2%2Fmedia&parent=543"}],"curies":[{"name":"wp","href":"https:\/\/api.w.org\/{rel}","templated":true}]}}

24 de Marzo: Día Mundial de la Tuberculosis

<figure class="wp-block-image size-large"><img loading="lazy" decoding="async" width="960" height="720" src="https://scemt.org/wp-content/uploads/2020/03/Tuberculosis-24-de-Marzo.png" alt="" class="wp-image-338" srcset="https://scemt.org/wp-content/uploads/2020/03/Tuberculosis-24-de-Marzo.png 960w, https://scemt.org/wp-content/uploads/2020/03/Tuberculosis-24-de-Marzo-300x225.png 300w, https://scemt.org/wp-content/uploads/2020/03/Tuberculosis-24-de-Marzo-768x576.png 768w" sizes="auto, (max-width: 960px) 100vw, 960px" /></figure>


<p>La Organización Mundial de la Salud definió esta fecha conmemorando el día en que, en 1882, el Dr. Robert Koch presentó su descubrimiento del bacilo de la tuberculosis, para incrementar la concientización pública sobre las devastadoras consecuencias, sociales y económicas de esta enfermedad en quienes la padecen, siendo prevenible y curable.</p>
<p>La tuberculosis es una enfermedad bacteriana infecciosa, potencialmente grave, que afecta principalmente a los pulmones. La bacteria que la ocasiona se propaga cuando una persona infectada tose o estornuda. La mayoría de las personas infectadas no tienen síntomas gracias a que un buen sistema inmunológico mantiene las bacterias controladas. Sin embargo, cuando este falla, hay síntomas como tos (algunas veces con sangre), pérdida de peso, sudores nocturnos y fiebre.</p>
<p>Existe la necesidad de que los países actúen y se hagan cargo de la prevención y acceso al tratamiento, garantizar una financiación adecuada para la investigación, poner fin a la discriminación por esta enfermedad y a la estigmatización que sufren los enfermos, detección oportuna y su debido tratamiento, educar a la población sobre el tema, generar programas e ingresos destinados para atacar este mal, entre otras medidas sanitarias.</p>
<p style="text-align: center;"><em>&lt;&lt; Es hora de actuar. Pon fin a la Tuberculosis. &gt;&gt;</em></p>

<p>La Organización Mundial de la Salud definió esta fecha conmemorando el día en que, en 1882, el Dr. Robert Koch presentó su descubrimiento del bacilo de la tuberculosis, para incrementar la concientización pública sobre&#46;&#46;&#46;</p>

<!-- This site is optimized with the Yoast SEO plugin v25.2 - https://yoast.com/wordpress/plugins/seo/ -->
<title>24 de Marzo: Día Mundial de la Tuberculosis - SCEMT</title>
<meta name="robots" content="index, follow, max-snippet:-1, max-image-preview:large, max-video-preview:-1" />
<link rel="canonical" href="https://scemt.org/?page_id=543" />
<meta property="og:locale" content="es_ES" />
<meta property="og:type" content="article" />
<meta property="og:title" content="24 de Marzo: Día Mundial de la Tuberculosis - SCEMT" />
<meta property="og:description" content="La Organización Mundial de la Salud definió esta fecha conmemorando el día en que, en 1882, el Dr. Robert Koch presentó su descubrimiento del bacilo de la tuberculosis, para incrementar la concientización pública sobre&#046;&#046;&#046;" />
<meta property="og:url" content="https://scemt.org/?page_id=543" />
<meta property="og:site_name" content="SCEMT" />
<meta property="article:modified_time" content="2020-05-05T13:50:05+00:00" />
<meta property="og:image" content="https://scemt.org/wp-content/uploads/2020/03/Tuberculosis-24-de-Marzo.png" />
	<meta property="og:image:width" content="960" />
	<meta property="og:image:height" content="720" />
	<meta property="og:image:type" content="image/png" />
<meta name="twitter:card" content="summary_large_image" />
<meta name="twitter:label1" content="Tiempo de lectura" />
	<meta name="twitter:data1" content="1 minuto" />
<script type="application/ld+json" class="yoast-schema-graph">{"@context":"https://schema.org","@graph":[{"@type":"WebPage","@id":"https://scemt.org/?page_id=543","url":"https://scemt.org/?page_id=543","name":"24 de Marzo: Día Mundial de la Tuberculosis - SCEMT","isPartOf":{"@id":"https://scemt.org/#website"},"primaryImageOfPage":{"@id":"https://scemt.org/?page_id=543#primaryimage"},"image":{"@id":"https://scemt.org/?page_id=543#primaryimage"},"thumbnailUrl":"https://scemt.org/wp-content/uploads/2020/03/Tuberculosis-24-de-Marzo.png","datePublished":"2020-05-05T13:50:03+00:00","dateModified":"2020-05-05T13:50:05+00:00","breadcrumb":{"@id":"https://scemt.org/?page_id=543#breadcrumb"},"inLanguage":"es-AR","potentialAction":[{"@type":"ReadAction","target":["https://scemt.org/?page_id=543"]}]},{"@type":"ImageObject","inLanguage":"es-AR","@id":"https://scemt.org/?page_id=543#primaryimage","url":"https://scemt.org/wp-content/uploads/2020/03/Tuberculosis-24-de-Marzo.png","contentUrl":"https://scemt.org/wp-content/uploads/2020/03/Tuberculosis-24-de-Marzo.png","width":960,"height":720},{"@type":"BreadcrumbList","@id":"https://scemt.org/?page_id=543#breadcrumb","itemListElement":[{"@type":"ListItem","position":1,"name":"Inicio","item":"https://scemt.org/"},{"@type":"ListItem","position":2,"name":"24 de Marzo: Día Mundial de la Tuberculosis"}]},{"@type":"WebSite","@id":"https://scemt.org/#website","url":"https://scemt.org/","name":"SCEMT","description":"Sociedad Científica de Estudiantes de Medicina de Tucumán","publisher":{"@id":"https://scemt.org/#organization"},"potentialAction":[{"@type":"SearchAction","target":{"@type":"EntryPoint","urlTemplate":"https://scemt.org/?s={search_term_string}"},"query-input":{"@type":"PropertyValueSpecification","valueRequired":true,"valueName":"search_term_string"}}],"inLanguage":"es-AR"},{"@type":"Organization","@id":"https://scemt.org/#organization","name":"SCEMT","url":"https://scemt.org/","logo":{"@type":"ImageObject","inLanguage":"es-AR","@id":"https://scemt.org/#/schema/logo/image/","url":"https://scemt.org/wp-content/uploads/2023/03/Logo-SCEMT.png","contentUrl":"https://scemt.org/wp-content/uploads/2023/03/Logo-SCEMT.png","width":3794,"height":4393,"caption":"SCEMT"},"image":{"@id":"https://scemt.org/#/schema/logo/image/"}}]}</script>
<!-- / Yoast SEO plugin. -->

24 de Marzo: Día Mundial de la Tuberculosis - SCEMT

La Organización Mundial de la Salud definió esta fecha conmemorando el día en que, en 1882, el Dr. Robert Koch presentó su descubrimiento del bacilo de la tuberculosis, para incrementar la concientización pública sobre&#46;&#46;&#46;

Sociedad Científica de Estudiantes de Medicina de Tucumán
