{"id":547,"date":"2020-05-05T10:53:40","date_gmt":"2020-05-05T13:53:40","guid":{"rendered":"https:\/\/scemt.org\/?page_id=547"},"modified":"2020-05-05T10:53:42","modified_gmt":"2020-05-05T13:53:42","slug":"30-de-marzo-dia-mundial-del-trastorno-bipolar","status":"publish","type":"page","link":"https:\/\/scemt.org\/?page_id=547","title":{"rendered":"30 de Marzo: D\u00eda Mundial del Trastorno Bipolar"},"content":{"rendered":"\n<figure class=\"wp-block-image size-large\"><img loading=\"lazy\" decoding=\"async\" width=\"960\" height=\"720\" src=\"https:\/\/scemt.org\/wp-content\/uploads\/2020\/03\/Tarstorno-Bipolar-30-de-Marzo.png\" alt=\"\" class=\"wp-image-353\" srcset=\"https:\/\/scemt.org\/wp-content\/uploads\/2020\/03\/Tarstorno-Bipolar-30-de-Marzo.png 960w, https:\/\/scemt.org\/wp-content\/uploads\/2020\/03\/Tarstorno-Bipolar-30-de-Marzo-300x225.png 300w, https:\/\/scemt.org\/wp-content\/uploads\/2020\/03\/Tarstorno-Bipolar-30-de-Marzo-768x576.png 768w\" sizes=\"auto, (max-width: 960px) 100vw, 960px\" \/><\/figure>\n\n\n<p>En esta fecha fue el nacimiento de Vincent Van Gogh, uno de los artistas m\u00e1s importantes e influyentes del mundo. El pintor fue p\u00f3stumamente diagnosticado de padecer un trastorno bipolar, raz\u00f3n por la cual se instaur\u00f3 esta fecha para conmemorar esta enfermedad.<\/p>\n<p>El objetivo de este d\u00eda es mejorar la conciencia sobre los trastornos bipolares y eliminar el estigma social asociado al diagn\u00f3stico y su tratamiento. A trav\u00e9s de la colaboraci\u00f3n internacional, busca proporcionar informaci\u00f3n sobre los trastornos bipolares a la poblaci\u00f3n mundial, mejorando la educaci\u00f3n y la sensibilidad hacia esta enfermedad, y as\u00ed hacer frente a la disparidad en la forma de ver este trastorno.<\/p>\n<p>El trastorno bipolar generalmente comienza en la adolescencia o en\u00a0 la adultez temprana, rara vez se inicia durante la ni\u00f1ez o tan tarde como a los 40 o 50 a\u00f1os. Es una enfermedad mental que incluye episodios serios de man\u00eda y depresi\u00f3n. La enfermedad causa cambios dr\u00e1sticos de altos y bajas de temperamento, pasando de una terrible depresi\u00f3n a un alto nivel de optimismo de forma casi simult\u00e1nea.<\/p>\n<p>Si bien la creciente aceptaci\u00f3n del trastorno bipolar como una condici\u00f3n m\u00e9dica se ha afianzado en algunas partes del mundo, por desgracia el estigma asociado a la enfermedad es una barrera a la atenci\u00f3n y contin\u00faa impidiendo el diagn\u00f3stico precoz y un tratamiento eficaz.<\/p>\n<p style=\"text-align: center;\"><em>&lt;&lt; Fuerza para hoy, esperanza para ma\u00f1ana. &gt;&gt;<\/em><\/p>","protected":false},"excerpt":{"rendered":"<p>En esta fecha fue el nacimiento de Vincent Van Gogh, uno de los artistas m\u00e1s importantes e influyentes del mundo. El pintor fue p\u00f3stumamente diagnosticado de padecer un trastorno bipolar, raz\u00f3n por la cual&#46;&#46;&#46;<\/p>\n","protected":false},"author":1,"featured_media":0,"parent":0,"menu_order":0,"comment_status":"closed","ping_status":"closed","template":"","meta":{"_mc_calendar":[],"footnotes":""},"class_list":["post-547","page","type-page","status-publish","hentry"],"yoast_head":"<!-- This site is optimized with the Yoast SEO plugin v25.2 - https:\/\/yoast.com\/wordpress\/plugins\/seo\/ -->\n<title>30 de Marzo: D\u00eda Mundial del Trastorno Bipolar - SCEMT<\/title>\n<meta name=\"robots\" content=\"index, follow, max-snippet:-1, max-image-preview:large, max-video-preview:-1\" \/>\n<link rel=\"canonical\" href=\"https:\/\/scemt.org\/?page_id=547\" \/>\n<meta property=\"og:locale\" content=\"es_ES\" \/>\n<meta property=\"og:type\" content=\"article\" \/>\n<meta property=\"og:title\" content=\"30 de Marzo: D\u00eda Mundial del Trastorno Bipolar - SCEMT\" \/>\n<meta property=\"og:description\" content=\"En esta fecha fue el nacimiento de Vincent Van Gogh, uno de los artistas m\u00e1s importantes e influyentes del mundo. El pintor fue p\u00f3stumamente diagnosticado de padecer un trastorno bipolar, raz\u00f3n por la cual&#046;&#046;&#046;\" \/>\n<meta property=\"og:url\" content=\"https:\/\/scemt.org\/?page_id=547\" \/>\n<meta property=\"og:site_name\" content=\"SCEMT\" \/>\n<meta property=\"article:modified_time\" content=\"2020-05-05T13:53:42+00:00\" \/>\n<meta property=\"og:image\" content=\"https:\/\/scemt.org\/wp-content\/uploads\/2020\/03\/Tarstorno-Bipolar-30-de-Marzo.png\" \/>\n\t<meta property=\"og:image:width\" content=\"960\" \/>\n\t<meta property=\"og:image:height\" content=\"720\" \/>\n\t<meta property=\"og:image:type\" content=\"image\/png\" \/>\n<meta name=\"twitter:card\" content=\"summary_large_image\" \/>\n<meta name=\"twitter:label1\" content=\"Tiempo de lectura\" \/>\n\t<meta name=\"twitter:data1\" content=\"1 minuto\" \/>\n<script type=\"application\/ld+json\" class=\"yoast-schema-graph\">{\"@context\":\"https:\/\/schema.org\",\"@graph\":[{\"@type\":\"WebPage\",\"@id\":\"https:\/\/scemt.org\/?page_id=547\",\"url\":\"https:\/\/scemt.org\/?page_id=547\",\"name\":\"30 de Marzo: D\u00eda Mundial del Trastorno Bipolar - SCEMT\",\"isPartOf\":{\"@id\":\"https:\/\/scemt.org\/#website\"},\"primaryImageOfPage\":{\"@id\":\"https:\/\/scemt.org\/?page_id=547#primaryimage\"},\"image\":{\"@id\":\"https:\/\/scemt.org\/?page_id=547#primaryimage\"},\"thumbnailUrl\":\"https:\/\/scemt.org\/wp-content\/uploads\/2020\/03\/Tarstorno-Bipolar-30-de-Marzo.png\",\"datePublished\":\"2020-05-05T13:53:40+00:00\",\"dateModified\":\"2020-05-05T13:53:42+00:00\",\"breadcrumb\":{\"@id\":\"https:\/\/scemt.org\/?page_id=547#breadcrumb\"},\"inLanguage\":\"es-AR\",\"potentialAction\":[{\"@type\":\"ReadAction\",\"target\":[\"https:\/\/scemt.org\/?page_id=547\"]}]},{\"@type\":\"ImageObject\",\"inLanguage\":\"es-AR\",\"@id\":\"https:\/\/scemt.org\/?page_id=547#primaryimage\",\"url\":\"https:\/\/scemt.org\/wp-content\/uploads\/2020\/03\/Tarstorno-Bipolar-30-de-Marzo.png\",\"contentUrl\":\"https:\/\/scemt.org\/wp-content\/uploads\/2020\/03\/Tarstorno-Bipolar-30-de-Marzo.png\",\"width\":960,\"height\":720},{\"@type\":\"BreadcrumbList\",\"@id\":\"https:\/\/scemt.org\/?page_id=547#breadcrumb\",\"itemListElement\":[{\"@type\":\"ListItem\",\"position\":1,\"name\":\"Inicio\",\"item\":\"https:\/\/scemt.org\/\"},{\"@type\":\"ListItem\",\"position\":2,\"name\":\"30 de Marzo: D\u00eda Mundial del Trastorno Bipolar\"}]},{\"@type\":\"WebSite\",\"@id\":\"https:\/\/scemt.org\/#website\",\"url\":\"https:\/\/scemt.org\/\",\"name\":\"SCEMT\",\"description\":\"Sociedad Cient\u00edfica de Estudiantes de Medicina de Tucum\u00e1n\",\"publisher\":{\"@id\":\"https:\/\/scemt.org\/#organization\"},\"potentialAction\":[{\"@type\":\"SearchAction\",\"target\":{\"@type\":\"EntryPoint\",\"urlTemplate\":\"https:\/\/scemt.org\/?s={search_term_string}\"},\"query-input\":{\"@type\":\"PropertyValueSpecification\",\"valueRequired\":true,\"valueName\":\"search_term_string\"}}],\"inLanguage\":\"es-AR\"},{\"@type\":\"Organization\",\"@id\":\"https:\/\/scemt.org\/#organization\",\"name\":\"SCEMT\",\"url\":\"https:\/\/scemt.org\/\",\"logo\":{\"@type\":\"ImageObject\",\"inLanguage\":\"es-AR\",\"@id\":\"https:\/\/scemt.org\/#\/schema\/logo\/image\/\",\"url\":\"https:\/\/scemt.org\/wp-content\/uploads\/2023\/03\/Logo-SCEMT.png\",\"contentUrl\":\"https:\/\/scemt.org\/wp-content\/uploads\/2023\/03\/Logo-SCEMT.png\",\"width\":3794,\"height\":4393,\"caption\":\"SCEMT\"},\"image\":{\"@id\":\"https:\/\/scemt.org\/#\/schema\/logo\/image\/\"}}]}<\/script>\n<!-- \/ Yoast SEO plugin. -->","yoast_head_json":{"title":"30 de Marzo: D\u00eda Mundial del Trastorno Bipolar - SCEMT","robots":{"index":"index","follow":"follow","max-snippet":"max-snippet:-1","max-image-preview":"max-image-preview:large","max-video-preview":"max-video-preview:-1"},"canonical":"https:\/\/scemt.org\/?page_id=547","og_locale":"es_ES","og_type":"article","og_title":"30 de Marzo: D\u00eda Mundial del Trastorno Bipolar - SCEMT","og_description":"En esta fecha fue el nacimiento de Vincent Van Gogh, uno de los artistas m\u00e1s importantes e influyentes del mundo. El pintor fue p\u00f3stumamente diagnosticado de padecer un trastorno bipolar, raz\u00f3n por la cual&#46;&#46;&#46;","og_url":"https:\/\/scemt.org\/?page_id=547","og_site_name":"SCEMT","article_modified_time":"2020-05-05T13:53:42+00:00","og_image":[{"width":960,"height":720,"url":"https:\/\/scemt.org\/wp-content\/uploads\/2020\/03\/Tarstorno-Bipolar-30-de-Marzo.png","type":"image\/png"}],"twitter_card":"summary_large_image","twitter_misc":{"Tiempo de lectura":"1 minuto"},"schema":{"@context":"https:\/\/schema.org","@graph":[{"@type":"WebPage","@id":"https:\/\/scemt.org\/?page_id=547","url":"https:\/\/scemt.org\/?page_id=547","name":"30 de Marzo: D\u00eda Mundial del Trastorno Bipolar - SCEMT","isPartOf":{"@id":"https:\/\/scemt.org\/#website"},"primaryImageOfPage":{"@id":"https:\/\/scemt.org\/?page_id=547#primaryimage"},"image":{"@id":"https:\/\/scemt.org\/?page_id=547#primaryimage"},"thumbnailUrl":"https:\/\/scemt.org\/wp-content\/uploads\/2020\/03\/Tarstorno-Bipolar-30-de-Marzo.png","datePublished":"2020-05-05T13:53:40+00:00","dateModified":"2020-05-05T13:53:42+00:00","breadcrumb":{"@id":"https:\/\/scemt.org\/?page_id=547#breadcrumb"},"inLanguage":"es-AR","potentialAction":[{"@type":"ReadAction","target":["https:\/\/scemt.org\/?page_id=547"]}]},{"@type":"ImageObject","inLanguage":"es-AR","@id":"https:\/\/scemt.org\/?page_id=547#primaryimage","url":"https:\/\/scemt.org\/wp-content\/uploads\/2020\/03\/Tarstorno-Bipolar-30-de-Marzo.png","contentUrl":"https:\/\/scemt.org\/wp-content\/uploads\/2020\/03\/Tarstorno-Bipolar-30-de-Marzo.png","width":960,"height":720},{"@type":"BreadcrumbList","@id":"https:\/\/scemt.org\/?page_id=547#breadcrumb","itemListElement":[{"@type":"ListItem","position":1,"name":"Inicio","item":"https:\/\/scemt.org\/"},{"@type":"ListItem","position":2,"name":"30 de Marzo: D\u00eda Mundial del Trastorno Bipolar"}]},{"@type":"WebSite","@id":"https:\/\/scemt.org\/#website","url":"https:\/\/scemt.org\/","name":"SCEMT","description":"Sociedad Cient\u00edfica de Estudiantes de Medicina de Tucum\u00e1n","publisher":{"@id":"https:\/\/scemt.org\/#organization"},"potentialAction":[{"@type":"SearchAction","target":{"@type":"EntryPoint","urlTemplate":"https:\/\/scemt.org\/?s={search_term_string}"},"query-input":{"@type":"PropertyValueSpecification","valueRequired":true,"valueName":"search_term_string"}}],"inLanguage":"es-AR"},{"@type":"Organization","@id":"https:\/\/scemt.org\/#organization","name":"SCEMT","url":"https:\/\/scemt.org\/","logo":{"@type":"ImageObject","inLanguage":"es-AR","@id":"https:\/\/scemt.org\/#\/schema\/logo\/image\/","url":"https:\/\/scemt.org\/wp-content\/uploads\/2023\/03\/Logo-SCEMT.png","contentUrl":"https:\/\/scemt.org\/wp-content\/uploads\/2023\/03\/Logo-SCEMT.png","width":3794,"height":4393,"caption":"SCEMT"},"image":{"@id":"https:\/\/scemt.org\/#\/schema\/logo\/image\/"}}]}},"jetpack_sharing_enabled":true,"_links":{"self":[{"href":"https:\/\/scemt.org\/index.php?rest_route=\/wp\/v2\/pages\/547","targetHints":{"allow":["GET"]}}],"collection":[{"href":"https:\/\/scemt.org\/index.php?rest_route=\/wp\/v2\/pages"}],"about":[{"href":"https:\/\/scemt.org\/index.php?rest_route=\/wp\/v2\/types\/page"}],"author":[{"embeddable":true,"href":"https:\/\/scemt.org\/index.php?rest_route=\/wp\/v2\/users\/1"}],"replies":[{"embeddable":true,"href":"https:\/\/scemt.org\/index.php?rest_route=%2Fwp%2Fv2%2Fcomments&post=547"}],"version-history":[{"count":1,"href":"https:\/\/scemt.org\/index.php?rest_route=\/wp\/v2\/pages\/547\/revisions"}],"predecessor-version":[{"id":548,"href":"https:\/\/scemt.org\/index.php?rest_route=\/wp\/v2\/pages\/547\/revisions\/548"}],"wp:attachment":[{"href":"https:\/\/scemt.org\/index.php?rest_route=%2Fwp%2Fv2%2Fmedia&parent=547"}],"curies":[{"name":"wp","href":"https:\/\/api.w.org\/{rel}","templated":true}]}}

30 de Marzo: Día Mundial del Trastorno Bipolar

<figure class="wp-block-image size-large"><img loading="lazy" decoding="async" width="960" height="720" src="https://scemt.org/wp-content/uploads/2020/03/Tarstorno-Bipolar-30-de-Marzo.png" alt="" class="wp-image-353" srcset="https://scemt.org/wp-content/uploads/2020/03/Tarstorno-Bipolar-30-de-Marzo.png 960w, https://scemt.org/wp-content/uploads/2020/03/Tarstorno-Bipolar-30-de-Marzo-300x225.png 300w, https://scemt.org/wp-content/uploads/2020/03/Tarstorno-Bipolar-30-de-Marzo-768x576.png 768w" sizes="auto, (max-width: 960px) 100vw, 960px" /></figure>


<p>En esta fecha fue el nacimiento de Vincent Van Gogh, uno de los artistas más importantes e influyentes del mundo. El pintor fue póstumamente diagnosticado de padecer un trastorno bipolar, razón por la cual se instauró esta fecha para conmemorar esta enfermedad.</p>
<p>El objetivo de este día es mejorar la conciencia sobre los trastornos bipolares y eliminar el estigma social asociado al diagnóstico y su tratamiento. A través de la colaboración internacional, busca proporcionar información sobre los trastornos bipolares a la población mundial, mejorando la educación y la sensibilidad hacia esta enfermedad, y así hacer frente a la disparidad en la forma de ver este trastorno.</p>
<p>El trastorno bipolar generalmente comienza en la adolescencia o en  la adultez temprana, rara vez se inicia durante la niñez o tan tarde como a los 40 o 50 años. Es una enfermedad mental que incluye episodios serios de manía y depresión. La enfermedad causa cambios drásticos de altos y bajas de temperamento, pasando de una terrible depresión a un alto nivel de optimismo de forma casi simultánea.</p>
<p>Si bien la creciente aceptación del trastorno bipolar como una condición médica se ha afianzado en algunas partes del mundo, por desgracia el estigma asociado a la enfermedad es una barrera a la atención y continúa impidiendo el diagnóstico precoz y un tratamiento eficaz.</p>
<p style="text-align: center;"><em>&lt;&lt; Fuerza para hoy, esperanza para mañana. &gt;&gt;</em></p>

<p>En esta fecha fue el nacimiento de Vincent Van Gogh, uno de los artistas más importantes e influyentes del mundo. El pintor fue póstumamente diagnosticado de padecer un trastorno bipolar, razón por la cual&#46;&#46;&#46;</p>

<!-- This site is optimized with the Yoast SEO plugin v25.2 - https://yoast.com/wordpress/plugins/seo/ -->
<title>30 de Marzo: Día Mundial del Trastorno Bipolar - SCEMT</title>
<meta name="robots" content="index, follow, max-snippet:-1, max-image-preview:large, max-video-preview:-1" />
<link rel="canonical" href="https://scemt.org/?page_id=547" />
<meta property="og:locale" content="es_ES" />
<meta property="og:type" content="article" />
<meta property="og:title" content="30 de Marzo: Día Mundial del Trastorno Bipolar - SCEMT" />
<meta property="og:description" content="En esta fecha fue el nacimiento de Vincent Van Gogh, uno de los artistas más importantes e influyentes del mundo. El pintor fue póstumamente diagnosticado de padecer un trastorno bipolar, razón por la cual&#046;&#046;&#046;" />
<meta property="og:url" content="https://scemt.org/?page_id=547" />
<meta property="og:site_name" content="SCEMT" />
<meta property="article:modified_time" content="2020-05-05T13:53:42+00:00" />
<meta property="og:image" content="https://scemt.org/wp-content/uploads/2020/03/Tarstorno-Bipolar-30-de-Marzo.png" />
	<meta property="og:image:width" content="960" />
	<meta property="og:image:height" content="720" />
	<meta property="og:image:type" content="image/png" />
<meta name="twitter:card" content="summary_large_image" />
<meta name="twitter:label1" content="Tiempo de lectura" />
	<meta name="twitter:data1" content="1 minuto" />
<script type="application/ld+json" class="yoast-schema-graph">{"@context":"https://schema.org","@graph":[{"@type":"WebPage","@id":"https://scemt.org/?page_id=547","url":"https://scemt.org/?page_id=547","name":"30 de Marzo: Día Mundial del Trastorno Bipolar - SCEMT","isPartOf":{"@id":"https://scemt.org/#website"},"primaryImageOfPage":{"@id":"https://scemt.org/?page_id=547#primaryimage"},"image":{"@id":"https://scemt.org/?page_id=547#primaryimage"},"thumbnailUrl":"https://scemt.org/wp-content/uploads/2020/03/Tarstorno-Bipolar-30-de-Marzo.png","datePublished":"2020-05-05T13:53:40+00:00","dateModified":"2020-05-05T13:53:42+00:00","breadcrumb":{"@id":"https://scemt.org/?page_id=547#breadcrumb"},"inLanguage":"es-AR","potentialAction":[{"@type":"ReadAction","target":["https://scemt.org/?page_id=547"]}]},{"@type":"ImageObject","inLanguage":"es-AR","@id":"https://scemt.org/?page_id=547#primaryimage","url":"https://scemt.org/wp-content/uploads/2020/03/Tarstorno-Bipolar-30-de-Marzo.png","contentUrl":"https://scemt.org/wp-content/uploads/2020/03/Tarstorno-Bipolar-30-de-Marzo.png","width":960,"height":720},{"@type":"BreadcrumbList","@id":"https://scemt.org/?page_id=547#breadcrumb","itemListElement":[{"@type":"ListItem","position":1,"name":"Inicio","item":"https://scemt.org/"},{"@type":"ListItem","position":2,"name":"30 de Marzo: Día Mundial del Trastorno Bipolar"}]},{"@type":"WebSite","@id":"https://scemt.org/#website","url":"https://scemt.org/","name":"SCEMT","description":"Sociedad Científica de Estudiantes de Medicina de Tucumán","publisher":{"@id":"https://scemt.org/#organization"},"potentialAction":[{"@type":"SearchAction","target":{"@type":"EntryPoint","urlTemplate":"https://scemt.org/?s={search_term_string}"},"query-input":{"@type":"PropertyValueSpecification","valueRequired":true,"valueName":"search_term_string"}}],"inLanguage":"es-AR"},{"@type":"Organization","@id":"https://scemt.org/#organization","name":"SCEMT","url":"https://scemt.org/","logo":{"@type":"ImageObject","inLanguage":"es-AR","@id":"https://scemt.org/#/schema/logo/image/","url":"https://scemt.org/wp-content/uploads/2023/03/Logo-SCEMT.png","contentUrl":"https://scemt.org/wp-content/uploads/2023/03/Logo-SCEMT.png","width":3794,"height":4393,"caption":"SCEMT"},"image":{"@id":"https://scemt.org/#/schema/logo/image/"}}]}</script>
<!-- / Yoast SEO plugin. -->

30 de Marzo: Día Mundial del Trastorno Bipolar - SCEMT

En esta fecha fue el nacimiento de Vincent Van Gogh, uno de los artistas más importantes e influyentes del mundo. El pintor fue póstumamente diagnosticado de padecer un trastorno bipolar, razón por la cual&#46;&#46;&#46;

Sociedad Científica de Estudiantes de Medicina de Tucumán
