{"id":653,"date":"2020-05-07T14:21:35","date_gmt":"2020-05-07T17:21:35","guid":{"rendered":"https:\/\/scemt.org\/?page_id=653"},"modified":"2025-05-06T21:18:28","modified_gmt":"2025-05-07T00:18:28","slug":"charlas-conferencias","status":"publish","type":"page","link":"https:\/\/scemt.org\/?page_id=653","title":{"rendered":"Charlas\/Conferencias"},"content":{"rendered":"\n<p>Charla Salud Integral Masculina<\/p>\n\n\n\n<div class=\"wp-block-buttons is-layout-flex wp-block-buttons-is-layout-flex\">\n<div class=\"wp-block-button is-style-outline is-style-outline--1\"><a class=\"wp-block-button__link has-pale-cyan-blue-background-color has-background wp-element-button\" href=\"https:\/\/drive.google.com\/drive\/folders\/1gNmtP8W1d979F1quYJ_v9NM6cv6mcG8b?usp=sharing\" style=\"border-radius:0px\">Asistentes<\/a><\/div>\n\n\n\n<div class=\"wp-block-button is-style-outline is-style-outline--2\"><a class=\"wp-block-button__link has-vivid-cyan-blue-background-color has-background wp-element-button\" href=\"https:\/\/drive.google.com\/drive\/folders\/1XV4oANe4t2Rwx9A52lB_UXUt-wQXze5L?usp=sharing\" style=\"border-radius:0px\">Organizadores<\/a><\/div>\n<\/div>\n\n\n\n<p>Conferencia: Avances de la Neurocirug\u00eda <\/p>\n\n\n\n<div class=\"wp-block-buttons is-layout-flex wp-block-buttons-is-layout-flex\">\n<div class=\"wp-block-button is-style-fill\"><a class=\"wp-block-button__link has-vivid-cyan-blue-background-color has-background wp-element-button\" href=\"https:\/\/drive.google.com\/drive\/folders\/11HxZzrzqcZzkMPYM8VedcLV6YLzTdRK9?usp=sharing\" style=\"border-radius:0px\">Asistentes<\/a><\/div>\n\n\n\n<div class=\"wp-block-button\"><a class=\"wp-block-button__link has-luminous-vivid-amber-background-color has-background wp-element-button\" href=\"https:\/\/drive.google.com\/drive\/folders\/1LgzQ1qdmeqdSvTy58fkKtaWdA6wNAkQL?usp=sharing\" style=\"border-radius:0px\">Organizadores<\/a><\/div>\n<\/div>\n\n\n\n<p>Explorando el Dolor: Fisiopatolog\u00eda y Manejo Cl\u00ednico<\/p>\n\n\n\n<div class=\"wp-block-buttons is-layout-flex wp-block-buttons-is-layout-flex\">\n<div class=\"wp-block-button is-style-fill\"><a class=\"wp-block-button__link has-vivid-purple-background-color has-background wp-element-button\" href=\"https:\/\/drive.google.com\/drive\/folders\/1GIUKLnZPqlZ0KqOYTuXZiZa1dgSH5ZV6?usp=sharing\" style=\"border-radius:0px\">Asistentes<\/a><\/div>\n\n\n\n<div class=\"wp-block-button is-style-fill\"><a class=\"wp-block-button__link has-vivid-green-cyan-background-color has-background wp-element-button\" href=\"https:\/\/drive.google.com\/drive\/folders\/1BrdBVGvz87wgNlucsaVOYH-GwPFuCYTG?usp=sharing\" style=\"border-radius:0px\">Organizadores<\/a><\/div>\n<\/div>\n\n\n<p>\u2022 Ciclo de Charlas: Zoonosis y Animales Ponzo\u00f1osos<\/p>\n<p><a href=\"https:\/\/drive.google.com\/drive\/folders\/1c9GFPllb_ZXOn0Vvr-ZPRcLoc03ABtcG?usp=drive_link\"><img loading=\"lazy\" decoding=\"async\" class=\"alignnone  wp-image-632\" src=\"https:\/\/scemt.org\/wp-content\/uploads\/2020\/05\/Diapositiva1.png\" alt=\"\" width=\"100\" height=\"40\" srcset=\"https:\/\/scemt.org\/wp-content\/uploads\/2020\/05\/Diapositiva1.png 1890w, https:\/\/scemt.org\/wp-content\/uploads\/2020\/05\/Diapositiva1-300x120.png 300w, https:\/\/scemt.org\/wp-content\/uploads\/2020\/05\/Diapositiva1-1024x410.png 1024w, https:\/\/scemt.org\/wp-content\/uploads\/2020\/05\/Diapositiva1-768x307.png 768w, https:\/\/scemt.org\/wp-content\/uploads\/2020\/05\/Diapositiva1-1536x614.png 1536w\" sizes=\"auto, (max-width: 100px) 100vw, 100px\" \/><\/a><img loading=\"lazy\" decoding=\"async\" class=\"alignnone  wp-image-626\" src=\"https:\/\/scemt.org\/wp-content\/uploads\/2020\/05\/Diapositiva2.png\" alt=\"\" width=\"100\" height=\"40\" srcset=\"https:\/\/scemt.org\/wp-content\/uploads\/2020\/05\/Diapositiva2.png 1890w, https:\/\/scemt.org\/wp-content\/uploads\/2020\/05\/Diapositiva2-300x120.png 300w, https:\/\/scemt.org\/wp-content\/uploads\/2020\/05\/Diapositiva2-1024x410.png 1024w, https:\/\/scemt.org\/wp-content\/uploads\/2020\/05\/Diapositiva2-768x307.png 768w, https:\/\/scemt.org\/wp-content\/uploads\/2020\/05\/Diapositiva2-1536x614.png 1536w\" sizes=\"auto, (max-width: 100px) 100vw, 100px\" \/><\/p>\n<p>\u2022 Uso de la IA para B\u00fasqueda Bibliogr\u00e1fica<\/p>\n<p><a href=\"https:\/\/drive.google.com\/drive\/folders\/1DEEZGVZbz2dGr8Bv1cLf3L43_pgzYVBp?usp=drive_link\"><img loading=\"lazy\" decoding=\"async\" class=\"alignnone  wp-image-632\" src=\"https:\/\/scemt.org\/wp-content\/uploads\/2020\/05\/Diapositiva1.png\" alt=\"\" width=\"100\" height=\"40\" srcset=\"https:\/\/scemt.org\/wp-content\/uploads\/2020\/05\/Diapositiva1.png 1890w, https:\/\/scemt.org\/wp-content\/uploads\/2020\/05\/Diapositiva1-300x120.png 300w, https:\/\/scemt.org\/wp-content\/uploads\/2020\/05\/Diapositiva1-1024x410.png 1024w, https:\/\/scemt.org\/wp-content\/uploads\/2020\/05\/Diapositiva1-768x307.png 768w, https:\/\/scemt.org\/wp-content\/uploads\/2020\/05\/Diapositiva1-1536x614.png 1536w\" sizes=\"auto, (max-width: 100px) 100vw, 100px\" \/><\/a><a href=\"https:\/\/drive.google.com\/drive\/folders\/1gdai3QKgebf0HZe2F9P476RWW8JGD3Rm?usp=drive_link\"><img loading=\"lazy\" decoding=\"async\" class=\"alignnone  wp-image-626\" src=\"https:\/\/scemt.org\/wp-content\/uploads\/2020\/05\/Diapositiva2.png\" alt=\"\" width=\"100\" height=\"40\" srcset=\"https:\/\/scemt.org\/wp-content\/uploads\/2020\/05\/Diapositiva2.png 1890w, https:\/\/scemt.org\/wp-content\/uploads\/2020\/05\/Diapositiva2-300x120.png 300w, https:\/\/scemt.org\/wp-content\/uploads\/2020\/05\/Diapositiva2-1024x410.png 1024w, https:\/\/scemt.org\/wp-content\/uploads\/2020\/05\/Diapositiva2-768x307.png 768w, https:\/\/scemt.org\/wp-content\/uploads\/2020\/05\/Diapositiva2-1536x614.png 1536w\" sizes=\"auto, (max-width: 100px) 100vw, 100px\" \/><\/a><\/p>\n<p>\u2022 Enfermedades Emergentes y Re-Emergentes<\/p>\n<p><a href=\"https:\/\/drive.google.com\/drive\/folders\/1snccCrducJPQZlZyMmrld2WeBiUrzNfO?usp=sharing\"><img loading=\"lazy\" decoding=\"async\" class=\"alignnone  wp-image-632\" src=\"https:\/\/scemt.org\/wp-content\/uploads\/2020\/05\/Diapositiva1.png\" alt=\"\" width=\"100\" height=\"40\" srcset=\"https:\/\/scemt.org\/wp-content\/uploads\/2020\/05\/Diapositiva1.png 1890w, https:\/\/scemt.org\/wp-content\/uploads\/2020\/05\/Diapositiva1-300x120.png 300w, https:\/\/scemt.org\/wp-content\/uploads\/2020\/05\/Diapositiva1-1024x410.png 1024w, https:\/\/scemt.org\/wp-content\/uploads\/2020\/05\/Diapositiva1-768x307.png 768w, https:\/\/scemt.org\/wp-content\/uploads\/2020\/05\/Diapositiva1-1536x614.png 1536w\" sizes=\"auto, (max-width: 100px) 100vw, 100px\" \/><\/a><a href=\"https:\/\/drive.google.com\/drive\/folders\/1YOuoYytdDR4qOBbVz8-eFcz9KQfVQrMj?usp=drive_link\"><img loading=\"lazy\" decoding=\"async\" class=\"alignnone  wp-image-626\" src=\"https:\/\/scemt.org\/wp-content\/uploads\/2020\/05\/Diapositiva2.png\" alt=\"\" width=\"100\" height=\"40\" srcset=\"https:\/\/scemt.org\/wp-content\/uploads\/2020\/05\/Diapositiva2.png 1890w, https:\/\/scemt.org\/wp-content\/uploads\/2020\/05\/Diapositiva2-300x120.png 300w, https:\/\/scemt.org\/wp-content\/uploads\/2020\/05\/Diapositiva2-1024x410.png 1024w, https:\/\/scemt.org\/wp-content\/uploads\/2020\/05\/Diapositiva2-768x307.png 768w, https:\/\/scemt.org\/wp-content\/uploads\/2020\/05\/Diapositiva2-1536x614.png 1536w\" sizes=\"auto, (max-width: 100px) 100vw, 100px\" \/><\/a><\/p>\n<p>\u2022 Concientizaci\u00f3n sobre diversidad de g\u00e9nero<\/p>\n<p><a href=\"https:\/\/goo.gl\/UTpcds\"><img loading=\"lazy\" decoding=\"async\" class=\"alignnone  wp-image-632\" src=\"https:\/\/scemt.org\/wp-content\/uploads\/2020\/05\/Diapositiva1.png\" alt=\"\" width=\"100\" height=\"40\" srcset=\"https:\/\/scemt.org\/wp-content\/uploads\/2020\/05\/Diapositiva1.png 1890w, https:\/\/scemt.org\/wp-content\/uploads\/2020\/05\/Diapositiva1-300x120.png 300w, https:\/\/scemt.org\/wp-content\/uploads\/2020\/05\/Diapositiva1-1024x410.png 1024w, https:\/\/scemt.org\/wp-content\/uploads\/2020\/05\/Diapositiva1-768x307.png 768w, https:\/\/scemt.org\/wp-content\/uploads\/2020\/05\/Diapositiva1-1536x614.png 1536w\" sizes=\"auto, (max-width: 100px) 100vw, 100px\" \/><\/a><a href=\"https:\/\/goo.gl\/tYLyVx\"><img loading=\"lazy\" decoding=\"async\" class=\"alignnone  wp-image-626\" src=\"https:\/\/scemt.org\/wp-content\/uploads\/2020\/05\/Diapositiva2.png\" alt=\"\" width=\"100\" height=\"40\" srcset=\"https:\/\/scemt.org\/wp-content\/uploads\/2020\/05\/Diapositiva2.png 1890w, https:\/\/scemt.org\/wp-content\/uploads\/2020\/05\/Diapositiva2-300x120.png 300w, https:\/\/scemt.org\/wp-content\/uploads\/2020\/05\/Diapositiva2-1024x410.png 1024w, https:\/\/scemt.org\/wp-content\/uploads\/2020\/05\/Diapositiva2-768x307.png 768w, https:\/\/scemt.org\/wp-content\/uploads\/2020\/05\/Diapositiva2-1536x614.png 1536w\" sizes=\"auto, (max-width: 100px) 100vw, 100px\" \/><\/a><\/p>\n<p>\u2022 Todo lo que s\u00e9 de ciencia lo aprend\u00ed mirando Los Simpsons<\/p>\n<p><a href=\"https:\/\/drive.google.com\/folderview?id=1njKm-sQQs6v17-aqnl9yjjDC1raBy5BD\"><img loading=\"lazy\" decoding=\"async\" class=\"alignnone wp-image-632\" src=\"https:\/\/scemt.org\/wp-content\/uploads\/2020\/05\/Diapositiva1.png\" alt=\"\" width=\"100\" height=\"40\" srcset=\"https:\/\/scemt.org\/wp-content\/uploads\/2020\/05\/Diapositiva1.png 1890w, https:\/\/scemt.org\/wp-content\/uploads\/2020\/05\/Diapositiva1-300x120.png 300w, https:\/\/scemt.org\/wp-content\/uploads\/2020\/05\/Diapositiva1-1024x410.png 1024w, https:\/\/scemt.org\/wp-content\/uploads\/2020\/05\/Diapositiva1-768x307.png 768w, https:\/\/scemt.org\/wp-content\/uploads\/2020\/05\/Diapositiva1-1536x614.png 1536w\" sizes=\"auto, (max-width: 100px) 100vw, 100px\" \/><\/a><a href=\"https:\/\/goo.gl\/9aoyVW\"><img loading=\"lazy\" decoding=\"async\" class=\"alignnone  wp-image-626\" src=\"https:\/\/scemt.org\/wp-content\/uploads\/2020\/05\/Diapositiva2.png\" alt=\"\" width=\"100\" height=\"40\" srcset=\"https:\/\/scemt.org\/wp-content\/uploads\/2020\/05\/Diapositiva2.png 1890w, https:\/\/scemt.org\/wp-content\/uploads\/2020\/05\/Diapositiva2-300x120.png 300w, https:\/\/scemt.org\/wp-content\/uploads\/2020\/05\/Diapositiva2-1024x410.png 1024w, https:\/\/scemt.org\/wp-content\/uploads\/2020\/05\/Diapositiva2-768x307.png 768w, https:\/\/scemt.org\/wp-content\/uploads\/2020\/05\/Diapositiva2-1536x614.png 1536w\" sizes=\"auto, (max-width: 100px) 100vw, 100px\" \/><\/a><\/p>\n<p>\u2022 Tab\u00faes del alcoholismo y su tratamiento<\/p>\n<p><a href=\"https:\/\/goo.gl\/NZF4U6\"><img loading=\"lazy\" decoding=\"async\" class=\"alignnone  wp-image-632\" src=\"https:\/\/scemt.org\/wp-content\/uploads\/2020\/05\/Diapositiva1.png\" alt=\"\" width=\"100\" height=\"40\" srcset=\"https:\/\/scemt.org\/wp-content\/uploads\/2020\/05\/Diapositiva1.png 1890w, https:\/\/scemt.org\/wp-content\/uploads\/2020\/05\/Diapositiva1-300x120.png 300w, https:\/\/scemt.org\/wp-content\/uploads\/2020\/05\/Diapositiva1-1024x410.png 1024w, https:\/\/scemt.org\/wp-content\/uploads\/2020\/05\/Diapositiva1-768x307.png 768w, https:\/\/scemt.org\/wp-content\/uploads\/2020\/05\/Diapositiva1-1536x614.png 1536w\" sizes=\"auto, (max-width: 100px) 100vw, 100px\" \/><\/a><a href=\"https:\/\/goo.gl\/uEY8UF\"><img loading=\"lazy\" decoding=\"async\" class=\"alignnone  wp-image-626\" src=\"https:\/\/scemt.org\/wp-content\/uploads\/2020\/05\/Diapositiva2.png\" alt=\"\" width=\"100\" height=\"40\" srcset=\"https:\/\/scemt.org\/wp-content\/uploads\/2020\/05\/Diapositiva2.png 1890w, https:\/\/scemt.org\/wp-content\/uploads\/2020\/05\/Diapositiva2-300x120.png 300w, https:\/\/scemt.org\/wp-content\/uploads\/2020\/05\/Diapositiva2-1024x410.png 1024w, https:\/\/scemt.org\/wp-content\/uploads\/2020\/05\/Diapositiva2-768x307.png 768w, https:\/\/scemt.org\/wp-content\/uploads\/2020\/05\/Diapositiva2-1536x614.png 1536w\" sizes=\"auto, (max-width: 100px) 100vw, 100px\" \/><\/a><\/p>\n<p>\u2022\u00a0 Consumo Problem\u00e1tico de Drogas de Abuso<\/p>\n<p><a href=\"https:\/\/drive.google.com\/drive\/u\/1\/folders\/1D40O3XjMYvB-Jofscpox7C3WjG8zb1Jy\"><img loading=\"lazy\" decoding=\"async\" class=\"alignnone wp-image-632\" src=\"https:\/\/scemt.org\/wp-content\/uploads\/2020\/05\/Diapositiva1.png\" alt=\"\" width=\"100\" height=\"40\" srcset=\"https:\/\/scemt.org\/wp-content\/uploads\/2020\/05\/Diapositiva1.png 1890w, https:\/\/scemt.org\/wp-content\/uploads\/2020\/05\/Diapositiva1-300x120.png 300w, https:\/\/scemt.org\/wp-content\/uploads\/2020\/05\/Diapositiva1-1024x410.png 1024w, https:\/\/scemt.org\/wp-content\/uploads\/2020\/05\/Diapositiva1-768x307.png 768w, https:\/\/scemt.org\/wp-content\/uploads\/2020\/05\/Diapositiva1-1536x614.png 1536w\" sizes=\"auto, (max-width: 100px) 100vw, 100px\" \/><\/a><a href=\"https:\/\/drive.google.com\/drive\/u\/1\/folders\/1-HLIiHMpW66bLo1bkiWQ849qruH1GwLi\"><img loading=\"lazy\" decoding=\"async\" class=\"alignnone wp-image-626\" src=\"https:\/\/scemt.org\/wp-content\/uploads\/2020\/05\/Diapositiva2.png\" alt=\"\" width=\"100\" height=\"40\" srcset=\"https:\/\/scemt.org\/wp-content\/uploads\/2020\/05\/Diapositiva2.png 1890w, https:\/\/scemt.org\/wp-content\/uploads\/2020\/05\/Diapositiva2-300x120.png 300w, https:\/\/scemt.org\/wp-content\/uploads\/2020\/05\/Diapositiva2-1024x410.png 1024w, https:\/\/scemt.org\/wp-content\/uploads\/2020\/05\/Diapositiva2-768x307.png 768w, https:\/\/scemt.org\/wp-content\/uploads\/2020\/05\/Diapositiva2-1536x614.png 1536w\" sizes=\"auto, (max-width: 100px) 100vw, 100px\" \/><\/a><\/p>\n\n\n<p>.<\/p>\n","protected":false},"excerpt":{"rendered":"<p>Charla Salud Integral Masculina Conferencia: Avances de la Neurocirug\u00eda Explorando el Dolor: Fisiopatolog\u00eda y Manejo Cl\u00ednico \u2022 Ciclo de Charlas: Zoonosis y Animales Ponzo\u00f1osos \u2022 Uso de la IA para B\u00fasqueda Bibliogr\u00e1fica \u2022 Enfermedades&#46;&#46;&#46;<\/p>\n","protected":false},"author":1,"featured_media":0,"parent":0,"menu_order":0,"comment_status":"closed","ping_status":"closed","template":"","meta":{"_mc_calendar":[],"footnotes":""},"class_list":["post-653","page","type-page","status-publish","hentry"],"yoast_head":"<!-- This site is optimized with the Yoast SEO plugin v25.2 - https:\/\/yoast.com\/wordpress\/plugins\/seo\/ -->\n<title>Charlas\/Conferencias - SCEMT<\/title>\n<meta name=\"robots\" content=\"index, follow, max-snippet:-1, max-image-preview:large, max-video-preview:-1\" \/>\n<link rel=\"canonical\" href=\"https:\/\/scemt.org\/?page_id=653\" \/>\n<meta property=\"og:locale\" content=\"es_ES\" \/>\n<meta property=\"og:type\" content=\"article\" \/>\n<meta property=\"og:title\" content=\"Charlas\/Conferencias - SCEMT\" \/>\n<meta property=\"og:description\" content=\"Charla Salud Integral Masculina Conferencia: Avances de la Neurocirug\u00eda Explorando el Dolor: Fisiopatolog\u00eda y Manejo Cl\u00ednico \u2022 Ciclo de Charlas: Zoonosis y Animales Ponzo\u00f1osos \u2022 Uso de la IA para B\u00fasqueda Bibliogr\u00e1fica \u2022 Enfermedades&#046;&#046;&#046;\" \/>\n<meta property=\"og:url\" content=\"https:\/\/scemt.org\/?page_id=653\" \/>\n<meta property=\"og:site_name\" content=\"SCEMT\" \/>\n<meta property=\"article:modified_time\" content=\"2025-05-07T00:18:28+00:00\" \/>\n<meta property=\"og:image\" content=\"https:\/\/scemt.org\/wp-content\/uploads\/2020\/05\/Diapositiva1.png\" \/>\n\t<meta property=\"og:image:width\" content=\"1890\" \/>\n\t<meta property=\"og:image:height\" content=\"756\" \/>\n\t<meta property=\"og:image:type\" content=\"image\/png\" \/>\n<meta name=\"twitter:card\" content=\"summary_large_image\" \/>\n<script type=\"application\/ld+json\" class=\"yoast-schema-graph\">{\"@context\":\"https:\/\/schema.org\",\"@graph\":[{\"@type\":\"WebPage\",\"@id\":\"https:\/\/scemt.org\/?page_id=653\",\"url\":\"https:\/\/scemt.org\/?page_id=653\",\"name\":\"Charlas\/Conferencias - SCEMT\",\"isPartOf\":{\"@id\":\"https:\/\/scemt.org\/#website\"},\"primaryImageOfPage\":{\"@id\":\"https:\/\/scemt.org\/?page_id=653#primaryimage\"},\"image\":{\"@id\":\"https:\/\/scemt.org\/?page_id=653#primaryimage\"},\"thumbnailUrl\":\"https:\/\/scemt.org\/wp-content\/uploads\/2020\/05\/Diapositiva1.png\",\"datePublished\":\"2020-05-07T17:21:35+00:00\",\"dateModified\":\"2025-05-07T00:18:28+00:00\",\"breadcrumb\":{\"@id\":\"https:\/\/scemt.org\/?page_id=653#breadcrumb\"},\"inLanguage\":\"es-AR\",\"potentialAction\":[{\"@type\":\"ReadAction\",\"target\":[\"https:\/\/scemt.org\/?page_id=653\"]}]},{\"@type\":\"ImageObject\",\"inLanguage\":\"es-AR\",\"@id\":\"https:\/\/scemt.org\/?page_id=653#primaryimage\",\"url\":\"https:\/\/scemt.org\/wp-content\/uploads\/2020\/05\/Diapositiva1.png\",\"contentUrl\":\"https:\/\/scemt.org\/wp-content\/uploads\/2020\/05\/Diapositiva1.png\",\"width\":1890,\"height\":756},{\"@type\":\"BreadcrumbList\",\"@id\":\"https:\/\/scemt.org\/?page_id=653#breadcrumb\",\"itemListElement\":[{\"@type\":\"ListItem\",\"position\":1,\"name\":\"Inicio\",\"item\":\"https:\/\/scemt.org\/\"},{\"@type\":\"ListItem\",\"position\":2,\"name\":\"Charlas\/Conferencias\"}]},{\"@type\":\"WebSite\",\"@id\":\"https:\/\/scemt.org\/#website\",\"url\":\"https:\/\/scemt.org\/\",\"name\":\"SCEMT\",\"description\":\"\",\"publisher\":{\"@id\":\"https:\/\/scemt.org\/#organization\"},\"potentialAction\":[{\"@type\":\"SearchAction\",\"target\":{\"@type\":\"EntryPoint\",\"urlTemplate\":\"https:\/\/scemt.org\/?s={search_term_string}\"},\"query-input\":{\"@type\":\"PropertyValueSpecification\",\"valueRequired\":true,\"valueName\":\"search_term_string\"}}],\"inLanguage\":\"es-AR\"},{\"@type\":\"Organization\",\"@id\":\"https:\/\/scemt.org\/#organization\",\"name\":\"SCEMT\",\"url\":\"https:\/\/scemt.org\/\",\"logo\":{\"@type\":\"ImageObject\",\"inLanguage\":\"es-AR\",\"@id\":\"https:\/\/scemt.org\/#\/schema\/logo\/image\/\",\"url\":\"https:\/\/scemt.org\/wp-content\/uploads\/2023\/03\/Logo-SCEMT.png\",\"contentUrl\":\"https:\/\/scemt.org\/wp-content\/uploads\/2023\/03\/Logo-SCEMT.png\",\"width\":3794,\"height\":4393,\"caption\":\"SCEMT\"},\"image\":{\"@id\":\"https:\/\/scemt.org\/#\/schema\/logo\/image\/\"}}]}<\/script>\n<!-- \/ Yoast SEO plugin. -->","yoast_head_json":{"title":"Charlas\/Conferencias - SCEMT","robots":{"index":"index","follow":"follow","max-snippet":"max-snippet:-1","max-image-preview":"max-image-preview:large","max-video-preview":"max-video-preview:-1"},"canonical":"https:\/\/scemt.org\/?page_id=653","og_locale":"es_ES","og_type":"article","og_title":"Charlas\/Conferencias - SCEMT","og_description":"Charla Salud Integral Masculina Conferencia: Avances de la Neurocirug\u00eda Explorando el Dolor: Fisiopatolog\u00eda y Manejo Cl\u00ednico \u2022 Ciclo de Charlas: Zoonosis y Animales Ponzo\u00f1osos \u2022 Uso de la IA para B\u00fasqueda Bibliogr\u00e1fica \u2022 Enfermedades&#46;&#46;&#46;","og_url":"https:\/\/scemt.org\/?page_id=653","og_site_name":"SCEMT","article_modified_time":"2025-05-07T00:18:28+00:00","og_image":[{"width":1890,"height":756,"url":"https:\/\/scemt.org\/wp-content\/uploads\/2020\/05\/Diapositiva1.png","type":"image\/png"}],"twitter_card":"summary_large_image","schema":{"@context":"https:\/\/schema.org","@graph":[{"@type":"WebPage","@id":"https:\/\/scemt.org\/?page_id=653","url":"https:\/\/scemt.org\/?page_id=653","name":"Charlas\/Conferencias - SCEMT","isPartOf":{"@id":"https:\/\/scemt.org\/#website"},"primaryImageOfPage":{"@id":"https:\/\/scemt.org\/?page_id=653#primaryimage"},"image":{"@id":"https:\/\/scemt.org\/?page_id=653#primaryimage"},"thumbnailUrl":"https:\/\/scemt.org\/wp-content\/uploads\/2020\/05\/Diapositiva1.png","datePublished":"2020-05-07T17:21:35+00:00","dateModified":"2025-05-07T00:18:28+00:00","breadcrumb":{"@id":"https:\/\/scemt.org\/?page_id=653#breadcrumb"},"inLanguage":"es-AR","potentialAction":[{"@type":"ReadAction","target":["https:\/\/scemt.org\/?page_id=653"]}]},{"@type":"ImageObject","inLanguage":"es-AR","@id":"https:\/\/scemt.org\/?page_id=653#primaryimage","url":"https:\/\/scemt.org\/wp-content\/uploads\/2020\/05\/Diapositiva1.png","contentUrl":"https:\/\/scemt.org\/wp-content\/uploads\/2020\/05\/Diapositiva1.png","width":1890,"height":756},{"@type":"BreadcrumbList","@id":"https:\/\/scemt.org\/?page_id=653#breadcrumb","itemListElement":[{"@type":"ListItem","position":1,"name":"Inicio","item":"https:\/\/scemt.org\/"},{"@type":"ListItem","position":2,"name":"Charlas\/Conferencias"}]},{"@type":"WebSite","@id":"https:\/\/scemt.org\/#website","url":"https:\/\/scemt.org\/","name":"SCEMT","description":"","publisher":{"@id":"https:\/\/scemt.org\/#organization"},"potentialAction":[{"@type":"SearchAction","target":{"@type":"EntryPoint","urlTemplate":"https:\/\/scemt.org\/?s={search_term_string}"},"query-input":{"@type":"PropertyValueSpecification","valueRequired":true,"valueName":"search_term_string"}}],"inLanguage":"es-AR"},{"@type":"Organization","@id":"https:\/\/scemt.org\/#organization","name":"SCEMT","url":"https:\/\/scemt.org\/","logo":{"@type":"ImageObject","inLanguage":"es-AR","@id":"https:\/\/scemt.org\/#\/schema\/logo\/image\/","url":"https:\/\/scemt.org\/wp-content\/uploads\/2023\/03\/Logo-SCEMT.png","contentUrl":"https:\/\/scemt.org\/wp-content\/uploads\/2023\/03\/Logo-SCEMT.png","width":3794,"height":4393,"caption":"SCEMT"},"image":{"@id":"https:\/\/scemt.org\/#\/schema\/logo\/image\/"}}]}},"jetpack_sharing_enabled":true,"_links":{"self":[{"href":"https:\/\/scemt.org\/index.php?rest_route=\/wp\/v2\/pages\/653","targetHints":{"allow":["GET"]}}],"collection":[{"href":"https:\/\/scemt.org\/index.php?rest_route=\/wp\/v2\/pages"}],"about":[{"href":"https:\/\/scemt.org\/index.php?rest_route=\/wp\/v2\/types\/page"}],"author":[{"embeddable":true,"href":"https:\/\/scemt.org\/index.php?rest_route=\/wp\/v2\/users\/1"}],"replies":[{"embeddable":true,"href":"https:\/\/scemt.org\/index.php?rest_route=%2Fwp%2Fv2%2Fcomments&post=653"}],"version-history":[{"count":11,"href":"https:\/\/scemt.org\/index.php?rest_route=\/wp\/v2\/pages\/653\/revisions"}],"predecessor-version":[{"id":2080,"href":"https:\/\/scemt.org\/index.php?rest_route=\/wp\/v2\/pages\/653\/revisions\/2080"}],"wp:attachment":[{"href":"https:\/\/scemt.org\/index.php?rest_route=%2Fwp%2Fv2%2Fmedia&parent=653"}],"curies":[{"name":"wp","href":"https:\/\/api.w.org\/{rel}","templated":true}]}}