{"id":694,"date":"2020-05-12T00:00:00","date_gmt":"2020-05-12T03:00:00","guid":{"rendered":"https:\/\/scemt.org\/?page_id=694"},"modified":"2020-05-13T22:03:08","modified_gmt":"2020-05-14T01:03:08","slug":"12-de-mayo-dia-mundial-de-la-fibromialgia-y-el-sindrome-de-la-fatiga-cronica","status":"publish","type":"page","link":"https:\/\/scemt.org\/?page_id=694","title":{"rendered":"12 de Mayo: D\u00eda Mundial de la Fibromialgia y el S\u00edndrome de la Fatiga Cr\u00f3nica"},"content":{"rendered":"\n<figure class=\"wp-block-image size-large\"><img loading=\"lazy\" decoding=\"async\" width=\"1024\" height=\"1024\" src=\"https:\/\/scemt.org\/wp-content\/uploads\/2020\/05\/12-de-mayo1-1024x1024.png\" alt=\"\" class=\"wp-image-696\" srcset=\"https:\/\/scemt.org\/wp-content\/uploads\/2020\/05\/12-de-mayo1-1024x1024.png 1024w, https:\/\/scemt.org\/wp-content\/uploads\/2020\/05\/12-de-mayo1-300x300.png 300w, https:\/\/scemt.org\/wp-content\/uploads\/2020\/05\/12-de-mayo1-150x150.png 150w, https:\/\/scemt.org\/wp-content\/uploads\/2020\/05\/12-de-mayo1-768x768.png 768w, https:\/\/scemt.org\/wp-content\/uploads\/2020\/05\/12-de-mayo1-160x160.png 160w, https:\/\/scemt.org\/wp-content\/uploads\/2020\/05\/12-de-mayo1-320x320.png 320w, https:\/\/scemt.org\/wp-content\/uploads\/2020\/05\/12-de-mayo1.png 1080w\" sizes=\"auto, (max-width: 1024px) 100vw, 1024px\" \/><\/figure>\n\n\n<p>Este d\u00eda se estableci\u00f3 en 1993, con el objetivo de\u00a0informar y sensibilizar\u00a0a la poblaci\u00f3n sobre estos s\u00edndromes de sensibilidad central, y sobre la realidad y\u00a0necesidades\u00a0de los afectados y sus familiares.<\/p>\n<p>La Fibromialgia (FM) y el S\u00edndrome de Fatiga Cr\u00f3nica (SFC) afectan aproximadamente a entre un 3 y 6% de la poblaci\u00f3n y, aunque son dos enfermedades diferentes, presentan s\u00edntomas comunes que afectan en gran medida la calidad de vida de quienes las padecen.<\/p>\n<p>La FM es un s\u00edndrome cl\u00ednico de origen desconocido que afecta mayormente a mujeres entre los 20 y 40 a\u00f1os. Se caracteriza por la presentaci\u00f3n de\u00a0dolor cr\u00f3nico\u00a0generalizado del\u00a0aparato locomotor, lo que conlleva una disminuci\u00f3n significativa de la\u00a0calidad de vida\u00a0de estos pacientes.<\/p>\n<p>Quienes padecen FM poseen una hiperreactividad del sistema nervioso simp\u00e1tico, lo que desencadena cuadros de insomnio y ansiedad; pero tambi\u00e9n son hiporreactivos a est\u00edmulos estresantes, lo que los predispone a la depresi\u00f3n.<\/p>\n<p>Entre los signos y s\u00edntomas se pueden encontrar: dolor cr\u00f3nico generalizado e\u00a0hipersensibilidad en puntos anat\u00f3micos espec\u00edficos, fatiga intensa, alteraciones del\u00a0sue\u00f1o, ansiedad\u00a0y depresi\u00f3n, rigidez matutina o cefaleas.<\/p>\n<p>El diagn\u00f3stico es cl\u00ednico y se vale de algunos criterios como: \u00edndice de dolor generalizado \u2265 7 m\u00e1s calificaci\u00f3n en la escala de gravedad de s\u00edntomas \u2265 5, o \u00edndice de dolor generalizado entre 3 y 6 m\u00e1s calificaci\u00f3n en escala de gravedad de s\u00edntomas \u2265 9; intensidad similar de los s\u00edntomas por al menos 3 meses y ausencia de otra enfermedad que pudiese explicar el dolor.<\/p>\n<p>El tratamiento se basa en cuidados personales (como control del estr\u00e9s), medicamentos (analg\u00e9sicos, antidepresivos, anticonvulsivos) y terapia (fisioterapia, terapia ocupacional, terapia psicol\u00f3gica).<\/p>\n<p>El SFC (tambi\u00e9n conocido como Encefalomielitis Mi\u00e1lgica o Enfermedad Sist\u00e9mica de Intolerancia al Esfuerzo) es una enfermedad grave y de larga duraci\u00f3n que afecta mayormente a mujeres entre los 40 y 60 a\u00f1os, comprometiendo muchos sistemas del cuerpo. A menudo, puede dificultar realizar actividades diarias, a veces es posible que ni siquiera se pueda salir de la cama. No es un trastorno psicol\u00f3gico, sino una\u00a0enfermedad biol\u00f3gica\u00a0caracterizada por la presentaci\u00f3n de\u00a0patrones inmunol\u00f3gicos\u00a0espec\u00edficos.<\/p>\n<p>Es de origen desconocido aunque se cree que se produce luego de una infecci\u00f3n por Virus de Epstein Barr, desencaden\u00e1ndose fatiga persistente, s\u00fabita y exagerada tras una infecci\u00f3n, sumado a alteraciones cognitivas y del sue\u00f1o, s\u00edntomas exacerbados por el ejercicio y sobre todo por presentarse en pacientes sin previa historia de quejas som\u00e1ticas.<\/p>\n<p>Entre los signos y s\u00edntomas que presenta podemos nombrar fatiga severa que no mejora con el descanso, problemas para dormir, malestar o fatiga post-esfuerzo (donde los s\u00edntomas empeoran despu\u00e9s de cualquier actividad f\u00edsica o mental), problemas con el pensar y la concentraci\u00f3n, dolor, mareos; tambi\u00e9n pueden presentarse artralgias y mialgias pero sin alteraci\u00f3n de la fuerza y dem\u00e1s ex\u00e1menes neuromusculares. Pueden presentarse alteraciones como intolerancia a olores, taquicardias y s\u00edncopes recurrentes. Se diferencia de la FM por la presencia de febr\u00edculas, odinofagia, fatiga tras ejercicios intensos, y linfadenopat\u00edas dolorosas y palpables.<\/p>\n<p>El diagn\u00f3stico es netamente cl\u00ednico y su tratamiento comprende medicamentos (antidepresivos) y terapia (entrenamiento cognitivo, ejercicios graduales).<\/p>\n<p style=\"text-align: center;\"><em>&lt;&lt; Haz visible lo invisible. &gt;&gt;<\/em><\/p>","protected":false},"excerpt":{"rendered":"<p>Este d\u00eda se estableci\u00f3 en 1993, con el objetivo de\u00a0informar y sensibilizar\u00a0a la poblaci\u00f3n sobre estos s\u00edndromes de sensibilidad central, y sobre la realidad y\u00a0necesidades\u00a0de los afectados y sus familiares. La Fibromialgia (FM) y&#46;&#46;&#46;<\/p>\n","protected":false},"author":1,"featured_media":0,"parent":0,"menu_order":0,"comment_status":"closed","ping_status":"closed","template":"","meta":{"_mc_calendar":[],"footnotes":""},"class_list":["post-694","page","type-page","status-publish","hentry"],"yoast_head":"<!-- This site is optimized with the Yoast SEO plugin v25.2 - https:\/\/yoast.com\/wordpress\/plugins\/seo\/ -->\n<title>12 de Mayo: D\u00eda Mundial de la Fibromialgia y el S\u00edndrome de la Fatiga Cr\u00f3nica - SCEMT<\/title>\n<meta name=\"robots\" content=\"index, follow, max-snippet:-1, max-image-preview:large, max-video-preview:-1\" \/>\n<link rel=\"canonical\" href=\"https:\/\/scemt.org\/?page_id=694\" \/>\n<meta property=\"og:locale\" content=\"es_ES\" \/>\n<meta property=\"og:type\" content=\"article\" \/>\n<meta property=\"og:title\" content=\"12 de Mayo: D\u00eda Mundial de la Fibromialgia y el S\u00edndrome de la Fatiga Cr\u00f3nica - SCEMT\" \/>\n<meta property=\"og:description\" content=\"Este d\u00eda se estableci\u00f3 en 1993, con el objetivo de\u00a0informar y sensibilizar\u00a0a la poblaci\u00f3n sobre estos s\u00edndromes de sensibilidad central, y sobre la realidad y\u00a0necesidades\u00a0de los afectados y sus familiares. La Fibromialgia (FM) y&#046;&#046;&#046;\" \/>\n<meta property=\"og:url\" content=\"https:\/\/scemt.org\/?page_id=694\" \/>\n<meta property=\"og:site_name\" content=\"SCEMT\" \/>\n<meta property=\"article:modified_time\" content=\"2020-05-14T01:03:08+00:00\" \/>\n<meta property=\"og:image\" content=\"https:\/\/scemt.org\/wp-content\/uploads\/2020\/05\/12-de-mayo1.png\" \/>\n\t<meta property=\"og:image:width\" content=\"1080\" \/>\n\t<meta property=\"og:image:height\" content=\"1080\" \/>\n\t<meta property=\"og:image:type\" content=\"image\/png\" \/>\n<meta name=\"twitter:card\" content=\"summary_large_image\" \/>\n<meta name=\"twitter:label1\" content=\"Tiempo de lectura\" \/>\n\t<meta name=\"twitter:data1\" content=\"3 minutos\" \/>\n<script type=\"application\/ld+json\" class=\"yoast-schema-graph\">{\"@context\":\"https:\/\/schema.org\",\"@graph\":[{\"@type\":\"WebPage\",\"@id\":\"https:\/\/scemt.org\/?page_id=694\",\"url\":\"https:\/\/scemt.org\/?page_id=694\",\"name\":\"12 de Mayo: D\u00eda Mundial de la Fibromialgia y el S\u00edndrome de la Fatiga Cr\u00f3nica - SCEMT\",\"isPartOf\":{\"@id\":\"https:\/\/scemt.org\/#website\"},\"primaryImageOfPage\":{\"@id\":\"https:\/\/scemt.org\/?page_id=694#primaryimage\"},\"image\":{\"@id\":\"https:\/\/scemt.org\/?page_id=694#primaryimage\"},\"thumbnailUrl\":\"https:\/\/scemt.org\/wp-content\/uploads\/2020\/05\/12-de-mayo1-1024x1024.png\",\"datePublished\":\"2020-05-12T03:00:00+00:00\",\"dateModified\":\"2020-05-14T01:03:08+00:00\",\"breadcrumb\":{\"@id\":\"https:\/\/scemt.org\/?page_id=694#breadcrumb\"},\"inLanguage\":\"es-AR\",\"potentialAction\":[{\"@type\":\"ReadAction\",\"target\":[\"https:\/\/scemt.org\/?page_id=694\"]}]},{\"@type\":\"ImageObject\",\"inLanguage\":\"es-AR\",\"@id\":\"https:\/\/scemt.org\/?page_id=694#primaryimage\",\"url\":\"https:\/\/scemt.org\/wp-content\/uploads\/2020\/05\/12-de-mayo1.png\",\"contentUrl\":\"https:\/\/scemt.org\/wp-content\/uploads\/2020\/05\/12-de-mayo1.png\",\"width\":1080,\"height\":1080},{\"@type\":\"BreadcrumbList\",\"@id\":\"https:\/\/scemt.org\/?page_id=694#breadcrumb\",\"itemListElement\":[{\"@type\":\"ListItem\",\"position\":1,\"name\":\"Inicio\",\"item\":\"https:\/\/scemt.org\/\"},{\"@type\":\"ListItem\",\"position\":2,\"name\":\"12 de Mayo: D\u00eda Mundial de la Fibromialgia y el S\u00edndrome de la Fatiga Cr\u00f3nica\"}]},{\"@type\":\"WebSite\",\"@id\":\"https:\/\/scemt.org\/#website\",\"url\":\"https:\/\/scemt.org\/\",\"name\":\"SCEMT\",\"description\":\"Sociedad Cient\u00edfica de Estudiantes de Medicina de Tucum\u00e1n\",\"publisher\":{\"@id\":\"https:\/\/scemt.org\/#organization\"},\"potentialAction\":[{\"@type\":\"SearchAction\",\"target\":{\"@type\":\"EntryPoint\",\"urlTemplate\":\"https:\/\/scemt.org\/?s={search_term_string}\"},\"query-input\":{\"@type\":\"PropertyValueSpecification\",\"valueRequired\":true,\"valueName\":\"search_term_string\"}}],\"inLanguage\":\"es-AR\"},{\"@type\":\"Organization\",\"@id\":\"https:\/\/scemt.org\/#organization\",\"name\":\"SCEMT\",\"url\":\"https:\/\/scemt.org\/\",\"logo\":{\"@type\":\"ImageObject\",\"inLanguage\":\"es-AR\",\"@id\":\"https:\/\/scemt.org\/#\/schema\/logo\/image\/\",\"url\":\"https:\/\/scemt.org\/wp-content\/uploads\/2023\/03\/Logo-SCEMT.png\",\"contentUrl\":\"https:\/\/scemt.org\/wp-content\/uploads\/2023\/03\/Logo-SCEMT.png\",\"width\":3794,\"height\":4393,\"caption\":\"SCEMT\"},\"image\":{\"@id\":\"https:\/\/scemt.org\/#\/schema\/logo\/image\/\"}}]}<\/script>\n<!-- \/ Yoast SEO plugin. -->","yoast_head_json":{"title":"12 de Mayo: D\u00eda Mundial de la Fibromialgia y el S\u00edndrome de la Fatiga Cr\u00f3nica - SCEMT","robots":{"index":"index","follow":"follow","max-snippet":"max-snippet:-1","max-image-preview":"max-image-preview:large","max-video-preview":"max-video-preview:-1"},"canonical":"https:\/\/scemt.org\/?page_id=694","og_locale":"es_ES","og_type":"article","og_title":"12 de Mayo: D\u00eda Mundial de la Fibromialgia y el S\u00edndrome de la Fatiga Cr\u00f3nica - SCEMT","og_description":"Este d\u00eda se estableci\u00f3 en 1993, con el objetivo de\u00a0informar y sensibilizar\u00a0a la poblaci\u00f3n sobre estos s\u00edndromes de sensibilidad central, y sobre la realidad y\u00a0necesidades\u00a0de los afectados y sus familiares. La Fibromialgia (FM) y&#46;&#46;&#46;","og_url":"https:\/\/scemt.org\/?page_id=694","og_site_name":"SCEMT","article_modified_time":"2020-05-14T01:03:08+00:00","og_image":[{"width":1080,"height":1080,"url":"https:\/\/scemt.org\/wp-content\/uploads\/2020\/05\/12-de-mayo1.png","type":"image\/png"}],"twitter_card":"summary_large_image","twitter_misc":{"Tiempo de lectura":"3 minutos"},"schema":{"@context":"https:\/\/schema.org","@graph":[{"@type":"WebPage","@id":"https:\/\/scemt.org\/?page_id=694","url":"https:\/\/scemt.org\/?page_id=694","name":"12 de Mayo: D\u00eda Mundial de la Fibromialgia y el S\u00edndrome de la Fatiga Cr\u00f3nica - SCEMT","isPartOf":{"@id":"https:\/\/scemt.org\/#website"},"primaryImageOfPage":{"@id":"https:\/\/scemt.org\/?page_id=694#primaryimage"},"image":{"@id":"https:\/\/scemt.org\/?page_id=694#primaryimage"},"thumbnailUrl":"https:\/\/scemt.org\/wp-content\/uploads\/2020\/05\/12-de-mayo1-1024x1024.png","datePublished":"2020-05-12T03:00:00+00:00","dateModified":"2020-05-14T01:03:08+00:00","breadcrumb":{"@id":"https:\/\/scemt.org\/?page_id=694#breadcrumb"},"inLanguage":"es-AR","potentialAction":[{"@type":"ReadAction","target":["https:\/\/scemt.org\/?page_id=694"]}]},{"@type":"ImageObject","inLanguage":"es-AR","@id":"https:\/\/scemt.org\/?page_id=694#primaryimage","url":"https:\/\/scemt.org\/wp-content\/uploads\/2020\/05\/12-de-mayo1.png","contentUrl":"https:\/\/scemt.org\/wp-content\/uploads\/2020\/05\/12-de-mayo1.png","width":1080,"height":1080},{"@type":"BreadcrumbList","@id":"https:\/\/scemt.org\/?page_id=694#breadcrumb","itemListElement":[{"@type":"ListItem","position":1,"name":"Inicio","item":"https:\/\/scemt.org\/"},{"@type":"ListItem","position":2,"name":"12 de Mayo: D\u00eda Mundial de la Fibromialgia y el S\u00edndrome de la Fatiga Cr\u00f3nica"}]},{"@type":"WebSite","@id":"https:\/\/scemt.org\/#website","url":"https:\/\/scemt.org\/","name":"SCEMT","description":"Sociedad Cient\u00edfica de Estudiantes de Medicina de Tucum\u00e1n","publisher":{"@id":"https:\/\/scemt.org\/#organization"},"potentialAction":[{"@type":"SearchAction","target":{"@type":"EntryPoint","urlTemplate":"https:\/\/scemt.org\/?s={search_term_string}"},"query-input":{"@type":"PropertyValueSpecification","valueRequired":true,"valueName":"search_term_string"}}],"inLanguage":"es-AR"},{"@type":"Organization","@id":"https:\/\/scemt.org\/#organization","name":"SCEMT","url":"https:\/\/scemt.org\/","logo":{"@type":"ImageObject","inLanguage":"es-AR","@id":"https:\/\/scemt.org\/#\/schema\/logo\/image\/","url":"https:\/\/scemt.org\/wp-content\/uploads\/2023\/03\/Logo-SCEMT.png","contentUrl":"https:\/\/scemt.org\/wp-content\/uploads\/2023\/03\/Logo-SCEMT.png","width":3794,"height":4393,"caption":"SCEMT"},"image":{"@id":"https:\/\/scemt.org\/#\/schema\/logo\/image\/"}}]}},"jetpack_sharing_enabled":true,"_links":{"self":[{"href":"https:\/\/scemt.org\/index.php?rest_route=\/wp\/v2\/pages\/694","targetHints":{"allow":["GET"]}}],"collection":[{"href":"https:\/\/scemt.org\/index.php?rest_route=\/wp\/v2\/pages"}],"about":[{"href":"https:\/\/scemt.org\/index.php?rest_route=\/wp\/v2\/types\/page"}],"author":[{"embeddable":true,"href":"https:\/\/scemt.org\/index.php?rest_route=\/wp\/v2\/users\/1"}],"replies":[{"embeddable":true,"href":"https:\/\/scemt.org\/index.php?rest_route=%2Fwp%2Fv2%2Fcomments&post=694"}],"version-history":[{"count":4,"href":"https:\/\/scemt.org\/index.php?rest_route=\/wp\/v2\/pages\/694\/revisions"}],"predecessor-version":[{"id":704,"href":"https:\/\/scemt.org\/index.php?rest_route=\/wp\/v2\/pages\/694\/revisions\/704"}],"wp:attachment":[{"href":"https:\/\/scemt.org\/index.php?rest_route=%2Fwp%2Fv2%2Fmedia&parent=694"}],"curies":[{"name":"wp","href":"https:\/\/api.w.org\/{rel}","templated":true}]}}