{"id":706,"date":"2020-05-17T11:48:42","date_gmt":"2020-05-17T14:48:42","guid":{"rendered":"https:\/\/scemt.org\/?page_id=706"},"modified":"2020-05-17T11:48:59","modified_gmt":"2020-05-17T14:48:59","slug":"17-de-mayo-dia-mundial-de-la-hipertension","status":"publish","type":"page","link":"https:\/\/scemt.org\/?page_id=706","title":{"rendered":"17 de Mayo: D\u00eda Mundial de la Hipertensi\u00f3n"},"content":{"rendered":"<figure class=\"wp-block-image size-large\"><img loading=\"lazy\" decoding=\"async\" width=\"1280\" height=\"1280\" class=\"wp-image-705\" src=\"https:\/\/scemt.org\/wp-content\/uploads\/2020\/05\/IMG-20200515-WA0003.jpg\" alt=\"\" srcset=\"https:\/\/scemt.org\/wp-content\/uploads\/2020\/05\/IMG-20200515-WA0003.jpg 1280w, https:\/\/scemt.org\/wp-content\/uploads\/2020\/05\/IMG-20200515-WA0003-300x300.jpg 300w, https:\/\/scemt.org\/wp-content\/uploads\/2020\/05\/IMG-20200515-WA0003-1024x1024.jpg 1024w, https:\/\/scemt.org\/wp-content\/uploads\/2020\/05\/IMG-20200515-WA0003-150x150.jpg 150w, https:\/\/scemt.org\/wp-content\/uploads\/2020\/05\/IMG-20200515-WA0003-768x768.jpg 768w, https:\/\/scemt.org\/wp-content\/uploads\/2020\/05\/IMG-20200515-WA0003-160x160.jpg 160w, https:\/\/scemt.org\/wp-content\/uploads\/2020\/05\/IMG-20200515-WA0003-320x320.jpg 320w\" sizes=\"auto, (max-width: 1280px) 100vw, 1280px\" \/><\/figure><p><\/p><p style=\"text-align:justify;background:white;line-height:100%;margin-top:0pt;margin-bottom:0pt;\">Este d\u00eda se conmemora con la finalidad de promover la concientizaci\u00f3n, prevenci\u00f3n, diagn\u00f3stico y control de la hipertensi\u00f3n arterial, condici\u00f3n que constituye el principal factor de riesgo para padecer enfermedades cardiovasculares como el\u00a0infarto de miocardio, los ictus o la\u00a0insuficiencia cardiaca, entre otras.<br>La\u00a0hipertensi\u00f3n arterial (HTA)\u00a0es una enfermedad cr\u00f3nica que afecta a m\u00e1s del 25% de la poblaci\u00f3n mundial y se considera un problema de salud p\u00fablica importante en los pa\u00edses desarrollados.<br>Se denomina\u00a0tensi\u00f3n arterial\u00a0a la presi\u00f3n que soportan los vasos arteriales en el organismo. Esta presi\u00f3n se origina con el latido card\u00edaco que lanza la sangre desde el coraz\u00f3n y la distribuye a trav\u00e9s de las arterias. Las cifras \u00f3ptimas\/normales de tensi\u00f3n arterial est\u00e1n en 120 mmHg (m\u00e1xima o sist\u00f3lica) y 80 mmHg (m\u00ednima o diast\u00f3lica).<br>La HTA es el aumento sostenido de la tensi\u00f3n arterial sist\u00f3lica y\/o diast\u00f3lica. Seg\u00fan los criterios actuales, se considera que hay HTA cuando la presi\u00f3n arterial sist\u00f3lica es mayor o igual a\u00a0140 mmHg\u00a0y\/o cuando la presi\u00f3n arterial diast\u00f3lica es igual o mayor de\u00a090 mmHg.<br>Es necesario recordar que la presi\u00f3n arterial no es una constante y sufre variaciones durante el d\u00eda en funci\u00f3n de diversos est\u00edmulos.<br>Las principales medidas contra la hipertensi\u00f3n arterial es el cambio de estilo de vida para reducir las cifras de la tensi\u00f3n arterial y prevenir sus posibles consecuencias. Algunas de ellas son: reducir el peso corporal reduciendo las grasas saturadas de la dieta y aumentando el consumo de frutas y verduras a diario (dieta hipocal\u00f3rica), limitar la ingesta de \u00a0sal (menos de 6 gramos al d\u00eda, dieta hipo s\u00f3dica), practicar actividad f\u00edsica moderada todos los d\u00edas, reducir la ingesta de alcohol, eliminar el consumo de consumo de tabaco, entre otras.<br>Para tratarla adem\u00e1s, si el medico considera necesario, se realiza un tratamiento farmacol\u00f3gico pautado que sea adecuado a cada caso para lograr controlar adecuadamente las cifras de la tensi\u00f3n arterial.<em>&lt;&lt; Recuerd\u00e1 controlar tu tensi\u00f3n arterial y conocer tus n\u00fameros. &gt;<\/em>&gt;<\/p>","protected":false},"excerpt":{"rendered":"<p>Este d\u00eda se conmemora con la finalidad de promover la concientizaci\u00f3n, prevenci\u00f3n, diagn\u00f3stico y control de la hipertensi\u00f3n arterial, condici\u00f3n que constituye el principal factor de riesgo para padecer enfermedades cardiovasculares como el\u00a0infarto de&#46;&#46;&#46;<\/p>\n","protected":false},"author":1,"featured_media":0,"parent":0,"menu_order":0,"comment_status":"open","ping_status":"closed","template":"","meta":{"_mc_calendar":[],"footnotes":""},"class_list":["post-706","page","type-page","status-publish","hentry"],"yoast_head":"<!-- This site is optimized with the Yoast SEO plugin v25.2 - https:\/\/yoast.com\/wordpress\/plugins\/seo\/ -->\n<title>17 de Mayo: D\u00eda Mundial de la Hipertensi\u00f3n - SCEMT<\/title>\n<meta name=\"robots\" content=\"index, follow, max-snippet:-1, max-image-preview:large, max-video-preview:-1\" \/>\n<link rel=\"canonical\" href=\"https:\/\/scemt.org\/?page_id=706\" \/>\n<meta property=\"og:locale\" content=\"es_ES\" \/>\n<meta property=\"og:type\" content=\"article\" \/>\n<meta property=\"og:title\" content=\"17 de Mayo: D\u00eda Mundial de la Hipertensi\u00f3n - SCEMT\" \/>\n<meta property=\"og:description\" content=\"Este d\u00eda se conmemora con la finalidad de promover la concientizaci\u00f3n, prevenci\u00f3n, diagn\u00f3stico y control de la hipertensi\u00f3n arterial, condici\u00f3n que constituye el principal factor de riesgo para padecer enfermedades cardiovasculares como el\u00a0infarto de&#046;&#046;&#046;\" \/>\n<meta property=\"og:url\" content=\"https:\/\/scemt.org\/?page_id=706\" \/>\n<meta property=\"og:site_name\" content=\"SCEMT\" \/>\n<meta property=\"article:modified_time\" content=\"2020-05-17T14:48:59+00:00\" \/>\n<meta property=\"og:image\" content=\"https:\/\/scemt.org\/wp-content\/uploads\/2020\/05\/IMG-20200515-WA0003.jpg\" \/>\n\t<meta property=\"og:image:width\" content=\"1280\" \/>\n\t<meta property=\"og:image:height\" content=\"1280\" \/>\n\t<meta property=\"og:image:type\" content=\"image\/jpeg\" \/>\n<meta name=\"twitter:card\" content=\"summary_large_image\" \/>\n<meta name=\"twitter:label1\" content=\"Tiempo de lectura\" \/>\n\t<meta name=\"twitter:data1\" content=\"2 minutos\" \/>\n<script type=\"application\/ld+json\" class=\"yoast-schema-graph\">{\"@context\":\"https:\/\/schema.org\",\"@graph\":[{\"@type\":\"WebPage\",\"@id\":\"https:\/\/scemt.org\/?page_id=706\",\"url\":\"https:\/\/scemt.org\/?page_id=706\",\"name\":\"17 de Mayo: D\u00eda Mundial de la Hipertensi\u00f3n - SCEMT\",\"isPartOf\":{\"@id\":\"https:\/\/scemt.org\/#website\"},\"primaryImageOfPage\":{\"@id\":\"https:\/\/scemt.org\/?page_id=706#primaryimage\"},\"image\":{\"@id\":\"https:\/\/scemt.org\/?page_id=706#primaryimage\"},\"thumbnailUrl\":\"https:\/\/scemt.org\/wp-content\/uploads\/2020\/05\/IMG-20200515-WA0003.jpg\",\"datePublished\":\"2020-05-17T14:48:42+00:00\",\"dateModified\":\"2020-05-17T14:48:59+00:00\",\"breadcrumb\":{\"@id\":\"https:\/\/scemt.org\/?page_id=706#breadcrumb\"},\"inLanguage\":\"es-AR\",\"potentialAction\":[{\"@type\":\"ReadAction\",\"target\":[\"https:\/\/scemt.org\/?page_id=706\"]}]},{\"@type\":\"ImageObject\",\"inLanguage\":\"es-AR\",\"@id\":\"https:\/\/scemt.org\/?page_id=706#primaryimage\",\"url\":\"https:\/\/scemt.org\/wp-content\/uploads\/2020\/05\/IMG-20200515-WA0003.jpg\",\"contentUrl\":\"https:\/\/scemt.org\/wp-content\/uploads\/2020\/05\/IMG-20200515-WA0003.jpg\",\"width\":1280,\"height\":1280},{\"@type\":\"BreadcrumbList\",\"@id\":\"https:\/\/scemt.org\/?page_id=706#breadcrumb\",\"itemListElement\":[{\"@type\":\"ListItem\",\"position\":1,\"name\":\"Inicio\",\"item\":\"https:\/\/scemt.org\/\"},{\"@type\":\"ListItem\",\"position\":2,\"name\":\"17 de Mayo: D\u00eda Mundial de la Hipertensi\u00f3n\"}]},{\"@type\":\"WebSite\",\"@id\":\"https:\/\/scemt.org\/#website\",\"url\":\"https:\/\/scemt.org\/\",\"name\":\"SCEMT\",\"description\":\"Sociedad Cient\u00edfica de Estudiantes de Medicina de Tucum\u00e1n\",\"publisher\":{\"@id\":\"https:\/\/scemt.org\/#organization\"},\"potentialAction\":[{\"@type\":\"SearchAction\",\"target\":{\"@type\":\"EntryPoint\",\"urlTemplate\":\"https:\/\/scemt.org\/?s={search_term_string}\"},\"query-input\":{\"@type\":\"PropertyValueSpecification\",\"valueRequired\":true,\"valueName\":\"search_term_string\"}}],\"inLanguage\":\"es-AR\"},{\"@type\":\"Organization\",\"@id\":\"https:\/\/scemt.org\/#organization\",\"name\":\"SCEMT\",\"url\":\"https:\/\/scemt.org\/\",\"logo\":{\"@type\":\"ImageObject\",\"inLanguage\":\"es-AR\",\"@id\":\"https:\/\/scemt.org\/#\/schema\/logo\/image\/\",\"url\":\"https:\/\/scemt.org\/wp-content\/uploads\/2023\/03\/Logo-SCEMT.png\",\"contentUrl\":\"https:\/\/scemt.org\/wp-content\/uploads\/2023\/03\/Logo-SCEMT.png\",\"width\":3794,\"height\":4393,\"caption\":\"SCEMT\"},\"image\":{\"@id\":\"https:\/\/scemt.org\/#\/schema\/logo\/image\/\"}}]}<\/script>\n<!-- \/ Yoast SEO plugin. -->","yoast_head_json":{"title":"17 de Mayo: D\u00eda Mundial de la Hipertensi\u00f3n - SCEMT","robots":{"index":"index","follow":"follow","max-snippet":"max-snippet:-1","max-image-preview":"max-image-preview:large","max-video-preview":"max-video-preview:-1"},"canonical":"https:\/\/scemt.org\/?page_id=706","og_locale":"es_ES","og_type":"article","og_title":"17 de Mayo: D\u00eda Mundial de la Hipertensi\u00f3n - SCEMT","og_description":"Este d\u00eda se conmemora con la finalidad de promover la concientizaci\u00f3n, prevenci\u00f3n, diagn\u00f3stico y control de la hipertensi\u00f3n arterial, condici\u00f3n que constituye el principal factor de riesgo para padecer enfermedades cardiovasculares como el\u00a0infarto de&#46;&#46;&#46;","og_url":"https:\/\/scemt.org\/?page_id=706","og_site_name":"SCEMT","article_modified_time":"2020-05-17T14:48:59+00:00","og_image":[{"width":1280,"height":1280,"url":"https:\/\/scemt.org\/wp-content\/uploads\/2020\/05\/IMG-20200515-WA0003.jpg","type":"image\/jpeg"}],"twitter_card":"summary_large_image","twitter_misc":{"Tiempo de lectura":"2 minutos"},"schema":{"@context":"https:\/\/schema.org","@graph":[{"@type":"WebPage","@id":"https:\/\/scemt.org\/?page_id=706","url":"https:\/\/scemt.org\/?page_id=706","name":"17 de Mayo: D\u00eda Mundial de la Hipertensi\u00f3n - SCEMT","isPartOf":{"@id":"https:\/\/scemt.org\/#website"},"primaryImageOfPage":{"@id":"https:\/\/scemt.org\/?page_id=706#primaryimage"},"image":{"@id":"https:\/\/scemt.org\/?page_id=706#primaryimage"},"thumbnailUrl":"https:\/\/scemt.org\/wp-content\/uploads\/2020\/05\/IMG-20200515-WA0003.jpg","datePublished":"2020-05-17T14:48:42+00:00","dateModified":"2020-05-17T14:48:59+00:00","breadcrumb":{"@id":"https:\/\/scemt.org\/?page_id=706#breadcrumb"},"inLanguage":"es-AR","potentialAction":[{"@type":"ReadAction","target":["https:\/\/scemt.org\/?page_id=706"]}]},{"@type":"ImageObject","inLanguage":"es-AR","@id":"https:\/\/scemt.org\/?page_id=706#primaryimage","url":"https:\/\/scemt.org\/wp-content\/uploads\/2020\/05\/IMG-20200515-WA0003.jpg","contentUrl":"https:\/\/scemt.org\/wp-content\/uploads\/2020\/05\/IMG-20200515-WA0003.jpg","width":1280,"height":1280},{"@type":"BreadcrumbList","@id":"https:\/\/scemt.org\/?page_id=706#breadcrumb","itemListElement":[{"@type":"ListItem","position":1,"name":"Inicio","item":"https:\/\/scemt.org\/"},{"@type":"ListItem","position":2,"name":"17 de Mayo: D\u00eda Mundial de la Hipertensi\u00f3n"}]},{"@type":"WebSite","@id":"https:\/\/scemt.org\/#website","url":"https:\/\/scemt.org\/","name":"SCEMT","description":"Sociedad Cient\u00edfica de Estudiantes de Medicina de Tucum\u00e1n","publisher":{"@id":"https:\/\/scemt.org\/#organization"},"potentialAction":[{"@type":"SearchAction","target":{"@type":"EntryPoint","urlTemplate":"https:\/\/scemt.org\/?s={search_term_string}"},"query-input":{"@type":"PropertyValueSpecification","valueRequired":true,"valueName":"search_term_string"}}],"inLanguage":"es-AR"},{"@type":"Organization","@id":"https:\/\/scemt.org\/#organization","name":"SCEMT","url":"https:\/\/scemt.org\/","logo":{"@type":"ImageObject","inLanguage":"es-AR","@id":"https:\/\/scemt.org\/#\/schema\/logo\/image\/","url":"https:\/\/scemt.org\/wp-content\/uploads\/2023\/03\/Logo-SCEMT.png","contentUrl":"https:\/\/scemt.org\/wp-content\/uploads\/2023\/03\/Logo-SCEMT.png","width":3794,"height":4393,"caption":"SCEMT"},"image":{"@id":"https:\/\/scemt.org\/#\/schema\/logo\/image\/"}}]}},"jetpack_sharing_enabled":true,"_links":{"self":[{"href":"https:\/\/scemt.org\/index.php?rest_route=\/wp\/v2\/pages\/706","targetHints":{"allow":["GET"]}}],"collection":[{"href":"https:\/\/scemt.org\/index.php?rest_route=\/wp\/v2\/pages"}],"about":[{"href":"https:\/\/scemt.org\/index.php?rest_route=\/wp\/v2\/types\/page"}],"author":[{"embeddable":true,"href":"https:\/\/scemt.org\/index.php?rest_route=\/wp\/v2\/users\/1"}],"replies":[{"embeddable":true,"href":"https:\/\/scemt.org\/index.php?rest_route=%2Fwp%2Fv2%2Fcomments&post=706"}],"version-history":[{"count":1,"href":"https:\/\/scemt.org\/index.php?rest_route=\/wp\/v2\/pages\/706\/revisions"}],"predecessor-version":[{"id":707,"href":"https:\/\/scemt.org\/index.php?rest_route=\/wp\/v2\/pages\/706\/revisions\/707"}],"wp:attachment":[{"href":"https:\/\/scemt.org\/index.php?rest_route=%2Fwp%2Fv2%2Fmedia&parent=706"}],"curies":[{"name":"wp","href":"https:\/\/api.w.org\/{rel}","templated":true}]}}