{"id":723,"date":"2020-05-23T18:27:07","date_gmt":"2020-05-23T21:27:07","guid":{"rendered":"https:\/\/scemt.org\/?page_id=723"},"modified":"2020-05-23T18:27:10","modified_gmt":"2020-05-23T21:27:10","slug":"23-de-mayo-dia-mundial-del-melanoma","status":"publish","type":"page","link":"https:\/\/scemt.org\/?page_id=723","title":{"rendered":"23 de Mayo: D\u00eda Mundial del Melanoma"},"content":{"rendered":"\n<figure class=\"wp-block-image size-large\"><img loading=\"lazy\" decoding=\"async\" width=\"1024\" height=\"1024\" src=\"https:\/\/scemt.org\/wp-content\/uploads\/2020\/05\/dia-del-melanoma-2-1024x1024.png\" alt=\"\" class=\"wp-image-724\" srcset=\"https:\/\/scemt.org\/wp-content\/uploads\/2020\/05\/dia-del-melanoma-2-1024x1024.png 1024w, https:\/\/scemt.org\/wp-content\/uploads\/2020\/05\/dia-del-melanoma-2-300x300.png 300w, https:\/\/scemt.org\/wp-content\/uploads\/2020\/05\/dia-del-melanoma-2-150x150.png 150w, https:\/\/scemt.org\/wp-content\/uploads\/2020\/05\/dia-del-melanoma-2-768x768.png 768w, https:\/\/scemt.org\/wp-content\/uploads\/2020\/05\/dia-del-melanoma-2-160x160.png 160w, https:\/\/scemt.org\/wp-content\/uploads\/2020\/05\/dia-del-melanoma-2-320x320.png 320w, https:\/\/scemt.org\/wp-content\/uploads\/2020\/05\/dia-del-melanoma-2.png 1091w\" sizes=\"auto, (max-width: 1024px) 100vw, 1024px\" \/><\/figure>\n\n\n<p>Este d\u00eda se celebra con el objetivo de concienciar a la poblaci\u00f3n sobre la importancia del diagn\u00f3stico precoz de este tipo de c\u00e1ncer.<\/p>\n<p>El melanoma es un tumor maligno que se origina a partir de los melanocitos (c\u00e9lulas productoras de pigmento). Se da predominantemente en la piel y mucosas, y con menor frecuencia en los ojos, el sistema nervioso central, el mesenterio y el o\u00eddo interno.<\/p>\n<p>Dentro de los factores de riesgo se encuentran antecedentes familiares de melanoma, exposici\u00f3n solar intensa, s\u00edndrome de nevos displ\u00e1sico, gran cantidad de nevos, piel clara, quemaduras solares, uso de camas solares, entre otras.<\/p>\n<p>Este tipo de c\u00e1ncer tienen cuatro subtipos cl\u00ednicos: <em>Melanoma extensivo superficial, Melanoma lentigo maligno, Melanoma Acrolentiginoso y Melanoma nodular<\/em>, de los cuales los dos \u00faltimos son los m\u00e1s peligrosos. Lo que llama la atenci\u00f3n al paciente es, generalmente, un cambio en un lunar ya existente o la formaci\u00f3n de un nuevo bulto pigmentado o de aspecto inusual en la piel pero el melanoma tambi\u00e9n puede presentarse sin pigmento (color) o escaso pigmento (poco color).<\/p>\n<p>El diagn\u00f3stico se realiza por sospecha cl\u00ednica (A: asimetr\u00eda, B: bordes irregulares, C: colores variados, D: di\u00e1metro mayor a 5mm, E: evoluci\u00f3n) y mediante m\u00e9todos como dermatoscop\u00eda, videodermatoscop\u00eda digital y biopsia.<\/p>\n<p>La prevenci\u00f3n del melanoma se lleva a cabo evitando el sol entre las 10\u00a0am y las 4\u00a0pm, usando protector solar, evitando las l\u00e1mparas de bronceado y las camas solares, conociendo el tipo de piel para poder notar los cambios.<\/p>\n<p style=\"text-align: center;\"><em>&lt;&lt; Conoce y distingue tus lunares. &gt;&gt;<\/em><\/p>","protected":false},"excerpt":{"rendered":"<p>Este d\u00eda se celebra con el objetivo de concienciar a la poblaci\u00f3n sobre la importancia del diagn\u00f3stico precoz de este tipo de c\u00e1ncer. El melanoma es un tumor maligno que se origina a partir&#46;&#46;&#46;<\/p>\n","protected":false},"author":1,"featured_media":0,"parent":0,"menu_order":0,"comment_status":"closed","ping_status":"closed","template":"","meta":{"_mc_calendar":[],"footnotes":""},"class_list":["post-723","page","type-page","status-publish","hentry"],"yoast_head":"<!-- This site is optimized with the Yoast SEO plugin v25.2 - https:\/\/yoast.com\/wordpress\/plugins\/seo\/ -->\n<title>23 de Mayo: D\u00eda Mundial del Melanoma - SCEMT<\/title>\n<meta name=\"robots\" content=\"index, follow, max-snippet:-1, max-image-preview:large, max-video-preview:-1\" \/>\n<link rel=\"canonical\" href=\"https:\/\/scemt.org\/?page_id=723\" \/>\n<meta property=\"og:locale\" content=\"es_ES\" \/>\n<meta property=\"og:type\" content=\"article\" \/>\n<meta property=\"og:title\" content=\"23 de Mayo: D\u00eda Mundial del Melanoma - SCEMT\" \/>\n<meta property=\"og:description\" content=\"Este d\u00eda se celebra con el objetivo de concienciar a la poblaci\u00f3n sobre la importancia del diagn\u00f3stico precoz de este tipo de c\u00e1ncer. El melanoma es un tumor maligno que se origina a partir&#046;&#046;&#046;\" \/>\n<meta property=\"og:url\" content=\"https:\/\/scemt.org\/?page_id=723\" \/>\n<meta property=\"og:site_name\" content=\"SCEMT\" \/>\n<meta property=\"article:modified_time\" content=\"2020-05-23T21:27:10+00:00\" \/>\n<meta property=\"og:image\" content=\"https:\/\/scemt.org\/wp-content\/uploads\/2020\/05\/dia-del-melanoma-2.png\" \/>\n\t<meta property=\"og:image:width\" content=\"1091\" \/>\n\t<meta property=\"og:image:height\" content=\"1091\" \/>\n\t<meta property=\"og:image:type\" content=\"image\/png\" \/>\n<meta name=\"twitter:card\" content=\"summary_large_image\" \/>\n<meta name=\"twitter:label1\" content=\"Tiempo de lectura\" \/>\n\t<meta name=\"twitter:data1\" content=\"1 minuto\" \/>\n<script type=\"application\/ld+json\" class=\"yoast-schema-graph\">{\"@context\":\"https:\/\/schema.org\",\"@graph\":[{\"@type\":\"WebPage\",\"@id\":\"https:\/\/scemt.org\/?page_id=723\",\"url\":\"https:\/\/scemt.org\/?page_id=723\",\"name\":\"23 de Mayo: D\u00eda Mundial del Melanoma - SCEMT\",\"isPartOf\":{\"@id\":\"https:\/\/scemt.org\/#website\"},\"primaryImageOfPage\":{\"@id\":\"https:\/\/scemt.org\/?page_id=723#primaryimage\"},\"image\":{\"@id\":\"https:\/\/scemt.org\/?page_id=723#primaryimage\"},\"thumbnailUrl\":\"https:\/\/scemt.org\/wp-content\/uploads\/2020\/05\/dia-del-melanoma-2-1024x1024.png\",\"datePublished\":\"2020-05-23T21:27:07+00:00\",\"dateModified\":\"2020-05-23T21:27:10+00:00\",\"breadcrumb\":{\"@id\":\"https:\/\/scemt.org\/?page_id=723#breadcrumb\"},\"inLanguage\":\"es-AR\",\"potentialAction\":[{\"@type\":\"ReadAction\",\"target\":[\"https:\/\/scemt.org\/?page_id=723\"]}]},{\"@type\":\"ImageObject\",\"inLanguage\":\"es-AR\",\"@id\":\"https:\/\/scemt.org\/?page_id=723#primaryimage\",\"url\":\"https:\/\/scemt.org\/wp-content\/uploads\/2020\/05\/dia-del-melanoma-2.png\",\"contentUrl\":\"https:\/\/scemt.org\/wp-content\/uploads\/2020\/05\/dia-del-melanoma-2.png\",\"width\":1091,\"height\":1091},{\"@type\":\"BreadcrumbList\",\"@id\":\"https:\/\/scemt.org\/?page_id=723#breadcrumb\",\"itemListElement\":[{\"@type\":\"ListItem\",\"position\":1,\"name\":\"Inicio\",\"item\":\"https:\/\/scemt.org\/\"},{\"@type\":\"ListItem\",\"position\":2,\"name\":\"23 de Mayo: D\u00eda Mundial del Melanoma\"}]},{\"@type\":\"WebSite\",\"@id\":\"https:\/\/scemt.org\/#website\",\"url\":\"https:\/\/scemt.org\/\",\"name\":\"SCEMT\",\"description\":\"Sociedad Cient\u00edfica de Estudiantes de Medicina de Tucum\u00e1n\",\"publisher\":{\"@id\":\"https:\/\/scemt.org\/#organization\"},\"potentialAction\":[{\"@type\":\"SearchAction\",\"target\":{\"@type\":\"EntryPoint\",\"urlTemplate\":\"https:\/\/scemt.org\/?s={search_term_string}\"},\"query-input\":{\"@type\":\"PropertyValueSpecification\",\"valueRequired\":true,\"valueName\":\"search_term_string\"}}],\"inLanguage\":\"es-AR\"},{\"@type\":\"Organization\",\"@id\":\"https:\/\/scemt.org\/#organization\",\"name\":\"SCEMT\",\"url\":\"https:\/\/scemt.org\/\",\"logo\":{\"@type\":\"ImageObject\",\"inLanguage\":\"es-AR\",\"@id\":\"https:\/\/scemt.org\/#\/schema\/logo\/image\/\",\"url\":\"https:\/\/scemt.org\/wp-content\/uploads\/2023\/03\/Logo-SCEMT.png\",\"contentUrl\":\"https:\/\/scemt.org\/wp-content\/uploads\/2023\/03\/Logo-SCEMT.png\",\"width\":3794,\"height\":4393,\"caption\":\"SCEMT\"},\"image\":{\"@id\":\"https:\/\/scemt.org\/#\/schema\/logo\/image\/\"}}]}<\/script>\n<!-- \/ Yoast SEO plugin. -->","yoast_head_json":{"title":"23 de Mayo: D\u00eda Mundial del Melanoma - SCEMT","robots":{"index":"index","follow":"follow","max-snippet":"max-snippet:-1","max-image-preview":"max-image-preview:large","max-video-preview":"max-video-preview:-1"},"canonical":"https:\/\/scemt.org\/?page_id=723","og_locale":"es_ES","og_type":"article","og_title":"23 de Mayo: D\u00eda Mundial del Melanoma - SCEMT","og_description":"Este d\u00eda se celebra con el objetivo de concienciar a la poblaci\u00f3n sobre la importancia del diagn\u00f3stico precoz de este tipo de c\u00e1ncer. El melanoma es un tumor maligno que se origina a partir&#46;&#46;&#46;","og_url":"https:\/\/scemt.org\/?page_id=723","og_site_name":"SCEMT","article_modified_time":"2020-05-23T21:27:10+00:00","og_image":[{"width":1091,"height":1091,"url":"https:\/\/scemt.org\/wp-content\/uploads\/2020\/05\/dia-del-melanoma-2.png","type":"image\/png"}],"twitter_card":"summary_large_image","twitter_misc":{"Tiempo de lectura":"1 minuto"},"schema":{"@context":"https:\/\/schema.org","@graph":[{"@type":"WebPage","@id":"https:\/\/scemt.org\/?page_id=723","url":"https:\/\/scemt.org\/?page_id=723","name":"23 de Mayo: D\u00eda Mundial del Melanoma - SCEMT","isPartOf":{"@id":"https:\/\/scemt.org\/#website"},"primaryImageOfPage":{"@id":"https:\/\/scemt.org\/?page_id=723#primaryimage"},"image":{"@id":"https:\/\/scemt.org\/?page_id=723#primaryimage"},"thumbnailUrl":"https:\/\/scemt.org\/wp-content\/uploads\/2020\/05\/dia-del-melanoma-2-1024x1024.png","datePublished":"2020-05-23T21:27:07+00:00","dateModified":"2020-05-23T21:27:10+00:00","breadcrumb":{"@id":"https:\/\/scemt.org\/?page_id=723#breadcrumb"},"inLanguage":"es-AR","potentialAction":[{"@type":"ReadAction","target":["https:\/\/scemt.org\/?page_id=723"]}]},{"@type":"ImageObject","inLanguage":"es-AR","@id":"https:\/\/scemt.org\/?page_id=723#primaryimage","url":"https:\/\/scemt.org\/wp-content\/uploads\/2020\/05\/dia-del-melanoma-2.png","contentUrl":"https:\/\/scemt.org\/wp-content\/uploads\/2020\/05\/dia-del-melanoma-2.png","width":1091,"height":1091},{"@type":"BreadcrumbList","@id":"https:\/\/scemt.org\/?page_id=723#breadcrumb","itemListElement":[{"@type":"ListItem","position":1,"name":"Inicio","item":"https:\/\/scemt.org\/"},{"@type":"ListItem","position":2,"name":"23 de Mayo: D\u00eda Mundial del Melanoma"}]},{"@type":"WebSite","@id":"https:\/\/scemt.org\/#website","url":"https:\/\/scemt.org\/","name":"SCEMT","description":"Sociedad Cient\u00edfica de Estudiantes de Medicina de Tucum\u00e1n","publisher":{"@id":"https:\/\/scemt.org\/#organization"},"potentialAction":[{"@type":"SearchAction","target":{"@type":"EntryPoint","urlTemplate":"https:\/\/scemt.org\/?s={search_term_string}"},"query-input":{"@type":"PropertyValueSpecification","valueRequired":true,"valueName":"search_term_string"}}],"inLanguage":"es-AR"},{"@type":"Organization","@id":"https:\/\/scemt.org\/#organization","name":"SCEMT","url":"https:\/\/scemt.org\/","logo":{"@type":"ImageObject","inLanguage":"es-AR","@id":"https:\/\/scemt.org\/#\/schema\/logo\/image\/","url":"https:\/\/scemt.org\/wp-content\/uploads\/2023\/03\/Logo-SCEMT.png","contentUrl":"https:\/\/scemt.org\/wp-content\/uploads\/2023\/03\/Logo-SCEMT.png","width":3794,"height":4393,"caption":"SCEMT"},"image":{"@id":"https:\/\/scemt.org\/#\/schema\/logo\/image\/"}}]}},"jetpack_sharing_enabled":true,"_links":{"self":[{"href":"https:\/\/scemt.org\/index.php?rest_route=\/wp\/v2\/pages\/723","targetHints":{"allow":["GET"]}}],"collection":[{"href":"https:\/\/scemt.org\/index.php?rest_route=\/wp\/v2\/pages"}],"about":[{"href":"https:\/\/scemt.org\/index.php?rest_route=\/wp\/v2\/types\/page"}],"author":[{"embeddable":true,"href":"https:\/\/scemt.org\/index.php?rest_route=\/wp\/v2\/users\/1"}],"replies":[{"embeddable":true,"href":"https:\/\/scemt.org\/index.php?rest_route=%2Fwp%2Fv2%2Fcomments&post=723"}],"version-history":[{"count":1,"href":"https:\/\/scemt.org\/index.php?rest_route=\/wp\/v2\/pages\/723\/revisions"}],"predecessor-version":[{"id":725,"href":"https:\/\/scemt.org\/index.php?rest_route=\/wp\/v2\/pages\/723\/revisions\/725"}],"wp:attachment":[{"href":"https:\/\/scemt.org\/index.php?rest_route=%2Fwp%2Fv2%2Fmedia&parent=723"}],"curies":[{"name":"wp","href":"https:\/\/api.w.org\/{rel}","templated":true}]}}

23 de Mayo: Día Mundial del Melanoma

<figure class="wp-block-image size-large"><img loading="lazy" decoding="async" width="1024" height="1024" src="https://scemt.org/wp-content/uploads/2020/05/dia-del-melanoma-2-1024x1024.png" alt="" class="wp-image-724" srcset="https://scemt.org/wp-content/uploads/2020/05/dia-del-melanoma-2-1024x1024.png 1024w, https://scemt.org/wp-content/uploads/2020/05/dia-del-melanoma-2-300x300.png 300w, https://scemt.org/wp-content/uploads/2020/05/dia-del-melanoma-2-150x150.png 150w, https://scemt.org/wp-content/uploads/2020/05/dia-del-melanoma-2-768x768.png 768w, https://scemt.org/wp-content/uploads/2020/05/dia-del-melanoma-2-160x160.png 160w, https://scemt.org/wp-content/uploads/2020/05/dia-del-melanoma-2-320x320.png 320w, https://scemt.org/wp-content/uploads/2020/05/dia-del-melanoma-2.png 1091w" sizes="auto, (max-width: 1024px) 100vw, 1024px" /></figure>


<p>Este día se celebra con el objetivo de concienciar a la población sobre la importancia del diagnóstico precoz de este tipo de cáncer.</p>
<p>El melanoma es un tumor maligno que se origina a partir de los melanocitos (células productoras de pigmento). Se da predominantemente en la piel y mucosas, y con menor frecuencia en los ojos, el sistema nervioso central, el mesenterio y el oído interno.</p>
<p>Dentro de los factores de riesgo se encuentran antecedentes familiares de melanoma, exposición solar intensa, síndrome de nevos displásico, gran cantidad de nevos, piel clara, quemaduras solares, uso de camas solares, entre otras.</p>
<p>Este tipo de cáncer tienen cuatro subtipos clínicos: <em>Melanoma extensivo superficial, Melanoma lentigo maligno, Melanoma Acrolentiginoso y Melanoma nodular</em>, de los cuales los dos últimos son los más peligrosos. Lo que llama la atención al paciente es, generalmente, un cambio en un lunar ya existente o la formación de un nuevo bulto pigmentado o de aspecto inusual en la piel pero el melanoma también puede presentarse sin pigmento (color) o escaso pigmento (poco color).</p>
<p>El diagnóstico se realiza por sospecha clínica (A: asimetría, B: bordes irregulares, C: colores variados, D: diámetro mayor a 5mm, E: evolución) y mediante métodos como dermatoscopía, videodermatoscopía digital y biopsia.</p>
<p>La prevención del melanoma se lleva a cabo evitando el sol entre las 10 am y las 4 pm, usando protector solar, evitando las lámparas de bronceado y las camas solares, conociendo el tipo de piel para poder notar los cambios.</p>
<p style="text-align: center;"><em>&lt;&lt; Conoce y distingue tus lunares. &gt;&gt;</em></p>

<p>Este día se celebra con el objetivo de concienciar a la población sobre la importancia del diagnóstico precoz de este tipo de cáncer. El melanoma es un tumor maligno que se origina a partir&#46;&#46;&#46;</p>

<!-- This site is optimized with the Yoast SEO plugin v25.2 - https://yoast.com/wordpress/plugins/seo/ -->
<title>23 de Mayo: Día Mundial del Melanoma - SCEMT</title>
<meta name="robots" content="index, follow, max-snippet:-1, max-image-preview:large, max-video-preview:-1" />
<link rel="canonical" href="https://scemt.org/?page_id=723" />
<meta property="og:locale" content="es_ES" />
<meta property="og:type" content="article" />
<meta property="og:title" content="23 de Mayo: Día Mundial del Melanoma - SCEMT" />
<meta property="og:description" content="Este día se celebra con el objetivo de concienciar a la población sobre la importancia del diagnóstico precoz de este tipo de cáncer. El melanoma es un tumor maligno que se origina a partir&#046;&#046;&#046;" />
<meta property="og:url" content="https://scemt.org/?page_id=723" />
<meta property="og:site_name" content="SCEMT" />
<meta property="article:modified_time" content="2020-05-23T21:27:10+00:00" />
<meta property="og:image" content="https://scemt.org/wp-content/uploads/2020/05/dia-del-melanoma-2.png" />
	<meta property="og:image:width" content="1091" />
	<meta property="og:image:height" content="1091" />
	<meta property="og:image:type" content="image/png" />
<meta name="twitter:card" content="summary_large_image" />
<meta name="twitter:label1" content="Tiempo de lectura" />
	<meta name="twitter:data1" content="1 minuto" />
<script type="application/ld+json" class="yoast-schema-graph">{"@context":"https://schema.org","@graph":[{"@type":"WebPage","@id":"https://scemt.org/?page_id=723","url":"https://scemt.org/?page_id=723","name":"23 de Mayo: Día Mundial del Melanoma - SCEMT","isPartOf":{"@id":"https://scemt.org/#website"},"primaryImageOfPage":{"@id":"https://scemt.org/?page_id=723#primaryimage"},"image":{"@id":"https://scemt.org/?page_id=723#primaryimage"},"thumbnailUrl":"https://scemt.org/wp-content/uploads/2020/05/dia-del-melanoma-2-1024x1024.png","datePublished":"2020-05-23T21:27:07+00:00","dateModified":"2020-05-23T21:27:10+00:00","breadcrumb":{"@id":"https://scemt.org/?page_id=723#breadcrumb"},"inLanguage":"es-AR","potentialAction":[{"@type":"ReadAction","target":["https://scemt.org/?page_id=723"]}]},{"@type":"ImageObject","inLanguage":"es-AR","@id":"https://scemt.org/?page_id=723#primaryimage","url":"https://scemt.org/wp-content/uploads/2020/05/dia-del-melanoma-2.png","contentUrl":"https://scemt.org/wp-content/uploads/2020/05/dia-del-melanoma-2.png","width":1091,"height":1091},{"@type":"BreadcrumbList","@id":"https://scemt.org/?page_id=723#breadcrumb","itemListElement":[{"@type":"ListItem","position":1,"name":"Inicio","item":"https://scemt.org/"},{"@type":"ListItem","position":2,"name":"23 de Mayo: Día Mundial del Melanoma"}]},{"@type":"WebSite","@id":"https://scemt.org/#website","url":"https://scemt.org/","name":"SCEMT","description":"Sociedad Científica de Estudiantes de Medicina de Tucumán","publisher":{"@id":"https://scemt.org/#organization"},"potentialAction":[{"@type":"SearchAction","target":{"@type":"EntryPoint","urlTemplate":"https://scemt.org/?s={search_term_string}"},"query-input":{"@type":"PropertyValueSpecification","valueRequired":true,"valueName":"search_term_string"}}],"inLanguage":"es-AR"},{"@type":"Organization","@id":"https://scemt.org/#organization","name":"SCEMT","url":"https://scemt.org/","logo":{"@type":"ImageObject","inLanguage":"es-AR","@id":"https://scemt.org/#/schema/logo/image/","url":"https://scemt.org/wp-content/uploads/2023/03/Logo-SCEMT.png","contentUrl":"https://scemt.org/wp-content/uploads/2023/03/Logo-SCEMT.png","width":3794,"height":4393,"caption":"SCEMT"},"image":{"@id":"https://scemt.org/#/schema/logo/image/"}}]}</script>
<!-- / Yoast SEO plugin. -->

23 de Mayo: Día Mundial del Melanoma - SCEMT

Este día se celebra con el objetivo de concienciar a la población sobre la importancia del diagnóstico precoz de este tipo de cáncer. El melanoma es un tumor maligno que se origina a partir&#46;&#46;&#46;

Sociedad Científica de Estudiantes de Medicina de Tucumán
